{"id":1297826,"date":"2026-04-23T03:02:23","date_gmt":"2026-04-23T01:02:23","guid":{"rendered":"https:\/\/www.serra.immo\/propiedad\/ref-6188-obra-nueva-c-cuba-3-en-vilanova-i-la-geltru\/"},"modified":"2026-04-23T03:02:23","modified_gmt":"2026-04-23T01:02:23","slug":"ref-6188-obra-nova-c-cuba-3-a-vilanova-i-la-geltru","status":"publish","type":"property","link":"https:\/\/www.serra.immo\/ca\/propiedad\/ref-6188-obra-nueva-c-cuba-3-en-vilanova-i-la-geltru\/","title":{"rendered":"Ref. 6188 \u2013 OBRA NOVA C\/ CUBA, 3 A VILANOVA I LA GELTR\u00da"},"content":{"rendered":"<p>Presentem un magn\u00edfic edifici plurifamiliar de 11 habitatges, situat en una ubicaci\u00f3 immillorable, entre la Rambla Principal i l\u00b4estaci\u00f3 de tren. Una oportunitat \u00fanica per viure al cor de Vilanova, a una zona tranquil\u00b7la i amb tots els serveis a l&#039;abast.<\/p>\n<p>Caracter\u00edstiques del projecte: <br \/>Habitatges de 2, 3 i 4 dormitoris, dissenyats per oferir espais amplis, lluminosos i funcionals. baixes amb jard\u00ed privat, ideals per gaudir de l&#039;exterior des de la comoditat de casa teva.<br \/>\u00c0tics d\u00faplex amb terrasses espectaculars, perfectes per a aquells que busquen privadesa i vistes immillorables.<br \/>Distribucions intel\u00b7ligents que optimitzen l\u00b4espai, oferint salons amplis, cuines obertes i dormitoris c\u00f2modes.<br \/>Plantes amb \u00e0mplies obertures que garanteixen una gran entrada de llum natural a totes les estances. <\/p>\n<p>Possibilitat de personalitzaci\u00f3 de les cuines i banys per adaptar-los completament al teu estil i prefer\u00e8ncies. d\u00b4alta qualitat, donant-te la flexibilitat d\u00b4escollir el que millor s\u00b4adapti al teu estil de vida. <br \/>Banys moderns amb materials de gamma alta i dissenys actuals. <br \/>Climatitzaci\u00f3 eficient i instal\u00b7lacions amb un alt nivell d\u00b4a\u00efllament ac\u00fastic i t\u00e8rmic, garantint el m\u00e0xim confort durant tot l\u00b4any.<br \/>Fusteria exterior d&#039;alumini amb trencament de pont t\u00e8rmic i vidres amb a\u00efllament ac\u00fastic.<\/p>\n<p>Aparcament:<br \/>L&#039;edifici compta amb places d&#039;aparcament per a cotxes i motos a la mateixa finca.<\/p>\n<p>Ubicaci\u00f3 excepcional: <br \/>Situat a una de les millors zones de Vilanova i la Geltr\u00fa, al costat de la Rambla Principal, l&#039;edifici t\u00e9 una ubicaci\u00f3 privilegiada.<\/p>\n<p> Un projecte exclusiu per a tu: <br \/>Aquesta promoci\u00f3 \u00e9s perfecta per a aquells que busquen un habitatge d&#039;alta qualitat, en una ubicaci\u00f3 c\u00e8ntrica per\u00f2 tranquil\u00b7la, amb la possibilitat de personalitzar els espais per convertir-los a la llar dels teus somnis. <\/p>\n<p>No deixis escapar aquesta oportunitat! <\/p>\n<p>Contacta amb nosaltres avui mateix per rebre m\u00e9s informaci\u00f3 o per programar una visita a les nostres oficines.<\/p>\n<p>OFICINA <a href=\"tel:93 814 87 18\">93 814 87 18<\/a><br \/>CONTXI <a href=\"tel:650 28 93 45\">650 28 93 45<\/a><\/p>","protected":false},"excerpt":{"rendered":"<p>Presentamos un magn\u00edfico edificio plurifamiliar de 11 viviendas, situado en una ubicaci\u00f3n inmejorable, entre la Rambla Principal y la estaci\u00f3n de tren. Una oportunidad \u00fanica para vivir en el coraz\u00f3n de Vilanova, en una zona tranquila y con todos los servicios al alcance. Caracter\u00edsticas del proyecto: Viviendas de 2, 3 y 4 dormitorios, dise\u00f1adas para [&hellip;]<\/p>\n","protected":false},"author":5,"featured_media":1297827,"parent":0,"menu_order":0,"template":"","property_type":[835],"property_status":[371],"property_feature":[376,375,442],"property_label":[905],"property_state":[],"property_city":[198],"property_area":[199],"class_list":["post-1297826","property","type-property","status-publish","has-post-thumbnail","hentry","property_type-viviendas","property_status-comprar","property_feature-ascensor","property_feature-calefaccion","property_feature-norte-sur","property_label-en-construccion","property_city-vilanova-i-la-geltru","property_area-centre"],"property_meta":{"fave_currency":["EUR"],"fave_currency_info":[""],"fave_property_price":["360000"],"fave_property_size":["68.11"],"fave_property_size_prefix":["m2"],"fave_property_land":["0"],"fave_property_land_postfix":["m2"],"fave_property_bedrooms":["3"],"fave_property_bathrooms":["2"],"fave_property_garage":["Opcional"],"fave_property_map":["1"],"fave_property_id":["6188"],"fave_property_year":["0"],"fave_property_zip":["08800"],"fave_featured":["1"],"houzez_featured_listing_date":["2026-04-23 03:02:23"],"fave_agent_display_option":["agent_info"],"fave_prop_homeslider":["no"],"fave_energy_class":["D"],"fave_energy_global_index":["69"],"fave_energy_performance":["C"],"fave_renewable_energy_global_index":["14"],"floor_plans":[""],"fave_multi_units":[""],"additional_features":[""],"fave_agents":["1177520"],"fave_property_agency":["1214647"],"fave_property_map_address":[null],"fave_property_location":["41.221255194,1.725825358"],"houzez_geolocation_lat":["41.221255194"],"houzez_geolocation_long":["1.725825358"],"propietat_serra":["1"],"_wp_page_template":["default"],"fave_property_images":["1297827","1297828","1297829","1297830","1297831","1297832","1297833","1297834","1297835","1297836","1297837","1297838","1297839","1297840"],"_thumbnail_id":["1297827"],"rank_math_internal_links_processed":["1"],"houzez_total_property_views":["87"],"houzez_views_by_date":["a:9:{s:10:\"04-23-2026\";i:8;s:10:\"04-24-2026\";i:9;s:10:\"04-25-2026\";i:6;s:10:\"04-26-2026\";i:6;s:10:\"04-27-2026\";i:18;s:10:\"04-28-2026\";i:20;s:10:\"04-29-2026\";i:9;s:10:\"04-30-2026\";i:7;s:10:\"05-01-2026\";i:4;}"],"houzez_recently_viewed":["2026-05-01 13:47:48"],"_elementor_page_assets":["a:0:{}"]},"_links":{"self":[{"href":"https:\/\/www.serra.immo\/ca\/wp-json\/wp\/v2\/properties\/1297826","targetHints":{"allow":["GET"]}}],"collection":[{"href":"https:\/\/www.serra.immo\/ca\/wp-json\/wp\/v2\/properties"}],"about":[{"href":"https:\/\/www.serra.immo\/ca\/wp-json\/wp\/v2\/types\/property"}],"author":[{"embeddable":true,"href":"https:\/\/www.serra.immo\/ca\/wp-json\/wp\/v2\/users\/5"}],"version-history":[{"count":1,"href":"https:\/\/www.serra.immo\/ca\/wp-json\/wp\/v2\/properties\/1297826\/revisions"}],"predecessor-version":[{"id":1315328,"href":"https:\/\/www.serra.immo\/ca\/wp-json\/wp\/v2\/properties\/1297826\/revisions\/1315328"}],"wp:featuredmedia":[{"embeddable":true,"href":"https:\/\/www.serra.immo\/ca\/wp-json\/wp\/v2\/media\/1297827"}],"wp:attachment":[{"href":"https:\/\/www.serra.immo\/ca\/wp-json\/wp\/v2\/media?parent=1297826"}],"wp:term":[{"taxonomy":"property_type","embeddable":true,"href":"https:\/\/www.serra.immo\/ca\/wp-json\/wp\/v2\/property_type?post=1297826"},{"taxonomy":"property_status","embeddable":true,"href":"https:\/\/www.serra.immo\/ca\/wp-json\/wp\/v2\/property_status?post=1297826"},{"taxonomy":"property_feature","embeddable":true,"href":"https:\/\/www.serra.immo\/ca\/wp-json\/wp\/v2\/property_feature?post=1297826"},{"taxonomy":"property_label","embeddable":true,"href":"https:\/\/www.serra.immo\/ca\/wp-json\/wp\/v2\/property_label?post=1297826"},{"taxonomy":"property_state","embeddable":true,"href":"https:\/\/www.serra.immo\/ca\/wp-json\/wp\/v2\/property_state?post=1297826"},{"taxonomy":"property_city","embeddable":true,"href":"https:\/\/www.serra.immo\/ca\/wp-json\/wp\/v2\/property_city?post=1297826"},{"taxonomy":"property_area","embeddable":true,"href":"https:\/\/www.serra.immo\/ca\/wp-json\/wp\/v2\/property_area?post=1297826"}],"curies":[{"name":"wp","href":"https:\/\/api.w.org\/{rel}","templated":true}]}}

Ref. 6188 – OBRA NOVA C/ CUBA, 3 A VILANOVA I LA GELTRÚ

<p>Presentem un magnífic edifici plurifamiliar de 11 habitatges, situat en una ubicació immillorable, entre la Rambla Principal i l´estació de tren. Una oportunitat única per viure al cor de Vilanova, a una zona tranquil·la i amb tots els serveis a l&#039;abast.</p>
<p>Característiques del projecte: <br />Habitatges de 2, 3 i 4 dormitoris, dissenyats per oferir espais amplis, lluminosos i funcionals. baixes amb jardí privat, ideals per gaudir de l&#039;exterior des de la comoditat de casa teva.<br />Àtics dúplex amb terrasses espectaculars, perfectes per a aquells que busquen privadesa i vistes immillorables.<br />Distribucions intel·ligents que optimitzen l´espai, oferint salons amplis, cuines obertes i dormitoris còmodes.<br />Plantes amb àmplies obertures que garanteixen una gran entrada de llum natural a totes les estances. </p>
<p>Possibilitat de personalització de les cuines i banys per adaptar-los completament al teu estil i preferències. d´alta qualitat, donant-te la flexibilitat d´escollir el que millor s´adapti al teu estil de vida. <br />Banys moderns amb materials de gamma alta i dissenys actuals. <br />Climatització eficient i instal·lacions amb un alt nivell d´aïllament acústic i tèrmic, garantint el màxim confort durant tot l´any.<br />Fusteria exterior d&#039;alumini amb trencament de pont tèrmic i vidres amb aïllament acústic.</p>
<p>Aparcament:<br />L&#039;edifici compta amb places d&#039;aparcament per a cotxes i motos a la mateixa finca.</p>
<p>Ubicació excepcional: <br />Situat a una de les millors zones de Vilanova i la Geltrú, al costat de la Rambla Principal, l&#039;edifici té una ubicació privilegiada.</p>
<p> Un projecte exclusiu per a tu: <br />Aquesta promoció és perfecta per a aquells que busquen un habitatge d&#039;alta qualitat, en una ubicació cèntrica però tranquil·la, amb la possibilitat de personalitzar els espais per convertir-los a la llar dels teus somnis. </p>
<p>No deixis escapar aquesta oportunitat! </p>
<p>Contacta amb nosaltres avui mateix per rebre més informació o per programar una visita a les nostres oficines.</p>
<p>OFICINA <a href="tel:93 814 87 18">93 814 87 18</a><br />CONTXI <a href="tel:650 28 93 45">650 28 93 45</a></p>

<p>Presentamos un magnífico edificio plurifamiliar de 11 viviendas, situado en una ubicación inmejorable, entre la Rambla Principal y la estación de tren. Una oportunidad única para vivir en el corazón de Vilanova, en una zona tranquila y con todos los servicios al alcance. Características del proyecto: Viviendas de 2, 3 y 4 dormitorios, diseñadas para [&hellip;]</p>
