{"id":1297167,"date":"2026-04-27T01:35:53","date_gmt":"2026-04-26T23:35:53","guid":{"rendered":"https:\/\/www.serra.immo\/propiedad\/ref-63-mimafamily-5436-mimafamily-apartamento-temporal-de-segunda-residencia\/"},"modified":"2026-04-27T01:35:53","modified_gmt":"2026-04-26T23:35:53","slug":"ref-63-mimafamily-5436-mimafamily-apartament-temporal-de-segona-residencia","status":"publish","type":"property","link":"https:\/\/www.serra.immo\/ca\/propiedad\/ref-63-mimafamily-5436-mimafamily-apartamento-temporal-de-segunda-residencia\/","title":{"rendered":"Ref. 63-MIMAfamily\/5436 \u2013 MIMAfamily. Apartament temporal de segona resid\u00e8ncia"},"content":{"rendered":"<p>LLOGUER DE TEMPORADA, segona resid\u00e8ncia! .<br \/>\nDURADA: DES DE 1 DE NOVEMBRE DEL 2025 FINS A 30 DE MAIG DEL 2026.<br \/>\nCONDICIONS: 2 MESOS DE FIAN\u00c7A + MES D&#039;ENTRADA + MES D&#039;AG\u00c8NCIA.<br \/>\nS\u201fha d\u201facreditar el motiu de la temporalitat de l\u201festada (Estudis, laborals).<br \/>\nDocumentaci\u00f3 que acrediti aquesta temporalitat pels mesos que sestableixin.<br \/>\nNo constituir\u00e0 en cap cas habitatge habitual<br \/>\nAmpli i llumin\u00f3s apartament disponible com a segona resid\u00e8ncia de lloguer temporal. Est\u00e0 completament moblat i equipat, llest per entrar a viure, amb totes les comoditats que necessites per a una estada confortable. Perfecte per a estudiants que busquen compartir pis en un ambient pr\u00e0ctic i ben distribu\u00eft.<br \/>\nCompte amb calefacci\u00f3 el\u00e8ctrica, bomba fred\/calor als dormitoris, ascensor a l&#039;edifici i porteria.<br \/>\nLa mensualitat inclou la comunitat i wifi.<br \/>\nESFCNT<a href=\"tel:00000810700034944200000000000000000000000000001\">00000810700034944200000000000000000000000000001<\/a><\/p>","protected":false},"excerpt":{"rendered":"<p>LLOGUER DE TEMPORADA, segona resid\u00e8ncia! .<br \/>\nDURADA: DES DE 1 DE NOVEMBRE DEL 2025 FINS A 30 DE MAIG DEL 2026.<br \/>\nCONDICIONS: 2 MESOS DE FIAN\u00c7A + MES D&#039;ENTRADA + MES D&#039;AG\u00c8NCIA.<br \/>\nS\u201fha d\u201facreditar el motiu de la temporalitat de l\u201festada (Estudis, laborals).<br \/>\nDocumentaci\u00f3 que acrediti aquesta temporalitat pels mesos que sestableixin.<br \/>\nNo constituir\u00e0 en cap cas habitatge habitual<br \/>\nAmpli i llumin\u00f3s apartament disponible com a segona resid\u00e8ncia de lloguer temporal. Est\u00e0 completament moblat i equipat, llest per entrar a viure, amb totes les comoditats que necessites per a una estada confortable. Perfecte per a estudiants que busquen compartir pis en un ambient pr\u00e0ctic i ben distribu\u00eft.<br \/>\nCompte amb calefacci\u00f3 el\u00e8ctrica, bomba fred\/calor als dormitoris, ascensor a l&#039;edifici i porteria.<br \/>\nLa mensualitat inclou la comunitat i wifi.<br \/>\nESFCNT000008107000349442000000000000000000000000000001<\/p>","protected":false},"author":4,"featured_media":1297168,"parent":0,"menu_order":0,"template":"","property_type":[835],"property_status":[371],"property_feature":[376,375,395,377],"property_label":[],"property_state":[],"property_city":[202],"property_area":[199],"class_list":["post-1297167","property","type-property","status-publish","has-post-thumbnail","hentry","property_type-viviendas","property_status-comprar","property_feature-ascensor","property_feature-calefaccion","property_feature-norte","property_feature-terraza","property_city-sitges","property_area-centre"],"property_meta":{"fave_currency":["EUR"],"fave_currency_info":[""],"fave_property_price":["1655"],"fave_property_size":["63.00"],"fave_property_size_prefix":["m2"],"fave_property_land":["0"],"fave_property_land_postfix":["m2"],"fave_property_bedrooms":["3"],"fave_property_bathrooms":["2"],"fave_virtual_tour":["0"],"fave_property_map":["1"],"fave_property_id":["63-MIMAfamily\/5436"],"fave_property_year":["1967"],"fave_property_zip":["08870"],"fave_featured":["0"],"houzez_featured_listing_date":[""],"fave_agent_display_option":["agent_info"],"fave_prop_homeslider":["no"],"fave_energy_class":["E"],"fave_energy_global_index":["167"],"fave_energy_performance":["E"],"fave_renewable_energy_global_index":["30"],"floor_plans":[""],"fave_multi_units":[""],"additional_features":[""],"fave_agents":["1179704"],"fave_property_agency":["1214635"],"fave_property_map_address":[null],"fave_property_location":["41.23406631,1.80484117"],"houzez_geolocation_lat":["41.23406631"],"houzez_geolocation_long":["1.80484117"],"aicat":["1"],"_wp_page_template":["default"],"fave_property_images":["1297168","1297168","1297169","1297170","1297171","1297172","1297173","1297174","1297175","1297176","1297177","1297178","1297179","1297180","1297181","1297182","1297183","1297184","1297185","1297186","1297187","1297188","1297189","1297190","1297191","1297192","1297193","1297194","1297195","1297196","1297197","1297198","1297199","1297200","1297201"],"_thumbnail_id":["1297168"],"houzez_total_property_views":["21"],"houzez_views_by_date":["a:6:{s:10:\"04-27-2026\";i:8;s:10:\"04-28-2026\";i:3;s:10:\"04-29-2026\";i:1;s:10:\"04-30-2026\";i:2;s:10:\"05-01-2026\";i:4;s:10:\"05-03-2026\";i:3;}"],"houzez_recently_viewed":["2026-05-03 11:16:59"],"_elementor_page_assets":["a:0:{}"]},"_links":{"self":[{"href":"https:\/\/www.serra.immo\/ca\/wp-json\/wp\/v2\/properties\/1297167","targetHints":{"allow":["GET"]}}],"collection":[{"href":"https:\/\/www.serra.immo\/ca\/wp-json\/wp\/v2\/properties"}],"about":[{"href":"https:\/\/www.serra.immo\/ca\/wp-json\/wp\/v2\/types\/property"}],"author":[{"embeddable":true,"href":"https:\/\/www.serra.immo\/ca\/wp-json\/wp\/v2\/users\/4"}],"version-history":[{"count":0,"href":"https:\/\/www.serra.immo\/ca\/wp-json\/wp\/v2\/properties\/1297167\/revisions"}],"wp:featuredmedia":[{"embeddable":true,"href":"https:\/\/www.serra.immo\/ca\/wp-json\/wp\/v2\/media\/1297168"}],"wp:attachment":[{"href":"https:\/\/www.serra.immo\/ca\/wp-json\/wp\/v2\/media?parent=1297167"}],"wp:term":[{"taxonomy":"property_type","embeddable":true,"href":"https:\/\/www.serra.immo\/ca\/wp-json\/wp\/v2\/property_type?post=1297167"},{"taxonomy":"property_status","embeddable":true,"href":"https:\/\/www.serra.immo\/ca\/wp-json\/wp\/v2\/property_status?post=1297167"},{"taxonomy":"property_feature","embeddable":true,"href":"https:\/\/www.serra.immo\/ca\/wp-json\/wp\/v2\/property_feature?post=1297167"},{"taxonomy":"property_label","embeddable":true,"href":"https:\/\/www.serra.immo\/ca\/wp-json\/wp\/v2\/property_label?post=1297167"},{"taxonomy":"property_state","embeddable":true,"href":"https:\/\/www.serra.immo\/ca\/wp-json\/wp\/v2\/property_state?post=1297167"},{"taxonomy":"property_city","embeddable":true,"href":"https:\/\/www.serra.immo\/ca\/wp-json\/wp\/v2\/property_city?post=1297167"},{"taxonomy":"property_area","embeddable":true,"href":"https:\/\/www.serra.immo\/ca\/wp-json\/wp\/v2\/property_area?post=1297167"}],"curies":[{"name":"wp","href":"https:\/\/api.w.org\/{rel}","templated":true}]}}

Ref. 63-MIMAfamily/5436 – MIMAfamily. Apartament temporal de segona residència

<p>LLOGUER DE TEMPORADA, segona residència! .<br />
DURADA: DES DE 1 DE NOVEMBRE DEL 2025 FINS A 30 DE MAIG DEL 2026.<br />
CONDICIONS: 2 MESOS DE FIANÇA + MES D&#039;ENTRADA + MES D&#039;AGÈNCIA.<br />
S‟ha d‟acreditar el motiu de la temporalitat de l‟estada (Estudis, laborals).<br />
Documentació que acrediti aquesta temporalitat pels mesos que sestableixin.<br />
No constituirà en cap cas habitatge habitual<br />
Ampli i lluminós apartament disponible com a segona residència de lloguer temporal. Està completament moblat i equipat, llest per entrar a viure, amb totes les comoditats que necessites per a una estada confortable. Perfecte per a estudiants que busquen compartir pis en un ambient pràctic i ben distribuït.<br />
Compte amb calefacció elèctrica, bomba fred/calor als dormitoris, ascensor a l&#039;edifici i porteria.<br />
La mensualitat inclou la comunitat i wifi.<br />
ESFCNT<a href="tel:00000810700034944200000000000000000000000000001">00000810700034944200000000000000000000000000001</a></p>

<p>LLOGUER DE TEMPORADA, segona residència! .<br />
DURADA: DES DE 1 DE NOVEMBRE DEL 2025 FINS A 30 DE MAIG DEL 2026.<br />
CONDICIONS: 2 MESOS DE FIANÇA + MES D&#039;ENTRADA + MES D&#039;AGÈNCIA.<br />
S‟ha d‟acreditar el motiu de la temporalitat de l‟estada (Estudis, laborals).<br />
Documentació que acrediti aquesta temporalitat pels mesos que sestableixin.<br />
No constituirà en cap cas habitatge habitual<br />
Ampli i lluminós apartament disponible com a segona residència de lloguer temporal. Està completament moblat i equipat, llest per entrar a viure, amb totes les comoditats que necessites per a una estada confortable. Perfecte per a estudiants que busquen compartir pis en un ambient pràctic i ben distribuït.<br />
Compte amb calefacció elèctrica, bomba fred/calor als dormitoris, ascensor a l&#039;edifici i porteria.<br />
La mensualitat inclou la comunitat i wifi.<br />
ESFCNT000008107000349442000000000000000000000000000001</p>
