{"id":1297045,"date":"2026-04-23T12:34:09","date_gmt":"2026-04-23T10:34:09","guid":{"rendered":"https:\/\/www.serra.immo\/propiedad\/ref-11-6517-1119-oportunidad-en-vilanova-venta-exclusiva\/"},"modified":"2026-04-23T12:34:09","modified_gmt":"2026-04-23T10:34:09","slug":"ref-11-6517-1119-oportunitat-a-vilanova-venda-exclusiva","status":"publish","type":"property","link":"https:\/\/www.serra.immo\/ca\/propiedad\/ref-11-6517-1119-oportunidad-en-vilanova-venta-exclusiva\/","title":{"rendered":"Ref. 11-6517\/1119 \u2013 Oportunitat a Vilanova. Venda exclusiva"},"content":{"rendered":"<p>Una Oportunitat \u00danica al Cor de Vilanova i la Geltr\u00fa!<br \/>\nBusques un immoble amb car\u00e0cter i potencial a una de les zones m\u00e9s emblem\u00e0tiques de la ciutat? Aquest \u00e9s el lloc ideal per a tu!<br \/>\nT&#039;oferim no un, sin\u00f3 DOS immobles amb m\u00faltiples possibilitats de reforma en una ubicaci\u00f3 privilegiada, donant a dos carrers, un d&#039;ells la Rambla Principal de Vilanova i la Geltr\u00fa!<br \/>\nEs tracta d\u00b4un immoble amb una ubicaci\u00f3 immillorable: Un immoble de 172 m\u00b2 amb vistes directes a la Rambla Principal i un altre de 108 m\u00b2, m\u00e9s un magatzem de 76 m\u00b2. tots dos per reformar.<br \/>\nVersatilitat total: La propietat permet diverses opcions de reforma. Des d&#039;un projecte \u00fanic per crear una llar personalitzada, fins a la possibilitat de dividir-ho fent dos habitatges unifamiliars independents, tot dependr\u00e0 de les teves necessitats i creativitat! Un arquitecte t\u00e8cnic podr\u00e0 estudiar les millors opcions de segregaci\u00f3 i de distribuci\u00f3.<br \/>\nAcc\u00e9s \u00fanic: Tots dos immobles es comuniquen internament mitjan\u00e7ant una terrassa privada, cosa que us d\u00f3na l&#039;oportunitat d&#039;integrar espais o dissenyar la distribuci\u00f3 de forma original.<br \/>\nComer\u00e7 independent: Un dels immobles acull un comer\u00e7 que d\u00f3na al carrer. Important: Aquest comer\u00e7 no \u00e9s a la venda, per\u00f2 afegeix una dimensi\u00f3 addicional al potencial de l&#039;immoble.<br \/>\nPer qu\u00e8 invertir en aquest immoble?<br \/>\nSi vols viure al cor de la ciutat i aprofitar el potencial per crear un o dos habitatges, aquesta propietat \u00e9s per a tu.<br \/>\nLa Rambla Principal de Vilanova i la Geltr\u00fa \u00e9s una de les zones m\u00e9s cotitzades de la ciutat, cosa que assegura una excel\u00b7lent inversi\u00f3 a llarg termini.<br \/>\nNo deixeu passar aquesta oportunitat \u00fanica! Vine a descobrir tots els detalls d&#039;aquests dos immobles tan singulars a una ubicaci\u00f3 que pocs poden oferir. Truca avui mateix per a m\u00e9s informaci\u00f3 i agenda la teva visita.<\/p>","protected":false},"excerpt":{"rendered":"<p>Una Oportunitat \u00danica al Cor de Vilanova i la Geltr\u00fa!<br \/>\nBusques un immoble amb car\u00e0cter i potencial a una de les zones m\u00e9s emblem\u00e0tiques de la ciutat? Aquest \u00e9s el lloc ideal per a tu!<br \/>\nT&#039;oferim no un, sin\u00f3 DOS immobles amb m\u00faltiples possibilitats de reforma en una ubicaci\u00f3 privilegiada, donant a dos carrers, un d&#039;ells la Rambla Principal de Vilanova i la Geltr\u00fa!<br \/>\nEs tracta d\u00b4un immoble amb una ubicaci\u00f3 immillorable: Un immoble de 172 m\u00b2 amb vistes directes a la Rambla Principal i un altre de 108 m\u00b2, m\u00e9s un magatzem de 76 m\u00b2. tots dos per reformar.<br \/>\nVersatilitat total: La propietat permet diverses opcions de reforma. Des d&#039;un projecte \u00fanic per crear una llar personalitzada, fins a la possibilitat de dividir-ho fent dos habitatges unifamiliars independents, tot dependr\u00e0 de les teves necessitats i creativitat! Un arquitecte t\u00e8cnic podr\u00e0 estudiar les millors opcions de segregaci\u00f3 i de distribuci\u00f3.<br \/>\nAcc\u00e9s \u00fanic: Tots dos immobles es comuniquen internament mitjan\u00e7ant una terrassa privada, cosa que us d\u00f3na l&#039;oportunitat d&#039;integrar espais o dissenyar la distribuci\u00f3 de forma original.<br \/>\nComer\u00e7 independent: Un dels immobles acull un comer\u00e7 que d\u00f3na al carrer. Important: Aquest comer\u00e7 no \u00e9s a la venda, per\u00f2 afegeix una dimensi\u00f3 addicional al potencial de l&#039;immoble.<br \/>\nPer qu\u00e8 invertir en aquest immoble?<br \/>\nSi vols viure al cor de la ciutat i aprofitar el potencial per crear un o dos habitatges, aquesta propietat \u00e9s per a tu.<br \/>\nLa Rambla Principal de Vilanova i la Geltr\u00fa \u00e9s una de les zones m\u00e9s cotitzades de la ciutat, cosa que assegura una excel\u00b7lent inversi\u00f3 a llarg termini.<br \/>\nNo deixeu passar aquesta oportunitat \u00fanica! Vine a descobrir tots els detalls d&#039;aquests dos immobles tan singulars a una ubicaci\u00f3 que pocs poden oferir. Truca avui mateix per a m\u00e9s informaci\u00f3 i agenda la teva visita.<\/p>","protected":false},"author":4,"featured_media":1311737,"parent":0,"menu_order":0,"template":"","property_type":[835],"property_status":[371],"property_feature":[442],"property_label":[],"property_state":[],"property_city":[198],"property_area":[199],"class_list":["post-1297045","property","type-property","status-publish","has-post-thumbnail","hentry","property_type-viviendas","property_status-comprar","property_feature-norte-sur","property_city-vilanova-i-la-geltru","property_area-centre"],"property_meta":{"fave_currency":["EUR"],"fave_currency_info":[""],"fave_property_price":["790000"],"fave_property_size":["-0.02"],"fave_property_size_prefix":["m2"],"fave_property_land":["0"],"fave_property_land_postfix":["m2"],"fave_property_bedrooms":["5"],"fave_property_bathrooms":["2"],"fave_property_garage":["1"],"fave_virtual_tour":["0"],"fave_property_map":["1"],"fave_property_id":["11-6517\/1119"],"fave_property_year":["1900"],"fave_property_zip":["08800"],"fave_featured":["0"],"houzez_featured_listing_date":[""],"fave_agent_display_option":["agent_info"],"fave_prop_homeslider":["no"],"fave_energy_class":["G"],"fave_energy_global_index":["338"],"fave_energy_performance":["F"],"fave_renewable_energy_global_index":["71"],"floor_plans":[""],"fave_multi_units":[""],"additional_features":[""],"fave_agents":["1179704"],"fave_property_agency":["1214635"],"fave_property_map_address":[null],"fave_property_location":["41.224667057873,1.7241428371829"],"houzez_geolocation_lat":["41.224667057873"],"houzez_geolocation_long":["1.7241428371829"],"aicat":["1"],"_wp_page_template":["default"],"fave_property_images":["1311737","1311737","1311738","1311739","1311740","1311741","1311742","1311743","1311744","1311745","1311746","1311747","1311748","1311749","1311750","1311751","1311752","1311753","1311754","1311755","1311756","1311757","1311758","1311759","1311760","1311761","1311762","1311763","1311764","1311765","1311766","1311767","1311768","1311769","1311770"],"_thumbnail_id":["1311737"],"houzez_total_property_views":["40"],"houzez_views_by_date":["a:9:{s:10:\"04-23-2026\";i:4;s:10:\"04-24-2026\";i:5;s:10:\"04-25-2026\";i:5;s:10:\"04-26-2026\";i:4;s:10:\"04-27-2026\";i:8;s:10:\"04-28-2026\";i:6;s:10:\"04-29-2026\";i:3;s:10:\"04-30-2026\";i:3;s:10:\"05-01-2026\";i:2;}"],"houzez_recently_viewed":["2026-05-01 16:53:17"],"rank_math_internal_links_processed":["1"],"_elementor_page_assets":["a:0:{}"]},"_links":{"self":[{"href":"https:\/\/www.serra.immo\/ca\/wp-json\/wp\/v2\/properties\/1297045","targetHints":{"allow":["GET"]}}],"collection":[{"href":"https:\/\/www.serra.immo\/ca\/wp-json\/wp\/v2\/properties"}],"about":[{"href":"https:\/\/www.serra.immo\/ca\/wp-json\/wp\/v2\/types\/property"}],"author":[{"embeddable":true,"href":"https:\/\/www.serra.immo\/ca\/wp-json\/wp\/v2\/users\/4"}],"version-history":[{"count":0,"href":"https:\/\/www.serra.immo\/ca\/wp-json\/wp\/v2\/properties\/1297045\/revisions"}],"wp:featuredmedia":[{"embeddable":true,"href":"https:\/\/www.serra.immo\/ca\/wp-json\/wp\/v2\/media\/1311737"}],"wp:attachment":[{"href":"https:\/\/www.serra.immo\/ca\/wp-json\/wp\/v2\/media?parent=1297045"}],"wp:term":[{"taxonomy":"property_type","embeddable":true,"href":"https:\/\/www.serra.immo\/ca\/wp-json\/wp\/v2\/property_type?post=1297045"},{"taxonomy":"property_status","embeddable":true,"href":"https:\/\/www.serra.immo\/ca\/wp-json\/wp\/v2\/property_status?post=1297045"},{"taxonomy":"property_feature","embeddable":true,"href":"https:\/\/www.serra.immo\/ca\/wp-json\/wp\/v2\/property_feature?post=1297045"},{"taxonomy":"property_label","embeddable":true,"href":"https:\/\/www.serra.immo\/ca\/wp-json\/wp\/v2\/property_label?post=1297045"},{"taxonomy":"property_state","embeddable":true,"href":"https:\/\/www.serra.immo\/ca\/wp-json\/wp\/v2\/property_state?post=1297045"},{"taxonomy":"property_city","embeddable":true,"href":"https:\/\/www.serra.immo\/ca\/wp-json\/wp\/v2\/property_city?post=1297045"},{"taxonomy":"property_area","embeddable":true,"href":"https:\/\/www.serra.immo\/ca\/wp-json\/wp\/v2\/property_area?post=1297045"}],"curies":[{"name":"wp","href":"https:\/\/api.w.org\/{rel}","templated":true}]}}

<p>Una Oportunitat Única al Cor de Vilanova i la Geltrú!<br />
Busques un immoble amb caràcter i potencial a una de les zones més emblemàtiques de la ciutat? Aquest és el lloc ideal per a tu!<br />
T&#039;oferim no un, sinó DOS immobles amb múltiples possibilitats de reforma en una ubicació privilegiada, donant a dos carrers, un d&#039;ells la Rambla Principal de Vilanova i la Geltrú!<br />
Es tracta d´un immoble amb una ubicació immillorable: Un immoble de 172 m² amb vistes directes a la Rambla Principal i un altre de 108 m², més un magatzem de 76 m². tots dos per reformar.<br />
Versatilitat total: La propietat permet diverses opcions de reforma. Des d&#039;un projecte únic per crear una llar personalitzada, fins a la possibilitat de dividir-ho fent dos habitatges unifamiliars independents, tot dependrà de les teves necessitats i creativitat! Un arquitecte tècnic podrà estudiar les millors opcions de segregació i de distribució.<br />
Accés únic: Tots dos immobles es comuniquen internament mitjançant una terrassa privada, cosa que us dóna l&#039;oportunitat d&#039;integrar espais o dissenyar la distribució de forma original.<br />
Comerç independent: Un dels immobles acull un comerç que dóna al carrer. Important: Aquest comerç no és a la venda, però afegeix una dimensió addicional al potencial de l&#039;immoble.<br />
Per què invertir en aquest immoble?<br />
Si vols viure al cor de la ciutat i aprofitar el potencial per crear un o dos habitatges, aquesta propietat és per a tu.<br />
La Rambla Principal de Vilanova i la Geltrú és una de les zones més cotitzades de la ciutat, cosa que assegura una excel·lent inversió a llarg termini.<br />
No deixeu passar aquesta oportunitat única! Vine a descobrir tots els detalls d&#039;aquests dos immobles tan singulars a una ubicació que pocs poden oferir. Truca avui mateix per a més informació i agenda la teva visita.</p>
