{"id":1295855,"date":"2026-05-01T13:33:36","date_gmt":"2026-05-01T11:33:36","guid":{"rendered":"https:\/\/www.serra.immo\/propiedad\/ref-27-vva3048-1553-quieres-vivir-a-un-paseo-del-mar\/"},"modified":"2026-05-01T13:33:36","modified_gmt":"2026-05-01T11:33:36","slug":"ref-27-vva3048-1553-vols-viure-a-un-passeig-del-mar","status":"publish","type":"property","link":"https:\/\/www.serra.immo\/ca\/propiedad\/ref-27-vva3048-1553-quieres-vivir-a-un-paseo-del-mar\/","title":{"rendered":"Ref. 27-VVA3048\/1553 \u2013 Vols viure a un passeig del mar?"},"content":{"rendered":"<p>Descobreix aquesta excel\u00b7lent oportunitat a Vilanova i la Geltr\u00fa, espec\u00edficament a l&#039;encantador Barri de Mar. Et presentem a Exclusiva aquest pis semireformat que ofereix una superf\u00edcie constru\u00efda de 85 m\u00b2 i \u00fatil de 72 m\u00b2, ideal per adaptar-lo al teu estil personal. Amb orientaci\u00f3 sud, gaudir\u00e0s de llum natural durant tot el dia. La propietat compta amb un dormitori doble i dos dormitoris senzills i un bany complet i un lavabo, perfectes per acomodar tota la fam\u00edlia o rebre visites. A m\u00e9s, disposa d&#039;una agradable balconada on podr\u00e0s relaxar-te a l&#039;aire lliure despr\u00e9s d&#039;un dia gaudint del sol a les platges locals; a escassos 500 metres a peu! L&#039;edifici inclou ascensor per a m\u00e9s comoditat i \u00e9s a prop del port esportiu de Vilanova I la Geltr\u00fa. Aquest \u00e9s un habitatge llest per actualitzar-se segons les teves prefer\u00e8ncies personals; no perdis l&#039;ocasi\u00f3 \u00fanica d&#039;adquirir aquesta llar a la vora del mar.<br \/>\nPreu 275.000 \u20ac (no estan incloses les despeses d&#039;impostos (ITP), not\u00e0ria i registre).<br \/>\nNFORMACI\u00d3 ADDICIONAL: En compliment de les obligacions d&#039;informaci\u00f3 previstes a la Llei 10\/2025, de 28 de desembre, de serveis d&#039;atenci\u00f3 a la clientela i transpar\u00e8ncia, aix\u00ed com a la normativa sectorial vigent, es fa constar que el preu indicat NO INCLOU les despeses i impostos inherents a l&#039;adquisici\u00f3, els quals es desglossen a continuaci\u00f3:<\/p>\n<p>\u2022 Impost sobre Transmissions Patrimonials (ITP): S&#039;aplicar\u00e0 el tipus impositiu vigent a la Comunitat Aut\u00f2noma de Catalunya (Valor de l&#039;Immoble fins a 600.000\u20ac = 10% (27.500\u20ac), de 600.001\u20ac a 900.000\u20ac = 11%. 1.500.000\u20ac = 12%, m\u00e9s de 1.500.000\u20ac = 13%), sense perjudici dels tipus redu\u00efts del 5% i el 7%, aplicables segons les circumst\u00e0ncies personals del comprador o les caracter\u00edstiques de l&#039;immoble). L&#039;impost es merita sobre el valor de refer\u00e8ncia de cadastre o el preu de venda, aquell que resulti superior.<\/p>\n<p>Per a una informaci\u00f3 exhaustiva sobre el funcionament, tipus impositius i bonificacions de l&#039;ITP a Catalunya, podeu consultar el portal oficial de l&#039;Ag\u00e8ncia Tribut\u00e0ria de l&#039;Ag\u00e8ncia Tribut\u00e0ria Catalana, a l&#039;enlla\u00e7 seg\u00fcent: https:\/\/atc.gencat.cat\/es\/tributs\/itpajd\/tpo\/tarifes-tipus\/<\/p>\n<p>\u2022 Despeses de notaria: Els honoraris notarials es calcularan d&#039;acord amb l&#039;aranzel oficial regulat a l&#039;annex I, del Reial decret 1426\/1989, de 17 de novembre, pel qual s&#039;aprova l&#039;aranzel notarial.<\/p>\n<p>\u2022 Despeses de Registre: La inscripci\u00f3 al Registre de la Propietat es facturar\u00e0 segons l&#039;aranzel oficial establert a l&#039;ANNEX I, del Reial decret 1427\/1989, de 17 de novembre, pel qual s&#039;aprova l&#039;aranzel Notarial.<\/p>\n<p>\u2022 Despeses de Gesti\u00f3 (Gestoria): Els honoraris per la tramitaci\u00f3 administrativa, la liquidaci\u00f3 d&#039;impostos i la inscripci\u00f3 registral, segons les tarifes del professional intervinent.<\/p>\n<p>Les despeses derivades de la compravenda (Notaria, Registre de la Propietat i Gestoria) s&#039;estimen orientativament entre el 1% i el 3% del preu de venda, en funci\u00f3 dels aranzels oficials i el professional elegit.<br \/>\nCertificat d&#039;efici\u00e8ncia energ\u00e8tica :1Z6PY4VJ9 amb lletres F i E i CHB<a href=\"tel:04714325001\">04714325001<\/a><br \/>\n\u2022 Honoraris Ag\u00e8ncia del Venedor: inclosos al PVP i pagadors per la part venedora.<\/p>","protected":false},"excerpt":{"rendered":"<p>Descobreix aquesta excel\u00b7lent oportunitat a Vilanova i la Geltr\u00fa, espec\u00edficament a l&#039;encantador Barri de Mar. Et presentem a Exclusiva aquest pis semireformat que ofereix una superf\u00edcie constru\u00efda de 85 m\u00b2 i \u00fatil de 72 m\u00b2, ideal per adaptar-lo al teu estil personal. Amb orientaci\u00f3 sud, gaudir\u00e0s de llum natural durant tot el dia. La propietat compta amb un dormitori doble i dos dormitoris senzills i un bany complet i un lavabo, perfectes per acomodar tota la fam\u00edlia o rebre visites. A m\u00e9s, disposa d&#039;una agradable balconada on podr\u00e0s relaxar-te a l&#039;aire lliure despr\u00e9s d&#039;un dia gaudint del sol a les platges locals; a escassos 500 metres a peu! L&#039;edifici inclou ascensor per a m\u00e9s comoditat i \u00e9s a prop del port esportiu de Vilanova I la Geltr\u00fa. Aquest \u00e9s un habitatge llest per actualitzar-se segons les teves prefer\u00e8ncies personals; no perdis l&#039;ocasi\u00f3 \u00fanica d&#039;adquirir aquesta llar a la vora del mar.<br \/>\nPreu 275.000 \u20ac (no estan incloses les despeses d&#039;impostos (ITP), not\u00e0ria i registre).<br \/>\nNFORMACI\u00d3 ADDICIONAL: En compliment de les obligacions d&#039;informaci\u00f3 previstes a la Llei 10\/2025, de 28 de desembre, de serveis d&#039;atenci\u00f3 a la clientela i transpar\u00e8ncia, aix\u00ed com a la normativa sectorial vigent, es fa constar que el preu indicat NO INCLOU les despeses i impostos inherents a l&#039;adquisici\u00f3, els quals es desglossen a continuaci\u00f3:<\/p>\n<p>\u2022 Impost sobre Transmissions Patrimonials (ITP): S&#039;aplicar\u00e0 el tipus impositiu vigent a la Comunitat Aut\u00f2noma de Catalunya (Valor de l&#039;Immoble fins a 600.000\u20ac = 10% (27.500\u20ac), de 600.001\u20ac a 900.000\u20ac = 11%. 1.500.000\u20ac = 12%, m\u00e9s de 1.500.000\u20ac = 13%), sense perjudici dels tipus redu\u00efts del 5% i el 7%, aplicables segons les circumst\u00e0ncies personals del comprador o les caracter\u00edstiques de l&#039;immoble). L&#039;impost es merita sobre el valor de refer\u00e8ncia de cadastre o el preu de venda, aquell que resulti superior.<\/p>\n<p>Per a una informaci\u00f3 exhaustiva sobre el funcionament, tipus impositius i bonificacions de l&#039;ITP a Catalunya, podeu consultar el portal oficial de l&#039;Ag\u00e8ncia Tribut\u00e0ria de l&#039;Ag\u00e8ncia Tribut\u00e0ria Catalana, a l&#039;enlla\u00e7 seg\u00fcent: https:\/\/atc.gencat.cat\/es\/tributs\/itpajd\/tpo\/tarifes-tipus\/<\/p>\n<p>\u2022 Despeses de notaria: Els honoraris notarials es calcularan d&#039;acord amb l&#039;aranzel oficial regulat a l&#039;annex I, del Reial decret 1426\/1989, de 17 de novembre, pel qual s&#039;aprova l&#039;aranzel notarial.<\/p>\n<p>\u2022 Despeses de Registre: La inscripci\u00f3 al Registre de la Propietat es facturar\u00e0 segons l&#039;aranzel oficial establert a l&#039;ANNEX I, del Reial decret 1427\/1989, de 17 de novembre, pel qual s&#039;aprova l&#039;aranzel Notarial.<\/p>\n<p>\u2022 Despeses de Gesti\u00f3 (Gestoria): Els honoraris per la tramitaci\u00f3 administrativa, la liquidaci\u00f3 d&#039;impostos i la inscripci\u00f3 registral, segons les tarifes del professional intervinent.<\/p>\n<p>Les despeses derivades de la compravenda (Notaria, Registre de la Propietat i Gestoria) s&#039;estimen orientativament entre el 1% i el 3% del preu de venda, en funci\u00f3 dels aranzels oficials i el professional elegit.<br \/>\nCertificat d&#039;efici\u00e8ncia energ\u00e8tica :1Z6PY4VJ9 amb lletres F i E i CHB04714325001<br \/>\n\u2022 Honoraris Ag\u00e8ncia del Venedor: inclosos al PVP i pagadors per la part venedora.<\/p>","protected":false},"author":4,"featured_media":1310120,"parent":0,"menu_order":0,"template":"","property_type":[835],"property_status":[371],"property_feature":[376,375,383,377],"property_label":[],"property_state":[],"property_city":[198],"property_area":[324],"class_list":["post-1295855","property","type-property","status-publish","has-post-thumbnail","hentry","property_type-viviendas","property_status-comprar","property_feature-ascensor","property_feature-calefaccion","property_feature-sur","property_feature-terraza","property_city-vilanova-i-la-geltru","property_area-barri-de-mar"],"property_meta":{"fave_currency":["EUR"],"fave_currency_info":[""],"fave_property_price":["275000"],"fave_property_size":["72.00"],"fave_property_size_prefix":["m2"],"fave_property_land":["0"],"fave_property_land_postfix":["m2"],"fave_property_bedrooms":["3"],"fave_property_bathrooms":["2"],"fave_virtual_tour":["0"],"fave_property_map":["1"],"fave_property_id":["27-VVA3048\/1553"],"fave_property_year":["1972"],"fave_property_zip":["08800"],"fave_featured":["0"],"houzez_featured_listing_date":[""],"fave_agent_display_option":["agent_info"],"fave_prop_homeslider":["no"],"fave_energy_class":["F"],"fave_energy_global_index":["223"],"fave_energy_performance":["E"],"fave_renewable_energy_global_index":["47"],"floor_plans":[""],"fave_multi_units":[""],"additional_features":[""],"fave_agents":["1179704"],"fave_property_agency":["1214635"],"fave_property_map_address":[null],"fave_property_location":["41.217667086,1.733146627"],"houzez_geolocation_lat":["41.217667086"],"houzez_geolocation_long":["1.733146627"],"aicat":["1"],"_wp_page_template":["default"],"fave_property_images":["1310120","1310120","1310121","1310122","1310123","1310124","1310125","1310126","1310127","1310128","1310129","1310130","1310131","1310132","1310133","1310134","1310135","1310136","1310137"],"_thumbnail_id":["1310120"],"houzez_total_property_views":["3"],"houzez_views_by_date":["a:1:{s:10:\"05-01-2026\";i:3;}"],"houzez_recently_viewed":["2026-05-02 00:59:38"],"_elementor_page_assets":["a:0:{}"],"wp-smush-lcp-data-3ed3bf33acd30fb8f512d923adea20ee":["a:6:{s:8:\"selector\";s:70:\".img-wrap-1houzez-trigger-popup-slider-js > .logo-wrapper > .img-fluid\";s:14:\"selector_xpath\";s:90:\"\/html\/body\/main\/div[1]\/div[1]\/div\/div[1]\/div\/div\/div[2]\/div\/div[2]\/div\/div[1]\/a\/div\/img[1]\";s:11:\"selector_id\";s:0:\"\";s:14:\"selector_class\";s:9:\"img-fluid\";s:9:\"image_url\";s:67:\"https:\/\/www.serra.immo\/wp-content\/smush-webp\/2026\/02\/5-1-4.jpg.webp\";s:7:\"version\";i:0;}"]},"_links":{"self":[{"href":"https:\/\/www.serra.immo\/ca\/wp-json\/wp\/v2\/properties\/1295855","targetHints":{"allow":["GET"]}}],"collection":[{"href":"https:\/\/www.serra.immo\/ca\/wp-json\/wp\/v2\/properties"}],"about":[{"href":"https:\/\/www.serra.immo\/ca\/wp-json\/wp\/v2\/types\/property"}],"author":[{"embeddable":true,"href":"https:\/\/www.serra.immo\/ca\/wp-json\/wp\/v2\/users\/4"}],"version-history":[{"count":0,"href":"https:\/\/www.serra.immo\/ca\/wp-json\/wp\/v2\/properties\/1295855\/revisions"}],"wp:featuredmedia":[{"embeddable":true,"href":"https:\/\/www.serra.immo\/ca\/wp-json\/wp\/v2\/media\/1310120"}],"wp:attachment":[{"href":"https:\/\/www.serra.immo\/ca\/wp-json\/wp\/v2\/media?parent=1295855"}],"wp:term":[{"taxonomy":"property_type","embeddable":true,"href":"https:\/\/www.serra.immo\/ca\/wp-json\/wp\/v2\/property_type?post=1295855"},{"taxonomy":"property_status","embeddable":true,"href":"https:\/\/www.serra.immo\/ca\/wp-json\/wp\/v2\/property_status?post=1295855"},{"taxonomy":"property_feature","embeddable":true,"href":"https:\/\/www.serra.immo\/ca\/wp-json\/wp\/v2\/property_feature?post=1295855"},{"taxonomy":"property_label","embeddable":true,"href":"https:\/\/www.serra.immo\/ca\/wp-json\/wp\/v2\/property_label?post=1295855"},{"taxonomy":"property_state","embeddable":true,"href":"https:\/\/www.serra.immo\/ca\/wp-json\/wp\/v2\/property_state?post=1295855"},{"taxonomy":"property_city","embeddable":true,"href":"https:\/\/www.serra.immo\/ca\/wp-json\/wp\/v2\/property_city?post=1295855"},{"taxonomy":"property_area","embeddable":true,"href":"https:\/\/www.serra.immo\/ca\/wp-json\/wp\/v2\/property_area?post=1295855"}],"curies":[{"name":"wp","href":"https:\/\/api.w.org\/{rel}","templated":true}]}}

<p>Descobreix aquesta excel·lent oportunitat a Vilanova i la Geltrú, específicament a l&#039;encantador Barri de Mar. Et presentem a Exclusiva aquest pis semireformat que ofereix una superfície construïda de 85 m² i útil de 72 m², ideal per adaptar-lo al teu estil personal. Amb orientació sud, gaudiràs de llum natural durant tot el dia. La propietat compta amb un dormitori doble i dos dormitoris senzills i un bany complet i un lavabo, perfectes per acomodar tota la família o rebre visites. A més, disposa d&#039;una agradable balconada on podràs relaxar-te a l&#039;aire lliure després d&#039;un dia gaudint del sol a les platges locals; a escassos 500 metres a peu! L&#039;edifici inclou ascensor per a més comoditat i és a prop del port esportiu de Vilanova I la Geltrú. Aquest és un habitatge llest per actualitzar-se segons les teves preferències personals; no perdis l&#039;ocasió única d&#039;adquirir aquesta llar a la vora del mar.<br />
Preu 275.000 € (no estan incloses les despeses d&#039;impostos (ITP), notària i registre).<br />
NFORMACIÓ ADDICIONAL: En compliment de les obligacions d&#039;informació previstes a la Llei 10/2025, de 28 de desembre, de serveis d&#039;atenció a la clientela i transparència, així com a la normativa sectorial vigent, es fa constar que el preu indicat NO INCLOU les despeses i impostos inherents a l&#039;adquisició, els quals es desglossen a continuació:</p>
<p>• Impost sobre Transmissions Patrimonials (ITP): S&#039;aplicarà el tipus impositiu vigent a la Comunitat Autònoma de Catalunya (Valor de l&#039;Immoble fins a 600.000€ = 10% (27.500€), de 600.001€ a 900.000€ = 11%. 1.500.000€ = 12%, més de 1.500.000€ = 13%), sense perjudici dels tipus reduïts del 5% i el 7%, aplicables segons les circumstàncies personals del comprador o les característiques de l&#039;immoble). L&#039;impost es merita sobre el valor de referència de cadastre o el preu de venda, aquell que resulti superior.</p>
<p>Per a una informació exhaustiva sobre el funcionament, tipus impositius i bonificacions de l&#039;ITP a Catalunya, podeu consultar el portal oficial de l&#039;Agència Tributària de l&#039;Agència Tributària Catalana, a l&#039;enllaç següent: https://atc.gencat.cat/es/tributs/itpajd/tpo/tarifes-tipus/</p>
<p>• Despeses de notaria: Els honoraris notarials es calcularan d&#039;acord amb l&#039;aranzel oficial regulat a l&#039;annex I, del Reial decret 1426/1989, de 17 de novembre, pel qual s&#039;aprova l&#039;aranzel notarial.</p>
<p>• Despeses de Registre: La inscripció al Registre de la Propietat es facturarà segons l&#039;aranzel oficial establert a l&#039;ANNEX I, del Reial decret 1427/1989, de 17 de novembre, pel qual s&#039;aprova l&#039;aranzel Notarial.</p>
<p>• Despeses de Gestió (Gestoria): Els honoraris per la tramitació administrativa, la liquidació d&#039;impostos i la inscripció registral, segons les tarifes del professional intervinent.</p>
<p>Les despeses derivades de la compravenda (Notaria, Registre de la Propietat i Gestoria) s&#039;estimen orientativament entre el 1% i el 3% del preu de venda, en funció dels aranzels oficials i el professional elegit.<br />
Certificat d&#039;eficiència energètica :1Z6PY4VJ9 amb lletres F i E i CHB<a href="tel:04714325001">04714325001</a><br />
• Honoraris Agència del Venedor: inclosos al PVP i pagadors per la part venedora.</p>

<p>Descobreix aquesta excel·lent oportunitat a Vilanova i la Geltrú, específicament a l&#039;encantador Barri de Mar. Et presentem a Exclusiva aquest pis semireformat que ofereix una superfície construïda de 85 m² i útil de 72 m², ideal per adaptar-lo al teu estil personal. Amb orientació sud, gaudiràs de llum natural durant tot el dia. La propietat compta amb un dormitori doble i dos dormitoris senzills i un bany complet i un lavabo, perfectes per acomodar tota la família o rebre visites. A més, disposa d&#039;una agradable balconada on podràs relaxar-te a l&#039;aire lliure després d&#039;un dia gaudint del sol a les platges locals; a escassos 500 metres a peu! L&#039;edifici inclou ascensor per a més comoditat i és a prop del port esportiu de Vilanova I la Geltrú. Aquest és un habitatge llest per actualitzar-se segons les teves preferències personals; no perdis l&#039;ocasió única d&#039;adquirir aquesta llar a la vora del mar.<br />
Preu 275.000 € (no estan incloses les despeses d&#039;impostos (ITP), notària i registre).<br />
NFORMACIÓ ADDICIONAL: En compliment de les obligacions d&#039;informació previstes a la Llei 10/2025, de 28 de desembre, de serveis d&#039;atenció a la clientela i transparència, així com a la normativa sectorial vigent, es fa constar que el preu indicat NO INCLOU les despeses i impostos inherents a l&#039;adquisició, els quals es desglossen a continuació:</p>
<p>• Impost sobre Transmissions Patrimonials (ITP): S&#039;aplicarà el tipus impositiu vigent a la Comunitat Autònoma de Catalunya (Valor de l&#039;Immoble fins a 600.000€ = 10% (27.500€), de 600.001€ a 900.000€ = 11%. 1.500.000€ = 12%, més de 1.500.000€ = 13%), sense perjudici dels tipus reduïts del 5% i el 7%, aplicables segons les circumstàncies personals del comprador o les característiques de l&#039;immoble). L&#039;impost es merita sobre el valor de referència de cadastre o el preu de venda, aquell que resulti superior.</p>
<p>Per a una informació exhaustiva sobre el funcionament, tipus impositius i bonificacions de l&#039;ITP a Catalunya, podeu consultar el portal oficial de l&#039;Agència Tributària de l&#039;Agència Tributària Catalana, a l&#039;enllaç següent: https://atc.gencat.cat/es/tributs/itpajd/tpo/tarifes-tipus/</p>
<p>• Despeses de notaria: Els honoraris notarials es calcularan d&#039;acord amb l&#039;aranzel oficial regulat a l&#039;annex I, del Reial decret 1426/1989, de 17 de novembre, pel qual s&#039;aprova l&#039;aranzel notarial.</p>
<p>• Despeses de Registre: La inscripció al Registre de la Propietat es facturarà segons l&#039;aranzel oficial establert a l&#039;ANNEX I, del Reial decret 1427/1989, de 17 de novembre, pel qual s&#039;aprova l&#039;aranzel Notarial.</p>
<p>• Despeses de Gestió (Gestoria): Els honoraris per la tramitació administrativa, la liquidació d&#039;impostos i la inscripció registral, segons les tarifes del professional intervinent.</p>
<p>Les despeses derivades de la compravenda (Notaria, Registre de la Propietat i Gestoria) s&#039;estimen orientativament entre el 1% i el 3% del preu de venda, en funció dels aranzels oficials i el professional elegit.<br />
Certificat d&#039;eficiència energètica :1Z6PY4VJ9 amb lletres F i E i CHB04714325001<br />
• Honoraris Agència del Venedor: inclosos al PVP i pagadors per la part venedora.</p>
