{"id":1294665,"date":"2026-04-27T14:20:15","date_gmt":"2026-04-27T12:20:15","guid":{"rendered":"https:\/\/www.serra.immo\/propiedad\/ref-2211-6248\/"},"modified":"2026-04-27T14:20:15","modified_gmt":"2026-04-27T12:20:15","slug":"ref-2211-6248","status":"publish","type":"property","link":"https:\/\/www.serra.immo\/ca\/propiedad\/ref-2211-6248\/","title":{"rendered":"Ref. 2211\/6248 \u2013"},"content":{"rendered":"<p>Exclusiva Planta Baixa D\u00faplex en Venda a Sitges \u2013 Segona L\u00ednia de Mar<\/p>\n<p>Descobriu aquesta meravellosa planta baixa d\u00faplex, completament reformada amb materials de la m\u00e9s alta qualitat, dissenyada per una gran interiorista i arquitecta. Una propietat \u00fanica que combina eleg\u00e0ncia, confort i una ubicaci\u00f3 immillorable a la cobejada zona de la platja de Sant Sebasti\u00e0, a Sitges.<br \/>\nA nom\u00e9s uns passos del mar\u2026<\/p>\n<p>Compte amb cinc \u00e0mplies habitacions i cinc banys, tres d&#039;ells en suite, oferint privadesa i comoditat per a tota la fam\u00edlia o convidats. El cor de l\u00b4habitatge \u00e9s un ampli sal\u00f3 que s\u00b4obre a una generosa terrassa a nivell, perfecta per gaudir del clima mediterrani durant tot l\u00b4any.<\/p>\n<p>A m\u00e9s, inclou un garatge independent de 30 m\u00b2, una mica poc habitual en aquesta zona tan exclusiva.<\/p>\n<p>Una oportunitat excepcional per viure a tocar del mar amb tot el luxe i l&#039;estil que Sitges ofereix.<\/p>\n<p>No esperis m\u00e9s i vine a visitar aquesta magn\u00edfica propietat\u2026<\/p>","protected":false},"excerpt":{"rendered":"<p>Exclusiva Planta Baixa D\u00faplex en Venda a Sitges \u2013 Segona L\u00ednia de Mar<\/p>\n<p>Descobriu aquesta meravellosa planta baixa d\u00faplex, completament reformada amb materials de la m\u00e9s alta qualitat, dissenyada per una gran interiorista i arquitecta. Una propietat \u00fanica que combina eleg\u00e0ncia, confort i una ubicaci\u00f3 immillorable a la cobejada zona de la platja de Sant Sebasti\u00e0, a Sitges.<br \/>\nA nom\u00e9s uns passos del mar\u2026<\/p>\n<p>Compte amb cinc \u00e0mplies habitacions i cinc banys, tres d&#039;ells en suite, oferint privadesa i comoditat per a tota la fam\u00edlia o convidats. El cor de l\u00b4habitatge \u00e9s un ampli sal\u00f3 que s\u00b4obre a una generosa terrassa a nivell, perfecta per gaudir del clima mediterrani durant tot l\u00b4any.<\/p>\n<p>A m\u00e9s, inclou un garatge independent de 30 m\u00b2, una mica poc habitual en aquesta zona tan exclusiva.<\/p>\n<p>Una oportunitat excepcional per viure a tocar del mar amb tot el luxe i l&#039;estil que Sitges ofereix.<\/p>\n<p>No esperis m\u00e9s i vine a visitar aquesta magn\u00edfica propietat\u2026<\/p>","protected":false},"author":4,"featured_media":1294666,"parent":0,"menu_order":0,"template":"","property_type":[835],"property_status":[371],"property_feature":[375,377],"property_label":[],"property_state":[],"property_city":[202],"property_area":[829],"class_list":["post-1294665","property","type-property","status-publish","has-post-thumbnail","hentry","property_type-viviendas","property_status-comprar","property_feature-calefaccion","property_feature-terraza","property_city-sitges","property_area-san-sebastian-aiguadolc"],"property_meta":{"fave_currency":["EUR"],"fave_currency_info":[""],"fave_property_price":["775000"],"fave_property_size":["100.00"],"fave_property_size_prefix":["m2"],"fave_property_land":["150"],"fave_property_land_postfix":["m2"],"fave_property_bedrooms":["5"],"fave_property_bathrooms":["5"],"fave_virtual_tour":["0"],"fave_property_map":["1"],"fave_property_id":["2211\/6248"],"fave_property_year":["1980"],"fave_property_zip":["08870"],"fave_featured":["0"],"houzez_featured_listing_date":[""],"fave_agent_display_option":["agent_info"],"fave_prop_homeslider":["no"],"fave_energy_class":["C"],"fave_energy_global_index":["95"],"fave_energy_performance":["D"],"fave_renewable_energy_global_index":["32"],"floor_plans":[""],"fave_multi_units":[""],"additional_features":[""],"fave_agents":["1179704"],"fave_property_agency":["1214635"],"fave_property_map_address":[null],"fave_property_location":["41.23746070000001,1.815925"],"houzez_geolocation_lat":["41.23746070000001"],"houzez_geolocation_long":["1.815925"],"aicat":["1"],"_wp_page_template":["default"],"fave_property_images":["1294666","1294666","1294667","1294668","1294669","1294670","1294671","1294672","1294673","1294674","1294675","1294676","1294677","1294678","1294679","1294680","1294681","1294682","1294683","1294684","1294685","1294686","1294687","1294688","1294689","1294690","1294691","1294692","1294693","1294694","1294695","1294696","1294697","1294698","1294699","1294700","1294701","1294702","1294703","1294704","1294705"],"_thumbnail_id":["1294666"],"houzez_total_property_views":["7"],"houzez_views_by_date":["a:2:{s:10:\"04-27-2026\";i:5;s:10:\"04-28-2026\";i:2;}"],"houzez_recently_viewed":["2026-04-28 10:42:24"],"_elementor_page_assets":["a:0:{}"]},"_links":{"self":[{"href":"https:\/\/www.serra.immo\/ca\/wp-json\/wp\/v2\/properties\/1294665","targetHints":{"allow":["GET"]}}],"collection":[{"href":"https:\/\/www.serra.immo\/ca\/wp-json\/wp\/v2\/properties"}],"about":[{"href":"https:\/\/www.serra.immo\/ca\/wp-json\/wp\/v2\/types\/property"}],"author":[{"embeddable":true,"href":"https:\/\/www.serra.immo\/ca\/wp-json\/wp\/v2\/users\/4"}],"version-history":[{"count":0,"href":"https:\/\/www.serra.immo\/ca\/wp-json\/wp\/v2\/properties\/1294665\/revisions"}],"wp:featuredmedia":[{"embeddable":true,"href":"https:\/\/www.serra.immo\/ca\/wp-json\/wp\/v2\/media\/1294666"}],"wp:attachment":[{"href":"https:\/\/www.serra.immo\/ca\/wp-json\/wp\/v2\/media?parent=1294665"}],"wp:term":[{"taxonomy":"property_type","embeddable":true,"href":"https:\/\/www.serra.immo\/ca\/wp-json\/wp\/v2\/property_type?post=1294665"},{"taxonomy":"property_status","embeddable":true,"href":"https:\/\/www.serra.immo\/ca\/wp-json\/wp\/v2\/property_status?post=1294665"},{"taxonomy":"property_feature","embeddable":true,"href":"https:\/\/www.serra.immo\/ca\/wp-json\/wp\/v2\/property_feature?post=1294665"},{"taxonomy":"property_label","embeddable":true,"href":"https:\/\/www.serra.immo\/ca\/wp-json\/wp\/v2\/property_label?post=1294665"},{"taxonomy":"property_state","embeddable":true,"href":"https:\/\/www.serra.immo\/ca\/wp-json\/wp\/v2\/property_state?post=1294665"},{"taxonomy":"property_city","embeddable":true,"href":"https:\/\/www.serra.immo\/ca\/wp-json\/wp\/v2\/property_city?post=1294665"},{"taxonomy":"property_area","embeddable":true,"href":"https:\/\/www.serra.immo\/ca\/wp-json\/wp\/v2\/property_area?post=1294665"}],"curies":[{"name":"wp","href":"https:\/\/api.w.org\/{rel}","templated":true}]}}

<p>Exclusiva Planta Baixa Dúplex en Venda a Sitges – Segona Línia de Mar</p>
<p>Descobriu aquesta meravellosa planta baixa dúplex, completament reformada amb materials de la més alta qualitat, dissenyada per una gran interiorista i arquitecta. Una propietat única que combina elegància, confort i una ubicació immillorable a la cobejada zona de la platja de Sant Sebastià, a Sitges.<br />
A només uns passos del mar…</p>
<p>Compte amb cinc àmplies habitacions i cinc banys, tres d&#039;ells en suite, oferint privadesa i comoditat per a tota la família o convidats. El cor de l´habitatge és un ampli saló que s´obre a una generosa terrassa a nivell, perfecta per gaudir del clima mediterrani durant tot l´any.</p>
<p>A més, inclou un garatge independent de 30 m², una mica poc habitual en aquesta zona tan exclusiva.</p>
<p>Una oportunitat excepcional per viure a tocar del mar amb tot el luxe i l&#039;estil que Sitges ofereix.</p>
<p>No esperis més i vine a visitar aquesta magnífica propietat…</p>
