{"id":1292786,"date":"2026-05-01T13:32:11","date_gmt":"2026-05-01T11:32:11","guid":{"rendered":"https:\/\/www.serra.immo\/propiedad\/ref-03-22528-1098-oficinas-en-venta-en-el-centro-de-vilanova\/"},"modified":"2026-05-01T13:32:11","modified_gmt":"2026-05-01T11:32:11","slug":"ref-03-22528-1098-oficines-en-venda-al-centre-de-vilanova-ideal-inversors","status":"publish","type":"property","link":"https:\/\/www.serra.immo\/ca\/propiedad\/ref-03-22528-1098-oficinas-en-venta-en-el-centro-de-vilanova-ideal-inversores\/","title":{"rendered":"Ref. 03-22528\/1098 \u2013 Oficines en venda al centre de Vilanova. IDEAL INVERSORS!"},"content":{"rendered":"<p>Aquest excel\u00b7lent local, totalment preparat per a oficines, es troba en un edifici comercial privilegiat al cor de Vilanova i la Geltr\u00fa, just al costat del concorregut Mercat Municipal, ubicaci\u00f3 ideal per al seu negoci o inversi\u00f3.<br \/>\nGaudeix de 76m\u00b2 constru\u00efts, distribu\u00efts eficientment per optimitzar cada espai i compta amb diverses estades vers\u00e0tils, perfectes per a despatxos individuals, sales de reunions o zones de treball di\u00e0fanes.<br \/>\nSituat a una segona planta, aquest espai \u00e9s exterior i excepcionalment llumin\u00f3s, creant un ambient de treball agradable i productiu.<br \/>\nAcc\u00e9s c\u00f2mode i r\u00e0pid gr\u00e0cies a l&#039;ascensor de l&#039;edifici.<br \/>\nBusca Inversi\u00f3 o Espai Propi?<br \/>\nAquesta \u00e9s una oportunitat \u00fanica. El local s&#039;ofereix amb llogaters, cosa que li brinda l&#039;oportunitat d&#039;adquirir-lo com una inversi\u00f3 immobili\u00e0ria excel\u00b7lent.<\/p>\n<p>No deixeu passar aquesta oportunitat! Per obtenir m\u00e9s informaci\u00f3 sobre la rendibilitat potencial o per concertar una visita, no dubteu a consultar-nos a les nostres oficines.<\/p>\n<p>El preu no inclou impostos (ITP, IVA i AJD), ni les despeses de notari ni les de registre.<\/p>","protected":false},"excerpt":{"rendered":"<p>Aquest excel\u00b7lent local, totalment preparat per a oficines, es troba en un edifici comercial privilegiat al cor de Vilanova i la Geltr\u00fa, just al costat del concorregut Mercat Municipal, ubicaci\u00f3 ideal per al seu negoci o inversi\u00f3.<br \/>\nGaudeix de 76m\u00b2 constru\u00efts, distribu\u00efts eficientment per optimitzar cada espai i compta amb diverses estades vers\u00e0tils, perfectes per a despatxos individuals, sales de reunions o zones de treball di\u00e0fanes.<br \/>\nSituat a una segona planta, aquest espai \u00e9s exterior i excepcionalment llumin\u00f3s, creant un ambient de treball agradable i productiu.<br \/>\nAcc\u00e9s c\u00f2mode i r\u00e0pid gr\u00e0cies a l&#039;ascensor de l&#039;edifici.<br \/>\nBusca Inversi\u00f3 o Espai Propi?<br \/>\nAquesta \u00e9s una oportunitat \u00fanica. El local s&#039;ofereix amb llogaters, cosa que li brinda l&#039;oportunitat d&#039;adquirir-lo com una inversi\u00f3 immobili\u00e0ria excel\u00b7lent.<\/p>\n<p>No deixeu passar aquesta oportunitat! Per obtenir m\u00e9s informaci\u00f3 sobre la rendibilitat potencial o per concertar una visita, no dubteu a consultar-nos a les nostres oficines.<\/p>\n<p>El preu no inclou impostos (ITP, IVA i AJD), ni les despeses de notari ni les de registre.<\/p>","protected":false},"author":4,"featured_media":1311413,"parent":0,"menu_order":0,"template":"","property_type":[841],"property_status":[371],"property_feature":[376],"property_label":[],"property_state":[],"property_city":[198],"property_area":[199],"class_list":["post-1292786","property","type-property","status-publish","has-post-thumbnail","hentry","property_type-locales-comerciales","property_status-comprar","property_feature-ascensor","property_city-vilanova-i-la-geltru","property_area-centre"],"property_meta":{"fave_currency":["EUR"],"fave_currency_info":[""],"fave_property_price":["105000"],"fave_property_size":["56.00"],"fave_property_size_prefix":["m2"],"fave_property_land":["0"],"fave_property_land_postfix":["m2"],"fave_property_bedrooms":["0"],"fave_property_bathrooms":["1"],"fave_virtual_tour":["0"],"fave_property_map":["1"],"fave_property_id":["03-22528\/1098"],"fave_property_year":["1988"],"fave_property_zip":["08800"],"fave_featured":["0"],"houzez_featured_listing_date":[""],"fave_agent_display_option":["agent_info"],"fave_prop_homeslider":["no"],"fave_energy_class":["E"],"fave_energy_global_index":["232"],"fave_energy_performance":["D"],"fave_renewable_energy_global_index":["39"],"floor_plans":[""],"fave_multi_units":[""],"additional_features":[""],"fave_agents":["1179704"],"fave_property_agency":["1214635"],"fave_property_map_address":[null],"fave_property_location":["41.22414453,1.72556485"],"houzez_geolocation_lat":["41.22414453"],"houzez_geolocation_long":["1.72556485"],"aicat":["1"],"_wp_page_template":["default"],"fave_property_images":["1311413","1311413","1311414","1311415","1311416","1311417","1311418","1311419","1311420"],"_thumbnail_id":["1311413"],"houzez_total_property_views":["2"],"houzez_views_by_date":["a:1:{s:10:\"05-01-2026\";i:2;}"],"houzez_recently_viewed":["2026-05-01 15:23:59"],"_elementor_page_assets":["a:0:{}"]},"_links":{"self":[{"href":"https:\/\/www.serra.immo\/ca\/wp-json\/wp\/v2\/properties\/1292786","targetHints":{"allow":["GET"]}}],"collection":[{"href":"https:\/\/www.serra.immo\/ca\/wp-json\/wp\/v2\/properties"}],"about":[{"href":"https:\/\/www.serra.immo\/ca\/wp-json\/wp\/v2\/types\/property"}],"author":[{"embeddable":true,"href":"https:\/\/www.serra.immo\/ca\/wp-json\/wp\/v2\/users\/4"}],"version-history":[{"count":0,"href":"https:\/\/www.serra.immo\/ca\/wp-json\/wp\/v2\/properties\/1292786\/revisions"}],"wp:featuredmedia":[{"embeddable":true,"href":"https:\/\/www.serra.immo\/ca\/wp-json\/wp\/v2\/media\/1311413"}],"wp:attachment":[{"href":"https:\/\/www.serra.immo\/ca\/wp-json\/wp\/v2\/media?parent=1292786"}],"wp:term":[{"taxonomy":"property_type","embeddable":true,"href":"https:\/\/www.serra.immo\/ca\/wp-json\/wp\/v2\/property_type?post=1292786"},{"taxonomy":"property_status","embeddable":true,"href":"https:\/\/www.serra.immo\/ca\/wp-json\/wp\/v2\/property_status?post=1292786"},{"taxonomy":"property_feature","embeddable":true,"href":"https:\/\/www.serra.immo\/ca\/wp-json\/wp\/v2\/property_feature?post=1292786"},{"taxonomy":"property_label","embeddable":true,"href":"https:\/\/www.serra.immo\/ca\/wp-json\/wp\/v2\/property_label?post=1292786"},{"taxonomy":"property_state","embeddable":true,"href":"https:\/\/www.serra.immo\/ca\/wp-json\/wp\/v2\/property_state?post=1292786"},{"taxonomy":"property_city","embeddable":true,"href":"https:\/\/www.serra.immo\/ca\/wp-json\/wp\/v2\/property_city?post=1292786"},{"taxonomy":"property_area","embeddable":true,"href":"https:\/\/www.serra.immo\/ca\/wp-json\/wp\/v2\/property_area?post=1292786"}],"curies":[{"name":"wp","href":"https:\/\/api.w.org\/{rel}","templated":true}]}}

<p>Aquest excel·lent local, totalment preparat per a oficines, es troba en un edifici comercial privilegiat al cor de Vilanova i la Geltrú, just al costat del concorregut Mercat Municipal, ubicació ideal per al seu negoci o inversió.<br />
Gaudeix de 76m² construïts, distribuïts eficientment per optimitzar cada espai i compta amb diverses estades versàtils, perfectes per a despatxos individuals, sales de reunions o zones de treball diàfanes.<br />
Situat a una segona planta, aquest espai és exterior i excepcionalment lluminós, creant un ambient de treball agradable i productiu.<br />
Accés còmode i ràpid gràcies a l&#039;ascensor de l&#039;edifici.<br />
Busca Inversió o Espai Propi?<br />
Aquesta és una oportunitat única. El local s&#039;ofereix amb llogaters, cosa que li brinda l&#039;oportunitat d&#039;adquirir-lo com una inversió immobiliària excel·lent.</p>
<p>No deixeu passar aquesta oportunitat! Per obtenir més informació sobre la rendibilitat potencial o per concertar una visita, no dubteu a consultar-nos a les nostres oficines.</p>
<p>El preu no inclou impostos (ITP, IVA i AJD), ni les despeses de notari ni les de registre.</p>
