{"id":1292059,"date":"2026-09-01T13:34:15","date_gmt":"2026-09-01T11:34:15","guid":{"rendered":"https:\/\/www.serra.immo\/propiedad\/ref-53rjumarti60-5459-se-alquila-o-vende-local-y-almacen-en-el-barrio-de-les-clotes-de-vilafranca-del-penedes\/"},"modified":"2026-09-01T13:34:16","modified_gmt":"2026-09-01T11:34:16","slug":"ref-53rjumarti60-5459-es-lloga-o-ven-local-i-emmagatzemen-al-barri-de-les-clotes-de-vilafranca-del-penedes","status":"publish","type":"property","link":"https:\/\/www.serra.immo\/ca\/propiedad\/ref-53rjumarti60-5459-se-alquila-o-vende-local-y-almacen-en-el-barrio-de-les-clotes-de-vilafranca-del-penedes\/","title":{"rendered":"Ref. 53RJUMARTI60\/5459 \u2013 ES LLOGA O VEN LOCAL I MAGATZEM AL BARRI DELS CLOTS DE VILAFRANCA DEL PENED\u00c8S"},"content":{"rendered":"<p>Oportunitat comercial al cor de Vilafranca del Pened\u00e8s!<\/p>\n<p>Es lloga per 1.300\u20ac al mes o en venda per 220.000\u20ac un ampli local comercial amb magatzem al barri de les Clotes, una ubicaci\u00f3 estrat\u00e8gica ideal per a negocis que necessitin un espai d&#039;oficines independent i una \u00e0rea d&#039;emmagatzematge a prop.<\/p>\n<p>El local, amb \u00fas destinat a oficines, ofereix un ambient professional i funcional per a la teva empresa, mentre que el magatzem, ubicat a pocs metres, \u00e9s perfecte per emmagatzemar productes o materials de manera eficient i segura.<\/p>\n<p>Tots dos espais s\u00f3n a la mateixa fa\u00e7ana, permetent gestionar la teva activitat de manera c\u00f2moda i sense despla\u00e7aments llargs entre tots dos. Tot aix\u00f2 per nom\u00e9s 220.000\u20ac.<\/p>\n<p>Lloguer: 1.300\u20ac\/mes.<\/p>\n<p>No deixeu passar aquesta excel\u00b7lent oportunitat d&#039;inversi\u00f3 per al vostre negoci. Demana m\u00e9s informaci\u00f3 i descobreix com aquest local pot ser l&#039;espai perfecte per a tu!<\/p>\n<p>Informaci\u00f3 per al comprador \u00b4<br \/>\nEl preu de venda no inclou els impostos legalment exigibles com a ITP en segona m\u00e0 o IVA i AJD en obra nova, tampoc les despeses derivades de la compravenda, com ara impostos, notaria, gestoria, registre o qualsevol altre que pogu\u00e9s correspondre al comprador.<br \/>\n (Despeses de notaria, gestoria i registre, s\u00f3n imports segons l&#039;aranzel de cada notaria i cada registre i no es poden precisar).<br \/>\nEls honoraris de l&#039;ag\u00e8ncia els assumeix la part venedora.<\/p>\n<p>La informaci\u00f3 continguda en aquest anunci, inclosos textos, imatges i superf\u00edcies, s&#039;ofereix a t\u00edtol merament informatiu i no t\u00e9 car\u00e0cter contractual, i pot estar subjecta a errors, modificacions o retirada sense av\u00eds previ.<\/p>","protected":false},"excerpt":{"rendered":"<p>Oportunitat comercial al cor de Vilafranca del Pened\u00e8s!<\/p>\n<p>Es lloga per 1.300\u20ac al mes o en venda per 220.000\u20ac un ampli local comercial amb magatzem al barri de les Clotes, una ubicaci\u00f3 estrat\u00e8gica ideal per a negocis que necessitin un espai d&#039;oficines independent i una \u00e0rea d&#039;emmagatzematge a prop.<\/p>\n<p>El local, amb \u00fas destinat a oficines, ofereix un ambient professional i funcional per a la teva empresa, mentre que el magatzem, ubicat a pocs metres, \u00e9s perfecte per emmagatzemar productes o materials de manera eficient i segura.<\/p>\n<p>Tots dos espais s\u00f3n a la mateixa fa\u00e7ana, permetent gestionar la teva activitat de manera c\u00f2moda i sense despla\u00e7aments llargs entre tots dos. Tot aix\u00f2 per nom\u00e9s 220.000\u20ac.<\/p>\n<p>Lloguer: 1.300\u20ac\/mes.<\/p>\n<p>No deixeu passar aquesta excel\u00b7lent oportunitat d&#039;inversi\u00f3 per al vostre negoci. Demana m\u00e9s informaci\u00f3 i descobreix com aquest local pot ser l&#039;espai perfecte per a tu!<\/p>\n<p>Informaci\u00f3 per al comprador \u00b4<br \/>\nEl preu de venda no inclou els impostos legalment exigibles com a ITP en segona m\u00e0 o IVA i AJD en obra nova, tampoc les despeses derivades de la compravenda, com ara impostos, notaria, gestoria, registre o qualsevol altre que pogu\u00e9s correspondre al comprador.<br \/>\n (Despeses de notaria, gestoria i registre, s\u00f3n imports segons l&#039;aranzel de cada notaria i cada registre i no es poden precisar).<br \/>\nEls honoraris de l&#039;ag\u00e8ncia els assumeix la part venedora.<\/p>\n<p>La informaci\u00f3 continguda en aquest anunci, inclosos textos, imatges i superf\u00edcies, s&#039;ofereix a t\u00edtol merament informatiu i no t\u00e9 car\u00e0cter contractual, i pot estar subjecta a errors, modificacions o retirada sense av\u00eds previ.<\/p>","protected":false},"author":4,"featured_media":1335047,"parent":0,"menu_order":0,"template":"","property_type":[841],"property_status":[371],"property_feature":[],"property_label":[],"property_state":[],"property_city":[192],"property_area":[193],"class_list":["post-1292059","property","type-property","status-publish","has-post-thumbnail","hentry","property_type-locales-comerciales","property_status-comprar","property_city-vilafranca-del-penedes","property_area-centro"],"property_meta":{"fave_currency":["EUR"],"fave_currency_info":[""],"fave_property_price":["220000"],"fave_property_sec_price":["1300"],"fave_property_size":["305.00"],"fave_property_size_prefix":["m2"],"fave_property_land":["0"],"fave_property_land_postfix":["m2"],"fave_property_bedrooms":["0"],"fave_property_bathrooms":["1"],"fave_virtual_tour":["0"],"fave_property_map":["1"],"fave_property_id":["53RJUMARTI60\/5459"],"fave_property_year":["1971"],"fave_property_zip":["08720"],"fave_featured":["0"],"houzez_featured_listing_date":[""],"fave_agent_display_option":["agent_info"],"fave_prop_homeslider":["no"],"floor_plans":[""],"fave_multi_units":[""],"additional_features":[""],"fave_agents":["1179704"],"fave_property_agency":["1214635"],"fave_property_map_address":[null],"fave_property_location":["41.349218675,1.695417385"],"houzez_geolocation_lat":["41.349218675"],"houzez_geolocation_long":["1.695417385"],"aicat":["1"],"_wp_page_template":["default"],"fave_property_images":["1335047","1335047","1335048","1335049","1335050","1335051","1335052","1335053","1335054","1335055","1335056","1335057","1335058","1335059","1335060","1335061","1335062","1335063","1335064","1335065","1335066","1335067","1335068","1335069","1335070","1335071","1335072","1335073","1335074","1335075","1335076","1335077","1335078","1335079","1335080","1335081","1335082","1335083","1335084","1335085","1335086"],"_thumbnail_id":["1335047"],"houzez_total_property_views":["8"],"houzez_views_by_date":["a:3:{s:10:\"09-04-2026\";i:4;s:10:\"09-05-2026\";i:1;s:10:\"09-06-2026\";i:3;}"],"houzez_recently_viewed":["2026-09-06 09:29:36"],"_elementor_page_assets":["a:0:{}"]},"_links":{"self":[{"href":"https:\/\/www.serra.immo\/ca\/wp-json\/wp\/v2\/properties\/1292059","targetHints":{"allow":["GET"]}}],"collection":[{"href":"https:\/\/www.serra.immo\/ca\/wp-json\/wp\/v2\/properties"}],"about":[{"href":"https:\/\/www.serra.immo\/ca\/wp-json\/wp\/v2\/types\/property"}],"author":[{"embeddable":true,"href":"https:\/\/www.serra.immo\/ca\/wp-json\/wp\/v2\/users\/4"}],"version-history":[{"count":0,"href":"https:\/\/www.serra.immo\/ca\/wp-json\/wp\/v2\/properties\/1292059\/revisions"}],"wp:featuredmedia":[{"embeddable":true,"href":"https:\/\/www.serra.immo\/ca\/wp-json\/wp\/v2\/media\/1335047"}],"wp:attachment":[{"href":"https:\/\/www.serra.immo\/ca\/wp-json\/wp\/v2\/media?parent=1292059"}],"wp:term":[{"taxonomy":"property_type","embeddable":true,"href":"https:\/\/www.serra.immo\/ca\/wp-json\/wp\/v2\/property_type?post=1292059"},{"taxonomy":"property_status","embeddable":true,"href":"https:\/\/www.serra.immo\/ca\/wp-json\/wp\/v2\/property_status?post=1292059"},{"taxonomy":"property_feature","embeddable":true,"href":"https:\/\/www.serra.immo\/ca\/wp-json\/wp\/v2\/property_feature?post=1292059"},{"taxonomy":"property_label","embeddable":true,"href":"https:\/\/www.serra.immo\/ca\/wp-json\/wp\/v2\/property_label?post=1292059"},{"taxonomy":"property_state","embeddable":true,"href":"https:\/\/www.serra.immo\/ca\/wp-json\/wp\/v2\/property_state?post=1292059"},{"taxonomy":"property_city","embeddable":true,"href":"https:\/\/www.serra.immo\/ca\/wp-json\/wp\/v2\/property_city?post=1292059"},{"taxonomy":"property_area","embeddable":true,"href":"https:\/\/www.serra.immo\/ca\/wp-json\/wp\/v2\/property_area?post=1292059"}],"curies":[{"name":"wp","href":"https:\/\/api.w.org\/{rel}","templated":true}]}}

Ref. 53RJUMARTI60/5459 – ES LLOGA O VEN LOCAL I MAGATZEM AL BARRI DELS CLOTS DE VILAFRANCA DEL PENEDÈS

<p>Oportunitat comercial al cor de Vilafranca del Penedès!</p>
<p>Es lloga per 1.300€ al mes o en venda per 220.000€ un ampli local comercial amb magatzem al barri de les Clotes, una ubicació estratègica ideal per a negocis que necessitin un espai d&#039;oficines independent i una àrea d&#039;emmagatzematge a prop.</p>
<p>El local, amb ús destinat a oficines, ofereix un ambient professional i funcional per a la teva empresa, mentre que el magatzem, ubicat a pocs metres, és perfecte per emmagatzemar productes o materials de manera eficient i segura.</p>
<p>Tots dos espais són a la mateixa façana, permetent gestionar la teva activitat de manera còmoda i sense desplaçaments llargs entre tots dos. Tot això per només 220.000€.</p>
<p>Lloguer: 1.300€/mes.</p>
<p>No deixeu passar aquesta excel·lent oportunitat d&#039;inversió per al vostre negoci. Demana més informació i descobreix com aquest local pot ser l&#039;espai perfecte per a tu!</p>
<p>Informació per al comprador ´<br />
El preu de venda no inclou els impostos legalment exigibles com a ITP en segona mà o IVA i AJD en obra nova, tampoc les despeses derivades de la compravenda, com ara impostos, notaria, gestoria, registre o qualsevol altre que pogués correspondre al comprador.<br />
 (Despeses de notaria, gestoria i registre, són imports segons l&#039;aranzel de cada notaria i cada registre i no es poden precisar).<br />
Els honoraris de l&#039;agència els assumeix la part venedora.</p>
<p>La informació continguda en aquest anunci, inclosos textos, imatges i superfícies, s&#039;ofereix a títol merament informatiu i no té caràcter contractual, i pot estar subjecta a errors, modificacions o retirada sense avís previ.</p>
