{"id":1289991,"date":"2026-04-27T13:36:28","date_gmt":"2026-04-27T11:36:28","guid":{"rendered":"https:\/\/www.serra.immo\/propiedad\/ref-03-22527-1098-zona-vip-local-en-alquiler-en-la-rambla-principal-de-vilanova\/"},"modified":"2026-04-27T13:36:28","modified_gmt":"2026-04-27T11:36:28","slug":"ref-03-22527-1098-zona-vip-local-de-lloguer-a-la-rambla-principal-de-vilanova","status":"publish","type":"property","link":"https:\/\/www.serra.immo\/ca\/propiedad\/ref-03-22527-1098-zona-vip-local-en-alquiler-en-la-rambla-principal-de-vilanova\/","title":{"rendered":"Ref. 03-22527\/1098 \u2013 ZONA VIP: Local de lloguer a la Rambla Principal de Vilanova"},"content":{"rendered":"<p>Si cerques un local per establir el teu negoci, no pots deixar passar aquesta oportunitat. La Rambla Principal de Vilanova i la Geltr\u00fa \u00e9s reconeguda com el nucli comercial de vianants m\u00e9s din\u00e0mic i concorregut del Garraf, atraient una gran quantitat de visitants locals i turistes provinents de Sitges, Sant Pere de Ribes, Canyelles i altres municipis propers.<br \/>\nAquest destacat espai compta amb 77 m\u00b2 \u00fatils situats estrat\u00e8gicament a la millor zona comercial; la seva \u00e0mplia fa\u00e7ana gaireb\u00e9 arriba als 5 metres brindant excel\u00b7lent visibilitat. L&#039;acc\u00e9s principal es realitza per una porta de 3 metres que convida a entrar al local encara sense acabar (en brut), cosa que et permet personalitzar-lo segons les teves necessitats espec\u00edfiques des de l&#039;inici. A m\u00e9s, t\u00e9 sortida per a fums i insonoritzaci\u00f3 ac\u00fastica.<br \/>\nRecorda que el teu \u00e8xit est\u00e0 assegurat si decideixes fer aquest primer pas cap al teu propi emprenedoria aqu\u00ed mateix, on ja operen les franqu\u00edcies m\u00e9s importants del pa\u00eds<br \/>\nEl preu de lloguer no inclou IVA.<br \/>\n\u00a1\u00a1 No esperis m\u00e9s! Contacta&#039;ns com m\u00e9s aviat millor per programar una visita.<\/p>","protected":false},"excerpt":{"rendered":"<p>Si cerques un local per establir el teu negoci, no pots deixar passar aquesta oportunitat. La Rambla Principal de Vilanova i la Geltr\u00fa \u00e9s reconeguda com el nucli comercial de vianants m\u00e9s din\u00e0mic i concorregut del Garraf, atraient una gran quantitat de visitants locals i turistes provinents de Sitges, Sant Pere de Ribes, Canyelles i altres municipis propers.<br \/>\nAquest destacat espai compta amb 77 m\u00b2 \u00fatils situats estrat\u00e8gicament a la millor zona comercial; la seva \u00e0mplia fa\u00e7ana gaireb\u00e9 arriba als 5 metres brindant excel\u00b7lent visibilitat. L&#039;acc\u00e9s principal es realitza per una porta de 3 metres que convida a entrar al local encara sense acabar (en brut), cosa que et permet personalitzar-lo segons les teves necessitats espec\u00edfiques des de l&#039;inici. A m\u00e9s, t\u00e9 sortida per a fums i insonoritzaci\u00f3 ac\u00fastica.<br \/>\nRecorda que el teu \u00e8xit est\u00e0 assegurat si decideixes fer aquest primer pas cap al teu propi emprenedoria aqu\u00ed mateix, on ja operen les franqu\u00edcies m\u00e9s importants del pa\u00eds<br \/>\nEl preu de lloguer no inclou IVA.<br \/>\n\u00a1\u00a1 No esperis m\u00e9s! Contacta&#039;ns com m\u00e9s aviat millor per programar una visita.<\/p>","protected":false},"author":4,"featured_media":1289992,"parent":0,"menu_order":0,"template":"","property_type":[841],"property_status":[204],"property_feature":[],"property_label":[],"property_state":[],"property_city":[198],"property_area":[199],"class_list":["post-1289991","property","type-property","status-publish","has-post-thumbnail","hentry","property_type-locales-comerciales","property_status-alquilar","property_city-vilanova-i-la-geltru","property_area-centre"],"property_meta":{"fave_currency":["EUR"],"fave_currency_info":[""],"fave_property_price":["2500"],"fave_property_size":["77.00"],"fave_property_size_prefix":["m2"],"fave_property_land":["0"],"fave_property_land_postfix":["m2"],"fave_property_bedrooms":["0"],"fave_property_bathrooms":["0"],"fave_virtual_tour":["0"],"fave_property_map":["1"],"fave_property_id":["03-22527\/1098"],"fave_property_year":["1970"],"fave_property_zip":["08800"],"fave_featured":["0"],"houzez_featured_listing_date":[""],"fave_agent_display_option":["agent_info"],"fave_prop_homeslider":["no"],"fave_energy_class":["B"],"fave_energy_global_index":["29"],"fave_energy_performance":["A"],"fave_renewable_energy_global_index":["5"],"floor_plans":[""],"fave_multi_units":[""],"additional_features":[""],"fave_agents":["1179704"],"fave_property_agency":["1214635"],"fave_property_map_address":[null],"fave_property_location":["41.224420998785,1.7247536575272"],"houzez_geolocation_lat":["41.224420998785"],"houzez_geolocation_long":["1.7247536575272"],"aicat":["1"],"_wp_page_template":["default"],"fave_property_images":["1289992","1289992","1289993","1289994","1289995","1289996","1289997","1289998","1289999","1290000","1290001","1290002"],"_thumbnail_id":["1289992"],"houzez_total_property_views":["1"],"houzez_views_by_date":["a:1:{s:10:\"04-27-2026\";i:1;}"],"houzez_recently_viewed":["2026-04-27 14:45:33"],"_elementor_page_assets":["a:0:{}"]},"_links":{"self":[{"href":"https:\/\/www.serra.immo\/ca\/wp-json\/wp\/v2\/properties\/1289991","targetHints":{"allow":["GET"]}}],"collection":[{"href":"https:\/\/www.serra.immo\/ca\/wp-json\/wp\/v2\/properties"}],"about":[{"href":"https:\/\/www.serra.immo\/ca\/wp-json\/wp\/v2\/types\/property"}],"author":[{"embeddable":true,"href":"https:\/\/www.serra.immo\/ca\/wp-json\/wp\/v2\/users\/4"}],"version-history":[{"count":0,"href":"https:\/\/www.serra.immo\/ca\/wp-json\/wp\/v2\/properties\/1289991\/revisions"}],"wp:featuredmedia":[{"embeddable":true,"href":"https:\/\/www.serra.immo\/ca\/wp-json\/wp\/v2\/media\/1289992"}],"wp:attachment":[{"href":"https:\/\/www.serra.immo\/ca\/wp-json\/wp\/v2\/media?parent=1289991"}],"wp:term":[{"taxonomy":"property_type","embeddable":true,"href":"https:\/\/www.serra.immo\/ca\/wp-json\/wp\/v2\/property_type?post=1289991"},{"taxonomy":"property_status","embeddable":true,"href":"https:\/\/www.serra.immo\/ca\/wp-json\/wp\/v2\/property_status?post=1289991"},{"taxonomy":"property_feature","embeddable":true,"href":"https:\/\/www.serra.immo\/ca\/wp-json\/wp\/v2\/property_feature?post=1289991"},{"taxonomy":"property_label","embeddable":true,"href":"https:\/\/www.serra.immo\/ca\/wp-json\/wp\/v2\/property_label?post=1289991"},{"taxonomy":"property_state","embeddable":true,"href":"https:\/\/www.serra.immo\/ca\/wp-json\/wp\/v2\/property_state?post=1289991"},{"taxonomy":"property_city","embeddable":true,"href":"https:\/\/www.serra.immo\/ca\/wp-json\/wp\/v2\/property_city?post=1289991"},{"taxonomy":"property_area","embeddable":true,"href":"https:\/\/www.serra.immo\/ca\/wp-json\/wp\/v2\/property_area?post=1289991"}],"curies":[{"name":"wp","href":"https:\/\/api.w.org\/{rel}","templated":true}]}}

<p>Si cerques un local per establir el teu negoci, no pots deixar passar aquesta oportunitat. La Rambla Principal de Vilanova i la Geltrú és reconeguda com el nucli comercial de vianants més dinàmic i concorregut del Garraf, atraient una gran quantitat de visitants locals i turistes provinents de Sitges, Sant Pere de Ribes, Canyelles i altres municipis propers.<br />
Aquest destacat espai compta amb 77 m² útils situats estratègicament a la millor zona comercial; la seva àmplia façana gairebé arriba als 5 metres brindant excel·lent visibilitat. L&#039;accés principal es realitza per una porta de 3 metres que convida a entrar al local encara sense acabar (en brut), cosa que et permet personalitzar-lo segons les teves necessitats específiques des de l&#039;inici. A més, té sortida per a fums i insonorització acústica.<br />
Recorda que el teu èxit està assegurat si decideixes fer aquest primer pas cap al teu propi emprenedoria aquí mateix, on ja operen les franquícies més importants del país<br />
El preu de lloguer no inclou IVA.<br />
¡¡ No esperis més! Contacta&#039;ns com més aviat millor per programar una visita.</p>
