{"id":1285477,"date":"2026-04-27T01:37:24","date_gmt":"2026-04-26T23:37:24","guid":{"rendered":"https:\/\/www.serra.immo\/propiedad\/ref-73-lv-390-6143-local-comercial-en-venta\/"},"modified":"2026-04-27T01:37:24","modified_gmt":"2026-04-26T23:37:24","slug":"ref-73-lv-390-6143-local-comercial-en-venda","status":"publish","type":"property","link":"https:\/\/www.serra.immo\/ca\/propiedad\/ref-73-lv-390-6143-local-comercial-en-venta\/","title":{"rendered":"Ref. 73-LV-390\/6143 \u2013 Local Comercial en Venda"},"content":{"rendered":"<p>OPORTUNITAT! Local en venda, actualment est\u00e0 preparat per a Bar restaurant. A la zona Sant Joan de Vilanova i la Geltr\u00fa. Carrer Bail\u00e9n 25, al costat del Parc Torre d&#039;Enveja. T\u00e9 114 m2 constru\u00efts. Compte amb una \u00e0mplia sala per a 40 comensals, 2 lavabos, barra, cuina i magatzem. Aire condicionat i bomba de calor, ventiladors de sostre.<br \/>\nEs ven amb taules i cadires, barra, cuina equipada (forn, cuina, campana, pica, etc.), neveres, congeladors, etc\u2026 Com que \u00e9s un local di\u00e0fan tamb\u00e9 \u00e9s apte per a qualsevol tipus de negoci.<br \/>\nPosa&#039;t en contacte amb nosaltres per a m\u00e9s informaci\u00f3 i VINE A VEURE&#039;L!<\/p>\n<p>-Despeses de not\u00e0ria, registre, gestoria i finan\u00e7ament i impostos subjectes a IVA, ITP o AJD no incloses en el preu. Honoraris ag\u00e8ncia inclosos en el preu.<\/p>","protected":false},"excerpt":{"rendered":"<p>OPORTUNITAT! Local en venda, actualment est\u00e0 preparat per a Bar restaurant. A la zona Sant Joan de Vilanova i la Geltr\u00fa. Carrer Bail\u00e9n 25, al costat del Parc Torre d&#039;Enveja. T\u00e9 114 m2 constru\u00efts. Compte amb una \u00e0mplia sala per a 40 comensals, 2 lavabos, barra, cuina i magatzem. Aire condicionat i bomba de calor, ventiladors de sostre.<br \/>\nEs ven amb taules i cadires, barra, cuina equipada (forn, cuina, campana, pica, etc.), neveres, congeladors, etc\u2026 Com que \u00e9s un local di\u00e0fan tamb\u00e9 \u00e9s apte per a qualsevol tipus de negoci.<br \/>\nPosa&#039;t en contacte amb nosaltres per a m\u00e9s informaci\u00f3 i VINE A VEURE&#039;L!<\/p>\n<p>-Despeses de not\u00e0ria, registre, gestoria i finan\u00e7ament i impostos subjectes a IVA, ITP o AJD no incloses en el preu. Honoraris ag\u00e8ncia inclosos en el preu.<\/p>","protected":false},"author":4,"featured_media":1285478,"parent":0,"menu_order":0,"template":"","property_type":[841],"property_status":[371],"property_feature":[375,382],"property_label":[],"property_state":[],"property_city":[198],"property_area":[232],"class_list":["post-1285477","property","type-property","status-publish","has-post-thumbnail","hentry","property_type-locales-comerciales","property_status-comprar","property_feature-calefaccion","property_feature-oeste","property_city-vilanova-i-la-geltru","property_area-st-joan"],"property_meta":{"fave_currency":["EUR"],"fave_currency_info":[""],"fave_property_price":["190000"],"fave_property_size":["85.00"],"fave_property_size_prefix":["m2"],"fave_property_land":["0"],"fave_property_land_postfix":["m2"],"fave_property_bedrooms":["0"],"fave_property_bathrooms":["2"],"fave_virtual_tour":["0"],"fave_property_map":["1"],"fave_property_id":["73-LV-390\/6143"],"fave_property_year":["2000"],"fave_property_zip":["08800"],"fave_featured":["0"],"houzez_featured_listing_date":[""],"fave_agent_display_option":["agent_info"],"fave_prop_homeslider":["no"],"fave_energy_class":["F"],"fave_energy_global_index":["139"],"fave_energy_performance":["E"],"fave_renewable_energy_global_index":["24"],"floor_plans":[""],"fave_multi_units":[""],"additional_features":[""],"fave_agents":["1179704"],"fave_property_agency":["1214635"],"fave_property_map_address":[null],"fave_property_location":["41.224646418,1.714829978"],"houzez_geolocation_lat":["41.224646418"],"houzez_geolocation_long":["1.714829978"],"aicat":["1"],"_wp_page_template":["default"],"fave_property_images":["1285478","1285478","1285479","1285480","1285481","1285482","1285483","1285484","1285485","1285486","1285487","1285488","1285489","1285490","1285491","1285492","1285493","1285494","1285495","1285496","1285497","1285498","1285499","1285500","1285501","1285502","1285503","1285504","1285505","1285506","1285507","1285508"],"_thumbnail_id":["1285478"],"houzez_total_property_views":["13"],"houzez_views_by_date":["a:2:{s:10:\"04-27-2026\";i:4;s:10:\"04-28-2026\";i:9;}"],"houzez_recently_viewed":["2026-04-29 01:53:37"],"_elementor_page_assets":["a:0:{}"]},"_links":{"self":[{"href":"https:\/\/www.serra.immo\/ca\/wp-json\/wp\/v2\/properties\/1285477","targetHints":{"allow":["GET"]}}],"collection":[{"href":"https:\/\/www.serra.immo\/ca\/wp-json\/wp\/v2\/properties"}],"about":[{"href":"https:\/\/www.serra.immo\/ca\/wp-json\/wp\/v2\/types\/property"}],"author":[{"embeddable":true,"href":"https:\/\/www.serra.immo\/ca\/wp-json\/wp\/v2\/users\/4"}],"version-history":[{"count":0,"href":"https:\/\/www.serra.immo\/ca\/wp-json\/wp\/v2\/properties\/1285477\/revisions"}],"wp:featuredmedia":[{"embeddable":true,"href":"https:\/\/www.serra.immo\/ca\/wp-json\/wp\/v2\/media\/1285478"}],"wp:attachment":[{"href":"https:\/\/www.serra.immo\/ca\/wp-json\/wp\/v2\/media?parent=1285477"}],"wp:term":[{"taxonomy":"property_type","embeddable":true,"href":"https:\/\/www.serra.immo\/ca\/wp-json\/wp\/v2\/property_type?post=1285477"},{"taxonomy":"property_status","embeddable":true,"href":"https:\/\/www.serra.immo\/ca\/wp-json\/wp\/v2\/property_status?post=1285477"},{"taxonomy":"property_feature","embeddable":true,"href":"https:\/\/www.serra.immo\/ca\/wp-json\/wp\/v2\/property_feature?post=1285477"},{"taxonomy":"property_label","embeddable":true,"href":"https:\/\/www.serra.immo\/ca\/wp-json\/wp\/v2\/property_label?post=1285477"},{"taxonomy":"property_state","embeddable":true,"href":"https:\/\/www.serra.immo\/ca\/wp-json\/wp\/v2\/property_state?post=1285477"},{"taxonomy":"property_city","embeddable":true,"href":"https:\/\/www.serra.immo\/ca\/wp-json\/wp\/v2\/property_city?post=1285477"},{"taxonomy":"property_area","embeddable":true,"href":"https:\/\/www.serra.immo\/ca\/wp-json\/wp\/v2\/property_area?post=1285477"}],"curies":[{"name":"wp","href":"https:\/\/api.w.org\/{rel}","templated":true}]}}

<p>OPORTUNITAT! Local en venda, actualment està preparat per a Bar restaurant. A la zona Sant Joan de Vilanova i la Geltrú. Carrer Bailén 25, al costat del Parc Torre d&#039;Enveja. Té 114 m2 construïts. Compte amb una àmplia sala per a 40 comensals, 2 lavabos, barra, cuina i magatzem. Aire condicionat i bomba de calor, ventiladors de sostre.<br />
Es ven amb taules i cadires, barra, cuina equipada (forn, cuina, campana, pica, etc.), neveres, congeladors, etc… Com que és un local diàfan també és apte per a qualsevol tipus de negoci.<br />
Posa&#039;t en contacte amb nosaltres per a més informació i VINE A VEURE&#039;L!</p>
<p>-Despeses de notària, registre, gestoria i finançament i impostos subjectes a IVA, ITP o AJD no incloses en el preu. Honoraris agència inclosos en el preu.</p>
