{"id":1283309,"date":"2026-04-28T13:31:04","date_gmt":"2026-04-28T11:31:04","guid":{"rendered":"https:\/\/www.serra.immo\/propiedad\/ref-5-2412-1086-planta-baja-de-obra-nueva-con-garaje-y-patio-en-venta-en-sant-pere-de-ribes-les-roquetes\/"},"modified":"2026-04-28T13:31:04","modified_gmt":"2026-04-28T11:31:04","slug":"ref-5-2412-1086-planta-baixa-dobra-nova-amb-garatge-i-pati-en-venda-a-sant-pere-de-ribes-les-roquetes","status":"publish","type":"property","link":"https:\/\/www.serra.immo\/ca\/propiedad\/ref-5-2412-1086-planta-baja-de-obra-nueva-con-garaje-y-patio-en-venta-en-sant-pere-de-ribes-les-roquetes\/","title":{"rendered":"Ref. 5-2412\/1086 \u2013 Planta baixa d\u00b4obra nova, amb garatge i pati, en venda a Sant Pere de Ribes, Les Roquetes"},"content":{"rendered":"<p>Planta baixa d\u00b4obra nova al centre de les Roquetes. Amb una superf\u00edcie constru\u00efda de 88 m2<\/p>\n<p>Disposa d\u00b4ampli menjador amb cuina americana i sortida directa a un pati privatiu de 50 m2\u2026un veritable luxe en una ubicaci\u00f3 privilegiada. L\u00b4habitatge consta de 2 habitacions \u00e0mplies amb terres de parquet. El bany \u00e9s completa amb dutxa.<\/p>\n<p>Disposa de pla\u00e7a d\u00b4aparcament amb acc\u00e9s directe des del carrer.<\/p>\n<p>T&#039;animes?<\/p>\n<p>El preu no inclou impostos ni despeses de compravenda (notaria, registre, etc.). La informaci\u00f3 exposada \u00e9s orientativa i pot estar subjecta a errors o omissions involunt\u00e0ries.<\/p>","protected":false},"excerpt":{"rendered":"<p>Planta baixa d\u00b4obra nova al centre de les Roquetes. Amb una superf\u00edcie constru\u00efda de 88 m2<\/p>\n<p>Disposa d\u00b4ampli menjador amb cuina americana i sortida directa a un pati privatiu de 50 m2\u2026un veritable luxe en una ubicaci\u00f3 privilegiada. L\u00b4habitatge consta de 2 habitacions \u00e0mplies amb terres de parquet. El bany \u00e9s completa amb dutxa.<\/p>\n<p>Disposa de pla\u00e7a d\u00b4aparcament amb acc\u00e9s directe des del carrer.<\/p>\n<p>T&#039;animes?<\/p>\n<p>El preu no inclou impostos ni despeses de compravenda (notaria, registre, etc.). La informaci\u00f3 exposada \u00e9s orientativa i pot estar subjecta a errors o omissions involunt\u00e0ries.<\/p>","protected":false},"author":4,"featured_media":1303835,"parent":0,"menu_order":0,"template":"","property_type":[835],"property_status":[371],"property_feature":[374,375,377],"property_label":[],"property_state":[],"property_city":[898],"property_area":[199],"class_list":["post-1283309","property","type-property","status-publish","has-post-thumbnail","hentry","property_type-viviendas","property_status-comprar","property_feature-aire-acondicionado","property_feature-calefaccion","property_feature-terraza","property_city-roquetes","property_area-centre"],"property_meta":{"fave_currency":["EUR"],"fave_currency_info":[""],"fave_property_price":["256800"],"fave_property_size":["68.00"],"fave_property_size_prefix":["m2"],"fave_property_land":["125"],"fave_property_land_postfix":["m2"],"fave_property_bedrooms":["2"],"fave_property_bathrooms":["1"],"fave_property_garage":["1"],"fave_virtual_tour":["0"],"fave_property_map":["1"],"fave_property_id":["5-2412\/1086"],"fave_property_year":["2024"],"fave_property_zip":["08812"],"fave_featured":["0"],"houzez_featured_listing_date":[""],"fave_agent_display_option":["agent_info"],"fave_prop_homeslider":["no"],"fave_energy_class":["G"],"fave_energy_global_index":["0"],"fave_energy_performance":["G"],"fave_renewable_energy_global_index":["0"],"floor_plans":[""],"fave_multi_units":[""],"additional_features":[""],"fave_agents":["1179704"],"fave_property_agency":["1214635"],"fave_property_map_address":[null],"fave_property_location":["41.2292905,1.7471434000000272"],"houzez_geolocation_lat":["41.2292905"],"houzez_geolocation_long":["1.7471434000000272"],"aicat":["1"],"_wp_page_template":["default"],"fave_property_images":["1303835","1303835","1303836","1303837","1303838","1303839","1303840","1303841","1303842","1303843","1303844"],"_thumbnail_id":["1303835"],"houzez_total_property_views":["5"],"houzez_views_by_date":["a:1:{s:10:\"04-28-2026\";i:5;}"],"houzez_recently_viewed":["2026-04-29 01:53:16"],"_elementor_page_assets":["a:0:{}"]},"_links":{"self":[{"href":"https:\/\/www.serra.immo\/ca\/wp-json\/wp\/v2\/properties\/1283309","targetHints":{"allow":["GET"]}}],"collection":[{"href":"https:\/\/www.serra.immo\/ca\/wp-json\/wp\/v2\/properties"}],"about":[{"href":"https:\/\/www.serra.immo\/ca\/wp-json\/wp\/v2\/types\/property"}],"author":[{"embeddable":true,"href":"https:\/\/www.serra.immo\/ca\/wp-json\/wp\/v2\/users\/4"}],"version-history":[{"count":0,"href":"https:\/\/www.serra.immo\/ca\/wp-json\/wp\/v2\/properties\/1283309\/revisions"}],"wp:featuredmedia":[{"embeddable":true,"href":"https:\/\/www.serra.immo\/ca\/wp-json\/wp\/v2\/media\/1303835"}],"wp:attachment":[{"href":"https:\/\/www.serra.immo\/ca\/wp-json\/wp\/v2\/media?parent=1283309"}],"wp:term":[{"taxonomy":"property_type","embeddable":true,"href":"https:\/\/www.serra.immo\/ca\/wp-json\/wp\/v2\/property_type?post=1283309"},{"taxonomy":"property_status","embeddable":true,"href":"https:\/\/www.serra.immo\/ca\/wp-json\/wp\/v2\/property_status?post=1283309"},{"taxonomy":"property_feature","embeddable":true,"href":"https:\/\/www.serra.immo\/ca\/wp-json\/wp\/v2\/property_feature?post=1283309"},{"taxonomy":"property_label","embeddable":true,"href":"https:\/\/www.serra.immo\/ca\/wp-json\/wp\/v2\/property_label?post=1283309"},{"taxonomy":"property_state","embeddable":true,"href":"https:\/\/www.serra.immo\/ca\/wp-json\/wp\/v2\/property_state?post=1283309"},{"taxonomy":"property_city","embeddable":true,"href":"https:\/\/www.serra.immo\/ca\/wp-json\/wp\/v2\/property_city?post=1283309"},{"taxonomy":"property_area","embeddable":true,"href":"https:\/\/www.serra.immo\/ca\/wp-json\/wp\/v2\/property_area?post=1283309"}],"curies":[{"name":"wp","href":"https:\/\/api.w.org\/{rel}","templated":true}]}}

<p>Planta baixa d´obra nova al centre de les Roquetes. Amb una superfície construïda de 88 m2</p>
<p>Disposa d´ampli menjador amb cuina americana i sortida directa a un pati privatiu de 50 m2…un veritable luxe en una ubicació privilegiada. L´habitatge consta de 2 habitacions àmplies amb terres de parquet. El bany és completa amb dutxa.</p>
<p>Disposa de plaça d´aparcament amb accés directe des del carrer.</p>
<p>T&#039;animes?</p>
<p>El preu no inclou impostos ni despeses de compravenda (notaria, registre, etc.). La informació exposada és orientativa i pot estar subjecta a errors o omissions involuntàries.</p>
