{"id":1281112,"date":"2026-04-28T13:36:13","date_gmt":"2026-04-28T11:36:13","guid":{"rendered":"https:\/\/www.serra.immo\/propiedad\/ref-18-02591-1266-casa-unifamiliar-para-reformar\/"},"modified":"2026-04-28T13:36:13","modified_gmt":"2026-04-28T11:36:13","slug":"ref-18-02591-1266-casa-unifamiliar-amb-jardi","status":"publish","type":"property","link":"https:\/\/www.serra.immo\/ca\/propiedad\/ref-18-02591-1266-casa-unifamiliar-con-jardin\/","title":{"rendered":"Ref. 18-02591\/1266 \u2013 Casa UNIFAMILIAR amb jard\u00ed"},"content":{"rendered":"<p>Casa a reformar a Segur de Calafell en una parcel\u00b7la de 406 m\u00b2<\/p>\n<p>A Segur de Calafell es ven un habitatge unifamiliar per reformar, ubicat en una zona tranquil\u00b7la i ben comunicada. La propietat disposa duna parcel\u00b7la de 406 m\u00b2 i una superf\u00edcie constru\u00efda de 180 m\u00b2, distribu\u00efts en dues sola planta.<\/p>\n<p>Ideal per als que busquen personalitzar casa seva a mida o invertir en una zona amb alta demanda. La parcel\u00b7la disposa d\u00b4una zona enjardinada i terrassa.<\/p>\n<p>L&#039;habitatge necessita reforma ja que fa temps que no est\u00e0 ocupat, cosa que fa intresant per adaptar-lo a les seves necessitats.<\/p>\n<p>Caracter\u00edstiques principals:<br \/>\n\u2022Parcel\u00b7la de 400 m\u00b2<br \/>\n\u2022Habitatge de 120 m\u00b2<br \/>\n\u20224 habitacions (possibilitat de redistribuir)<br \/>\n\u20222 bany i lavabo<br \/>\n\u2022Cuina independent<br \/>\n\u2022Zona amb serveis i supermeracats propers.<\/p>\n<p>A la planta baixa disposa d\u00b4un ampli sal\u00f3 menjador amb llar de foc, cuina, una habitaci\u00f3, un bany i el garatge.<br \/>\nPujant a planta 1 es troben 3 habitacions amb 2 banys.<\/p>\n<p>Entorn:<br \/>\nA nom\u00e9s uns minuts amb cotxe de la platja, del port esportiu i del centre de Calafell. Bona connexi\u00f3 amb Barcelona i Tarragona per carretera (C-32) i tren (estaci\u00f3 de Segur).<\/p>\n<p>Oportunitat per viure tot l&#039;any o com a segona resid\u00e8ncia a prop del mar.<\/p>\n<p>Contacta&#039;ns per a m\u00e9s informaci\u00f3 o per agendar una visita!<\/p>\n<p>NOTA:<br \/>\nEn els imports ofert no estan inclosos els impostos ni les taxes que s&#039;apliquen a la compravenda o lloguer ni cap de les despeses de formalitzaci\u00f3.<br \/>\nLes fotografies, v\u00eddeos i la resta de documentaci\u00f3 gr\u00e0fica poden no correspondre amb la realitat, s\u00ed com els metratges i superf\u00edcies no tenen car\u00e0cter contractual.<br \/>\nTret que s&#039;indiqui espec\u00edficament, els mobles i l&#039;equipament que apareixen als anuncis no estan inclosos en el preu.<br \/>\nTampoc estan incloses en el preus les despeses i impostos de formalitzaci\u00f3 de la compravenda: IVA, ITP, Notari, Registre, etc.<\/p>","protected":false},"excerpt":{"rendered":"<p>Casa a reformar a Segur de Calafell en una parcel\u00b7la de 406 m\u00b2<\/p>\n<p>A Segur de Calafell es ven un habitatge unifamiliar per reformar, ubicat en una zona tranquil\u00b7la i ben comunicada. La propietat disposa duna parcel\u00b7la de 406 m\u00b2 i una superf\u00edcie constru\u00efda de 180 m\u00b2, distribu\u00efts en dues sola planta.<\/p>\n<p>Ideal per als que busquen personalitzar casa seva a mida o invertir en una zona amb alta demanda. La parcel\u00b7la disposa d\u00b4una zona enjardinada i terrassa.<\/p>\n<p>L&#039;habitatge necessita reforma ja que fa temps que no est\u00e0 ocupat, cosa que fa intresant per adaptar-lo a les seves necessitats.<\/p>\n<p>Caracter\u00edstiques principals:<br \/>\n\u2022Parcel\u00b7la de 400 m\u00b2<br \/>\n\u2022Habitatge de 120 m\u00b2<br \/>\n\u20224 habitacions (possibilitat de redistribuir)<br \/>\n\u20222 bany i lavabo<br \/>\n\u2022Cuina independent<br \/>\n\u2022Zona amb serveis i supermeracats propers.<\/p>\n<p>A la planta baixa disposa d\u00b4un ampli sal\u00f3 menjador amb llar de foc, cuina, una habitaci\u00f3, un bany i el garatge.<br \/>\nPujant a planta 1 es troben 3 habitacions amb 2 banys.<\/p>\n<p>Entorn:<br \/>\nA nom\u00e9s uns minuts amb cotxe de la platja, del port esportiu i del centre de Calafell. Bona connexi\u00f3 amb Barcelona i Tarragona per carretera (C-32) i tren (estaci\u00f3 de Segur).<\/p>\n<p>Oportunitat per viure tot l&#039;any o com a segona resid\u00e8ncia a prop del mar.<\/p>\n<p>Contacta&#039;ns per a m\u00e9s informaci\u00f3 o per agendar una visita!<\/p>\n<p>NOTA:<br \/>\nEn els imports ofert no estan inclosos els impostos ni les taxes que s&#039;apliquen a la compravenda o lloguer ni cap de les despeses de formalitzaci\u00f3.<br \/>\nLes fotografies, v\u00eddeos i la resta de documentaci\u00f3 gr\u00e0fica poden no correspondre amb la realitat, s\u00ed com els metratges i superf\u00edcies no tenen car\u00e0cter contractual.<br \/>\nTret que s&#039;indiqui espec\u00edficament, els mobles i l&#039;equipament que apareixen als anuncis no estan inclosos en el preu.<br \/>\nTampoc estan incloses en el preus les despeses i impostos de formalitzaci\u00f3 de la compravenda: IVA, ITP, Notari, Registre, etc.<\/p>","protected":false},"author":4,"featured_media":1282708,"parent":0,"menu_order":0,"template":"","property_type":[835],"property_status":[371],"property_feature":[],"property_label":[],"property_state":[],"property_city":[396],"property_area":[889],"class_list":["post-1281112","property","type-property","status-publish","has-post-thumbnail","hentry","property_type-viviendas","property_status-comprar","property_city-segur-de-calafell","property_area-plaza-espanya"],"property_meta":{"fave_currency":["EUR"],"fave_currency_info":[""],"fave_property_price":["289000"],"fave_property_size":["115.00"],"fave_property_size_prefix":["m2"],"fave_property_land":["406"],"fave_property_land_postfix":["m2"],"fave_property_bedrooms":["4"],"fave_property_bathrooms":["3"],"fave_virtual_tour":["0"],"fave_property_map":["1"],"fave_property_id":["18-02591\/1266"],"fave_property_year":["1988"],"fave_property_zip":["43882"],"fave_featured":["0"],"houzez_featured_listing_date":[""],"fave_agent_display_option":["agent_info"],"fave_prop_homeslider":["no"],"floor_plans":[""],"fave_multi_units":[""],"additional_features":[""],"fave_agents":["1179704"],"fave_property_agency":["1214635"],"fave_property_map_address":[null],"fave_property_location":["41.1993552098809,1.59834547384001"],"houzez_geolocation_lat":["41.1993552098809"],"houzez_geolocation_long":["1.59834547384001"],"aicat":["1"],"_wp_page_template":["default"],"fave_property_images":["1282708","1282708","1282709","1282710","1282711","1282712","1282713","1282714","1282715","1282716","1282717","1282718","1282719","1282720","1282721","1282722","1282723","1282724","1282725","1282726","1282727","1282728","1282729","1322065","1322066","1322067"],"_thumbnail_id":["1282708"],"houzez_total_property_views":["3"],"houzez_views_by_date":["a:1:{s:10:\"04-28-2026\";i:3;}"],"houzez_recently_viewed":["2026-04-28 16:42:41"],"_elementor_page_assets":["a:0:{}"]},"_links":{"self":[{"href":"https:\/\/www.serra.immo\/ca\/wp-json\/wp\/v2\/properties\/1281112","targetHints":{"allow":["GET"]}}],"collection":[{"href":"https:\/\/www.serra.immo\/ca\/wp-json\/wp\/v2\/properties"}],"about":[{"href":"https:\/\/www.serra.immo\/ca\/wp-json\/wp\/v2\/types\/property"}],"author":[{"embeddable":true,"href":"https:\/\/www.serra.immo\/ca\/wp-json\/wp\/v2\/users\/4"}],"version-history":[{"count":0,"href":"https:\/\/www.serra.immo\/ca\/wp-json\/wp\/v2\/properties\/1281112\/revisions"}],"wp:featuredmedia":[{"embeddable":true,"href":"https:\/\/www.serra.immo\/ca\/wp-json\/wp\/v2\/media\/1282708"}],"wp:attachment":[{"href":"https:\/\/www.serra.immo\/ca\/wp-json\/wp\/v2\/media?parent=1281112"}],"wp:term":[{"taxonomy":"property_type","embeddable":true,"href":"https:\/\/www.serra.immo\/ca\/wp-json\/wp\/v2\/property_type?post=1281112"},{"taxonomy":"property_status","embeddable":true,"href":"https:\/\/www.serra.immo\/ca\/wp-json\/wp\/v2\/property_status?post=1281112"},{"taxonomy":"property_feature","embeddable":true,"href":"https:\/\/www.serra.immo\/ca\/wp-json\/wp\/v2\/property_feature?post=1281112"},{"taxonomy":"property_label","embeddable":true,"href":"https:\/\/www.serra.immo\/ca\/wp-json\/wp\/v2\/property_label?post=1281112"},{"taxonomy":"property_state","embeddable":true,"href":"https:\/\/www.serra.immo\/ca\/wp-json\/wp\/v2\/property_state?post=1281112"},{"taxonomy":"property_city","embeddable":true,"href":"https:\/\/www.serra.immo\/ca\/wp-json\/wp\/v2\/property_city?post=1281112"},{"taxonomy":"property_area","embeddable":true,"href":"https:\/\/www.serra.immo\/ca\/wp-json\/wp\/v2\/property_area?post=1281112"}],"curies":[{"name":"wp","href":"https:\/\/api.w.org\/{rel}","templated":true}]}}

Ref. 18-02591/1266 – Casa UNIFAMILIAR amb jardí

<p>Casa a reformar a Segur de Calafell en una parcel·la de 406 m²</p>
<p>A Segur de Calafell es ven un habitatge unifamiliar per reformar, ubicat en una zona tranquil·la i ben comunicada. La propietat disposa duna parcel·la de 406 m² i una superfície construïda de 180 m², distribuïts en dues sola planta.</p>
<p>Ideal per als que busquen personalitzar casa seva a mida o invertir en una zona amb alta demanda. La parcel·la disposa d´una zona enjardinada i terrassa.</p>
<p>L&#039;habitatge necessita reforma ja que fa temps que no està ocupat, cosa que fa intresant per adaptar-lo a les seves necessitats.</p>
<p>Característiques principals:<br />
•Parcel·la de 400 m²<br />
•Habitatge de 120 m²<br />
•4 habitacions (possibilitat de redistribuir)<br />
•2 bany i lavabo<br />
•Cuina independent<br />
•Zona amb serveis i supermeracats propers.</p>
<p>A la planta baixa disposa d´un ampli saló menjador amb llar de foc, cuina, una habitació, un bany i el garatge.<br />
Pujant a planta 1 es troben 3 habitacions amb 2 banys.</p>
<p>Entorn:<br />
A només uns minuts amb cotxe de la platja, del port esportiu i del centre de Calafell. Bona connexió amb Barcelona i Tarragona per carretera (C-32) i tren (estació de Segur).</p>
<p>Oportunitat per viure tot l&#039;any o com a segona residència a prop del mar.</p>
<p>Contacta&#039;ns per a més informació o per agendar una visita!</p>
<p>NOTA:<br />
En els imports ofert no estan inclosos els impostos ni les taxes que s&#039;apliquen a la compravenda o lloguer ni cap de les despeses de formalització.<br />
Les fotografies, vídeos i la resta de documentació gràfica poden no correspondre amb la realitat, sí com els metratges i superfícies no tenen caràcter contractual.<br />
Tret que s&#039;indiqui específicament, els mobles i l&#039;equipament que apareixen als anuncis no estan inclosos en el preu.<br />
Tampoc estan incloses en el preus les despeses i impostos de formalització de la compravenda: IVA, ITP, Notari, Registre, etc.</p>
