{"id":1280879,"date":"2026-04-23T03:02:43","date_gmt":"2026-04-23T01:02:43","guid":{"rendered":"https:\/\/www.serra.immo\/propiedad\/ref-6343\/"},"modified":"2026-04-23T03:02:43","modified_gmt":"2026-04-23T01:02:43","slug":"ref-6343-terreny-industrial-de-459-m%c2%b2-a-santa-margarida-i-els-monjos","status":"publish","type":"property","link":"https:\/\/www.serra.immo\/ca\/propiedad\/ref-6343-terreno-industrial-de-459-m%c2%b2-en-santa-margarida-i-els-monjos\/","title":{"rendered":"Ref. 6343 \u2013 Terreny industrial de 459 m\u00b2 a Santa Margarida i els Monjos"},"content":{"rendered":"<p>Es tracta d&#039;un s\u00f2l amb qualificaci\u00f3 industrial ubicat en una zona estrat\u00e8gica per al desenvolupament econ\u00f2mic local, actualment pendent de proc\u00e9s de parcel\u00b7laci\u00f3 per part de l&#039;Ajuntament.<\/p>\n<p>Aix\u00ed mateix, el terreny es troba en una fase pr\u00e8via a l&#039;aprovaci\u00f3 d&#039;un nou Pla d&#039;Ordenaci\u00f3 Urban\u00edstica Municipal (POUM), que est\u00e0 sent impulsat pel consistori amb l&#039;objectiu de modernitzar i potenciar el s\u00f2l industrial del municipi.<\/p>\n<p>En resum, es tracta d&#039;un actiu estrat\u00e8gic amb gran potencial de desenvolupament, la valoraci\u00f3 futura del qual est\u00e0 estretament lligada a l&#039;evoluci\u00f3 del planejament urban\u00edstic local ia l&#039;execuci\u00f3 dels instruments de gesti\u00f3 urban\u00edstica actualment en tr\u00e0mit<\/p>\n<p>Vine a demanar informaci\u00f3!<\/p>\n<p>OFICINA \u2013 <a href=\"tel:93 891 55 91\">93 891 55 91<\/a><br \/>MIREIA \u2013 <a href=\"tel:662 21 29 30\">662 21 29 30<\/a><br \/>MAIL \u2013 <a href=\"mailto:mireia.quintana@serra.immo\">mireia.quintana@serra.immo<\/a><\/p>","protected":false},"excerpt":{"rendered":"<p>Se trata de un suelo con calificaci\u00f3n industrial ubicado en una zona estrat\u00e9gica para el desarrollo econ\u00f3mico local, actualmente pendiente de proceso de parcelaci\u00f3n por parte del Ayuntamiento. La parcelaci\u00f3n deber\u00e1 llevarse a cabo siguiendo los criterios establecidos por el planeamiento urban\u00edstico municipal y en funci\u00f3n de los usos previstos. Asimismo, el terreno se encuentra [&hellip;]<\/p>\n","protected":false},"author":5,"featured_media":1281274,"parent":0,"menu_order":0,"template":"","property_type":[836],"property_status":[371],"property_feature":[],"property_label":[345],"property_state":[],"property_city":[245],"property_area":[823],"class_list":["post-1280879","property","type-property","status-publish","has-post-thumbnail","hentry","property_type-terrenos","property_status-comprar","property_label-ninguno","property_city-castellvi-de-la-marca","property_area-cataluna"],"property_meta":{"fave_currency":["EUR"],"fave_currency_info":[""],"fave_property_price":["198000"],"fave_property_size":["0.00"],"fave_property_size_prefix":["m2"],"fave_property_land":["4959"],"fave_property_land_postfix":["m2"],"fave_property_bedrooms":["0"],"fave_property_bathrooms":["0"],"fave_property_map":["1"],"fave_property_id":["6343"],"fave_property_year":["0"],"fave_property_zip":["08730"],"fave_featured":["1"],"houzez_featured_listing_date":["2026-04-23 03:02:44"],"fave_agent_display_option":["agent_info"],"fave_prop_homeslider":["no"],"fave_energy_global_index":["0"],"fave_renewable_energy_global_index":["0"],"floor_plans":[""],"fave_multi_units":[""],"additional_features":[""],"fave_agents":["1077290"],"fave_property_agency":["1214647"],"fave_property_map_address":[null],"fave_property_location":["41.314398609793926,1.6289624829686034"],"houzez_geolocation_lat":["41.314398609793926"],"houzez_geolocation_long":["1.6289624829686034"],"propietat_serra":["1"],"_wp_page_template":["default"],"fave_property_images":["1281274","1281275","1281276","1281277","1281278"],"_thumbnail_id":["1281274"],"rank_math_internal_links_processed":["1"],"houzez_total_property_views":["37"],"houzez_views_by_date":["a:8:{s:10:\"04-23-2026\";i:2;s:10:\"04-24-2026\";i:6;s:10:\"04-26-2026\";i:9;s:10:\"04-27-2026\";i:5;s:10:\"04-28-2026\";i:3;s:10:\"04-29-2026\";i:6;s:10:\"04-30-2026\";i:1;s:10:\"05-01-2026\";i:5;}"],"houzez_recently_viewed":["2026-05-01 06:30:11"],"_elementor_page_assets":["a:0:{}"]},"_links":{"self":[{"href":"https:\/\/www.serra.immo\/ca\/wp-json\/wp\/v2\/properties\/1280879","targetHints":{"allow":["GET"]}}],"collection":[{"href":"https:\/\/www.serra.immo\/ca\/wp-json\/wp\/v2\/properties"}],"about":[{"href":"https:\/\/www.serra.immo\/ca\/wp-json\/wp\/v2\/types\/property"}],"author":[{"embeddable":true,"href":"https:\/\/www.serra.immo\/ca\/wp-json\/wp\/v2\/users\/5"}],"version-history":[{"count":1,"href":"https:\/\/www.serra.immo\/ca\/wp-json\/wp\/v2\/properties\/1280879\/revisions"}],"predecessor-version":[{"id":1284402,"href":"https:\/\/www.serra.immo\/ca\/wp-json\/wp\/v2\/properties\/1280879\/revisions\/1284402"}],"wp:featuredmedia":[{"embeddable":true,"href":"https:\/\/www.serra.immo\/ca\/wp-json\/wp\/v2\/media\/1281274"}],"wp:attachment":[{"href":"https:\/\/www.serra.immo\/ca\/wp-json\/wp\/v2\/media?parent=1280879"}],"wp:term":[{"taxonomy":"property_type","embeddable":true,"href":"https:\/\/www.serra.immo\/ca\/wp-json\/wp\/v2\/property_type?post=1280879"},{"taxonomy":"property_status","embeddable":true,"href":"https:\/\/www.serra.immo\/ca\/wp-json\/wp\/v2\/property_status?post=1280879"},{"taxonomy":"property_feature","embeddable":true,"href":"https:\/\/www.serra.immo\/ca\/wp-json\/wp\/v2\/property_feature?post=1280879"},{"taxonomy":"property_label","embeddable":true,"href":"https:\/\/www.serra.immo\/ca\/wp-json\/wp\/v2\/property_label?post=1280879"},{"taxonomy":"property_state","embeddable":true,"href":"https:\/\/www.serra.immo\/ca\/wp-json\/wp\/v2\/property_state?post=1280879"},{"taxonomy":"property_city","embeddable":true,"href":"https:\/\/www.serra.immo\/ca\/wp-json\/wp\/v2\/property_city?post=1280879"},{"taxonomy":"property_area","embeddable":true,"href":"https:\/\/www.serra.immo\/ca\/wp-json\/wp\/v2\/property_area?post=1280879"}],"curies":[{"name":"wp","href":"https:\/\/api.w.org\/{rel}","templated":true}]}}

<p>Es tracta d&#039;un sòl amb qualificació industrial ubicat en una zona estratègica per al desenvolupament econòmic local, actualment pendent de procés de parcel·lació per part de l&#039;Ajuntament.</p>
<p>Així mateix, el terreny es troba en una fase prèvia a l&#039;aprovació d&#039;un nou Pla d&#039;Ordenació Urbanística Municipal (POUM), que està sent impulsat pel consistori amb l&#039;objectiu de modernitzar i potenciar el sòl industrial del municipi.</p>
<p>En resum, es tracta d&#039;un actiu estratègic amb gran potencial de desenvolupament, la valoració futura del qual està estretament lligada a l&#039;evolució del planejament urbanístic local ia l&#039;execució dels instruments de gestió urbanística actualment en tràmit</p>
<p>Vine a demanar informació!</p>
<p>OFICINA – <a href="tel:93 891 55 91">93 891 55 91</a><br />MIREIA – <a href="tel:662 21 29 30">662 21 29 30</a><br />MAIL – <a href="mailto:mireia.quintana@serra.immo">mireia.quintana@serra.immo</a></p>

<p>Se trata de un suelo con calificación industrial ubicado en una zona estratégica para el desarrollo económico local, actualmente pendiente de proceso de parcelación por parte del Ayuntamiento. La parcelación deberá llevarse a cabo siguiendo los criterios establecidos por el planeamiento urbanístico municipal y en función de los usos previstos. Asimismo, el terreno se encuentra [&hellip;]</p>
