{"id":1280077,"date":"2026-04-27T01:30:41","date_gmt":"2026-04-26T23:30:41","guid":{"rendered":"https:\/\/www.serra.immo\/propiedad\/ref-18-02574-1266-terro-urbanizable-en-segur-de-calafell\/"},"modified":"2026-04-27T01:30:41","modified_gmt":"2026-04-26T23:30:41","slug":"ref-18-02574-1266-terro-urbanitzable-en-segur-de-calafell","status":"publish","type":"property","link":"https:\/\/www.serra.immo\/ca\/propiedad\/ref-18-02574-1266-terro-urbanizable-en-segur-de-calafell\/","title":{"rendered":"Ref. 18-02574\/1266 \u2013 TERRE URBANITZABLE a Segur de Calafell"},"content":{"rendered":"<p>Al poble costaner del Baix Penedes hi ha Segur de Calafell, un poble tur\u00edstic amb molta vida que \u00e9s a 55 km de Barcelona i 25 km de Tarragona, ple d&#039;hist\u00f2ria i ben comunicat.<\/p>\n<p>Finca amb diverses possibilitats.<\/p>\n<p>Actualment hi ha 2 habitatges que es poden rehabilitar.<br \/>\nQuin \u00fas necessita?<\/p>\n<p>Si \u00e9s un promotor pot triar fer una reforma i transformar aquestes llars o comen\u00e7ar des d&#039;un solar i executar una promoci\u00f3 d&#039;habitatges.<\/p>\n<p>  No deixeu passar aquesta oportunitat \u00fanica! Contacta&#039;ns per a una visita i descobreix-ne tot el potencial.<\/p>\n<p>NOTA:<br \/>\nEn els imports ofert no estan inclosos els impostos ni les taxes que s&#039;apliquen a la compravenda o lloguer ni cap de les despeses de formalitzaci\u00f3.<br \/>\nLes fotografies, v\u00eddeos i la resta de documentaci\u00f3 gr\u00e0fica poden no correspondre amb la realitat, s\u00ed com els metratges i superf\u00edcies no tenen car\u00e0cter contractual.<br \/>\nTret que s&#039;indiqui espec\u00edficament, els mobles i l&#039;equipament que apareixen als anuncis no estan inclosos en el preu.<br \/>\nTampoc estan incloses en el preus les despeses i impostos de formalitzaci\u00f3 de la compravenda: IVA, ITP, Notari, Registre, etc.<\/p>","protected":false},"excerpt":{"rendered":"<p>Al poble costaner del Baix Penedes hi ha Segur de Calafell, un poble tur\u00edstic amb molta vida que \u00e9s a 55 km de Barcelona i 25 km de Tarragona, ple d&#039;hist\u00f2ria i ben comunicat.<\/p>\n<p>Finca amb diverses possibilitats.<\/p>\n<p>Actualment hi ha 2 habitatges que es poden rehabilitar.<br \/>\nQuin \u00fas necessita?<\/p>\n<p>Si \u00e9s un promotor pot triar fer una reforma i transformar aquestes llars o comen\u00e7ar des d&#039;un solar i executar una promoci\u00f3 d&#039;habitatges.<\/p>\n<p>  No deixeu passar aquesta oportunitat \u00fanica! Contacta&#039;ns per a una visita i descobreix-ne tot el potencial.<\/p>\n<p>NOTA:<br \/>\nEn els imports ofert no estan inclosos els impostos ni les taxes que s&#039;apliquen a la compravenda o lloguer ni cap de les despeses de formalitzaci\u00f3.<br \/>\nLes fotografies, v\u00eddeos i la resta de documentaci\u00f3 gr\u00e0fica poden no correspondre amb la realitat, s\u00ed com els metratges i superf\u00edcies no tenen car\u00e0cter contractual.<br \/>\nTret que s&#039;indiqui espec\u00edficament, els mobles i l&#039;equipament que apareixen als anuncis no estan inclosos en el preu.<br \/>\nTampoc estan incloses en el preus les despeses i impostos de formalitzaci\u00f3 de la compravenda: IVA, ITP, Notari, Registre, etc.<\/p>","protected":false},"author":4,"featured_media":1280078,"parent":0,"menu_order":0,"template":"","property_type":[836],"property_status":[371],"property_feature":[],"property_label":[],"property_state":[],"property_city":[396],"property_area":[889],"class_list":["post-1280077","property","type-property","status-publish","has-post-thumbnail","hentry","property_type-terrenos","property_status-comprar","property_city-segur-de-calafell","property_area-plaza-espanya"],"property_meta":{"fave_currency":["EUR"],"fave_currency_info":[""],"fave_property_price":["574000"],"fave_property_size":["0.00"],"fave_property_size_prefix":["m2"],"fave_property_land":["802"],"fave_property_land_postfix":["m2"],"fave_property_bedrooms":["3"],"fave_property_bathrooms":["2"],"fave_virtual_tour":["0"],"fave_property_map":["1"],"fave_property_id":["18-02574\/1266"],"fave_property_year":["1988"],"fave_property_zip":["43882"],"fave_featured":["0"],"houzez_featured_listing_date":[""],"fave_agent_display_option":["agent_info"],"fave_prop_homeslider":["no"],"floor_plans":[""],"fave_multi_units":[""],"additional_features":[""],"fave_agents":["1179704"],"fave_property_agency":["1214635"],"fave_property_map_address":[null],"fave_property_location":["41.199558203820004,1.5983202717986"],"houzez_geolocation_lat":["41.199558203820004"],"houzez_geolocation_long":["1.5983202717986"],"aicat":["1"],"_wp_page_template":["default"],"fave_property_images":["1280078","1280078","1280079","1280080","1280081","1280082","1280083","1280084","1280085","1280086"],"_thumbnail_id":["1280078"],"houzez_total_property_views":["8"],"houzez_views_by_date":["a:2:{s:10:\"04-27-2026\";i:4;s:10:\"04-28-2026\";i:4;}"],"houzez_recently_viewed":["2026-04-28 16:38:47"],"_elementor_page_assets":["a:0:{}"]},"_links":{"self":[{"href":"https:\/\/www.serra.immo\/ca\/wp-json\/wp\/v2\/properties\/1280077","targetHints":{"allow":["GET"]}}],"collection":[{"href":"https:\/\/www.serra.immo\/ca\/wp-json\/wp\/v2\/properties"}],"about":[{"href":"https:\/\/www.serra.immo\/ca\/wp-json\/wp\/v2\/types\/property"}],"author":[{"embeddable":true,"href":"https:\/\/www.serra.immo\/ca\/wp-json\/wp\/v2\/users\/4"}],"version-history":[{"count":0,"href":"https:\/\/www.serra.immo\/ca\/wp-json\/wp\/v2\/properties\/1280077\/revisions"}],"wp:featuredmedia":[{"embeddable":true,"href":"https:\/\/www.serra.immo\/ca\/wp-json\/wp\/v2\/media\/1280078"}],"wp:attachment":[{"href":"https:\/\/www.serra.immo\/ca\/wp-json\/wp\/v2\/media?parent=1280077"}],"wp:term":[{"taxonomy":"property_type","embeddable":true,"href":"https:\/\/www.serra.immo\/ca\/wp-json\/wp\/v2\/property_type?post=1280077"},{"taxonomy":"property_status","embeddable":true,"href":"https:\/\/www.serra.immo\/ca\/wp-json\/wp\/v2\/property_status?post=1280077"},{"taxonomy":"property_feature","embeddable":true,"href":"https:\/\/www.serra.immo\/ca\/wp-json\/wp\/v2\/property_feature?post=1280077"},{"taxonomy":"property_label","embeddable":true,"href":"https:\/\/www.serra.immo\/ca\/wp-json\/wp\/v2\/property_label?post=1280077"},{"taxonomy":"property_state","embeddable":true,"href":"https:\/\/www.serra.immo\/ca\/wp-json\/wp\/v2\/property_state?post=1280077"},{"taxonomy":"property_city","embeddable":true,"href":"https:\/\/www.serra.immo\/ca\/wp-json\/wp\/v2\/property_city?post=1280077"},{"taxonomy":"property_area","embeddable":true,"href":"https:\/\/www.serra.immo\/ca\/wp-json\/wp\/v2\/property_area?post=1280077"}],"curies":[{"name":"wp","href":"https:\/\/api.w.org\/{rel}","templated":true}]}}

<p>Al poble costaner del Baix Penedes hi ha Segur de Calafell, un poble turístic amb molta vida que és a 55 km de Barcelona i 25 km de Tarragona, ple d&#039;història i ben comunicat.</p>
<p>Finca amb diverses possibilitats.</p>
<p>Actualment hi ha 2 habitatges que es poden rehabilitar.<br />
Quin ús necessita?</p>
<p>Si és un promotor pot triar fer una reforma i transformar aquestes llars o començar des d&#039;un solar i executar una promoció d&#039;habitatges.</p>
<p>  No deixeu passar aquesta oportunitat única! Contacta&#039;ns per a una visita i descobreix-ne tot el potencial.</p>
<p>NOTA:<br />
En els imports ofert no estan inclosos els impostos ni les taxes que s&#039;apliquen a la compravenda o lloguer ni cap de les despeses de formalització.<br />
Les fotografies, vídeos i la resta de documentació gràfica poden no correspondre amb la realitat, sí com els metratges i superfícies no tenen caràcter contractual.<br />
Tret que s&#039;indiqui específicament, els mobles i l&#039;equipament que apareixen als anuncis no estan inclosos en el preu.<br />
Tampoc estan incloses en el preus les despeses i impostos de formalització de la compravenda: IVA, ITP, Notari, Registre, etc.</p>
