{"id":1273054,"date":"2026-04-23T12:10:00","date_gmt":"2026-04-23T10:10:00","guid":{"rendered":"https:\/\/www.serra.immo\/propiedad\/ref-12-vvng63-1087-elegante-casa-esquinera-de-estilo-ingles-con-vistas-al-mar\/"},"modified":"2026-04-23T12:10:00","modified_gmt":"2026-04-23T10:10:00","slug":"ref-12-vvng63-1087-elegant-casa-cantonera-destil-angles-amb-vistes-al-mar","status":"publish","type":"property","link":"https:\/\/www.serra.immo\/ca\/propiedad\/ref-12-vvng63-1087-elegante-casa-esquinera-de-estilo-ingles-con-vistas-al-mar\/","title":{"rendered":"Ref. 12-VVNG63\/1087 \u2013 ELEGANT CASA CANTONERA D&#039;ESTIL ANGL\u00c8S AMB VISTES AL MAR"},"content":{"rendered":"<p>Presentem una magn\u00edfica casa cantonera d&#039;estil angl\u00e8s, situada a una parcel\u00b7la de 850 m\u00b2 a la bonica localitat de Vilanova i la Geltru, Catalunya. Aquesta propietat exclusiva, que combina eleg\u00e0ncia i confort, ofereix vistes panor\u00e0miques al mar ia la muntanya, proporcionant un entorn de vida excepcional.<\/p>\n<p>Distribu\u00efda en 3 plantes.<br \/>\nA la planta baixa hi ha una gran sala polivalent que inclou una cuina oberta, ideal per a reunions familiars i esdeveniments socials. Lavabo amb dutxa per a m\u00e9s comoditat. Celler privat, ideal per als amants del vi. Porxo cobert que connecta amb el jard\u00ed, perfecte per gaudir del clima mediterrani i dos amplis garatges amb capacitat per a diversos vehicles.<\/p>\n<p>A la primera planta una impressionant escala exterior condueix a l&#039;entrada principal i en aquesta planta hi trobem el sal\u00f3-menjador de doble al\u00e7ada amb llar de foc, creant un ambient acollidor i sofisticat. Una cuina espaiosa amb zona de menjador i acc\u00e9s directe a una terrassa \u00e0mplia, perfecta per esmorzars a l&#039;aire lliure. A la zona de nit hi ha quatre habitacions dobles equipades amb armaris encastats, oferint ampli espai d&#039;emmagatzematge i dos banys complets amb banyera, dissenyats per al m\u00e0xim confort.<\/p>\n<p>La tercera planta \u00e9s unes golfes, un espai di\u00e0fan amb sortida a una terrassa privada que ofereix vistes panor\u00e0miques al mar ia la muntanya, ideal com a estudi, sala de jocs o dormitori addicional.<\/p>\n<p>S\u00f2ls de marbre a tot l&#039;habitatge, que aporten un toc de luxe i eleg\u00e0ncia.<br \/>\nFusteria d\u00b4alumini i fusta massissa, que garanteix durabilitat i un acabat d\u00b4alta qualitat.<br \/>\nSistema de calefacci\u00f3 de gas, assegurant una temperatura agradable durant tot l&#039;any.<br \/>\n\u00c0mplies terrasses que envolten la casa, oferint m\u00faltiples espais per al lleure i el relax.<br \/>\nPiscina privada, perfecta per refrescar durant els mesos d&#039;estiu.<br \/>\nZona de barbacoa, ideal per gaudir d&#039;\u00e0pats exteriors amb familiars i amics.<\/p>\n<p>Aquesta propietat ofereix m\u00faltiples possibilitats per personalitzar i crear la casa dels seus somnis en una ubicaci\u00f3 privilegiada pel seu acc\u00e9s i la seva proximitat a Barcelona, fet que la converteix en un lloc ideal per residir-hi.<\/p>\n<p>Per a m\u00e9s informaci\u00f3 o per concertar una visita, no dubteu a posar-vos en contacte amb nosaltres.<br \/>\nAquesta \u00e9s una oportunitat \u00fanica per adquirir una propietat excepcional en una de les destinacions m\u00e9s cobejades de la costa catalana!<\/p>\n<p>Cl\u00e0usula de Transpar\u00e8ncia i Desglossament de Despeses (Llei 10\/2025)<br \/>\nPREU DE VENDA: 715.000\u20ac + 78.650\u20ac (ITP)<br \/>\nEn compliment de les obligacions d&#039;informaci\u00f3 previstes a la Llei 10\/2025, de 28 de desembre, de serveis d&#039;atenci\u00f3 a la clientela i transpar\u00e8ncia, aix\u00ed com a la normativa sectorial vigent, es fa constar que el preu indicat no inclou les despeses i els impostos inherents a l&#039;adquisici\u00f3, els quals es desglossen a continuaci\u00f3:<br \/>\n\u2022Impost sobre Transmissions Patrimonials (ITP)<br \/>\n\u2022Despeses de Notaria<br \/>\n\u2022Despeses de Registre<br \/>\n\u2022Despeses de Gesti\u00f3 (Gestoria)<br \/>\n\u2022 Honoraris Ag\u00e8ncia del Venedor<br \/>\nPer a una informaci\u00f3 exhaustiva sobre el funcionament, tipus impositius i bonificacions de l&#039;ITP a Catalunya, podeu consultar el portal oficial de l&#039;Ag\u00e8ncia Tribut\u00e0ria Catalana, al seg\u00fcent enlla\u00e7: https:\/\/atc.gencat.cat\/es\/tributs\/itpajd\/tpo\/tarifes-tipus\/;<\/p>\n<p>La propietat es ven sense mobles<br \/>\nEl propietari no \u00e9s una gran forquilla.<br \/>\nN\u00famero registre AICAT: 3366<br \/>\nN\u00famero API: A10580<\/p>","protected":false},"excerpt":{"rendered":"<p>Presentem una magn\u00edfica casa cantonera d&#039;estil angl\u00e8s, situada a una parcel\u00b7la de 850 m\u00b2 a la bonica localitat de Vilanova i la Geltru, Catalunya. Aquesta propietat exclusiva, que combina eleg\u00e0ncia i confort, ofereix vistes panor\u00e0miques al mar ia la muntanya, proporcionant un entorn de vida excepcional.<\/p>\n<p>Distribu\u00efda en 3 plantes.<br \/>\nA la planta baixa hi ha una gran sala polivalent que inclou una cuina oberta, ideal per a reunions familiars i esdeveniments socials. Lavabo amb dutxa per a m\u00e9s comoditat. Celler privat, ideal per als amants del vi. Porxo cobert que connecta amb el jard\u00ed, perfecte per gaudir del clima mediterrani i dos amplis garatges amb capacitat per a diversos vehicles.<\/p>\n<p>A la primera planta una impressionant escala exterior condueix a l&#039;entrada principal i en aquesta planta hi trobem el sal\u00f3-menjador de doble al\u00e7ada amb llar de foc, creant un ambient acollidor i sofisticat. Una cuina espaiosa amb zona de menjador i acc\u00e9s directe a una terrassa \u00e0mplia, perfecta per esmorzars a l&#039;aire lliure. A la zona de nit hi ha quatre habitacions dobles equipades amb armaris encastats, oferint ampli espai d&#039;emmagatzematge i dos banys complets amb banyera, dissenyats per al m\u00e0xim confort.<\/p>\n<p>La tercera planta \u00e9s unes golfes, un espai di\u00e0fan amb sortida a una terrassa privada que ofereix vistes panor\u00e0miques al mar ia la muntanya, ideal com a estudi, sala de jocs o dormitori addicional.<\/p>\n<p>S\u00f2ls de marbre a tot l&#039;habitatge, que aporten un toc de luxe i eleg\u00e0ncia.<br \/>\nFusteria d\u00b4alumini i fusta massissa, que garanteix durabilitat i un acabat d\u00b4alta qualitat.<br \/>\nSistema de calefacci\u00f3 de gas, assegurant una temperatura agradable durant tot l&#039;any.<br \/>\n\u00c0mplies terrasses que envolten la casa, oferint m\u00faltiples espais per al lleure i el relax.<br \/>\nPiscina privada, perfecta per refrescar durant els mesos d&#039;estiu.<br \/>\nZona de barbacoa, ideal per gaudir d&#039;\u00e0pats exteriors amb familiars i amics.<\/p>\n<p>Aquesta propietat ofereix m\u00faltiples possibilitats per personalitzar i crear la casa dels seus somnis en una ubicaci\u00f3 privilegiada pel seu acc\u00e9s i la seva proximitat a Barcelona, fet que la converteix en un lloc ideal per residir-hi.<\/p>\n<p>Per a m\u00e9s informaci\u00f3 o per concertar una visita, no dubteu a posar-vos en contacte amb nosaltres.<br \/>\nAquesta \u00e9s una oportunitat \u00fanica per adquirir una propietat excepcional en una de les destinacions m\u00e9s cobejades de la costa catalana!<\/p>\n<p>Cl\u00e0usula de Transpar\u00e8ncia i Desglossament de Despeses (Llei 10\/2025)<br \/>\nPREU DE VENDA: 715.000\u20ac + 78.650\u20ac (ITP)<br \/>\nEn compliment de les obligacions d&#039;informaci\u00f3 previstes a la Llei 10\/2025, de 28 de desembre, de serveis d&#039;atenci\u00f3 a la clientela i transpar\u00e8ncia, aix\u00ed com a la normativa sectorial vigent, es fa constar que el preu indicat no inclou les despeses i els impostos inherents a l&#039;adquisici\u00f3, els quals es desglossen a continuaci\u00f3:<br \/>\n\u2022Impost sobre Transmissions Patrimonials (ITP)<br \/>\n\u2022Despeses de Notaria<br \/>\n\u2022Despeses de Registre<br \/>\n\u2022Despeses de Gesti\u00f3 (Gestoria)<br \/>\n\u2022 Honoraris Ag\u00e8ncia del Venedor<br \/>\nPer a una informaci\u00f3 exhaustiva sobre el funcionament, tipus impositius i bonificacions de l&#039;ITP a Catalunya, podeu consultar el portal oficial de l&#039;Ag\u00e8ncia Tribut\u00e0ria Catalana, al seg\u00fcent enlla\u00e7: https:\/\/atc.gencat.cat\/es\/tributs\/itpajd\/tpo\/tarifes-tipus\/;<\/p>\n<p>La propietat es ven sense mobles<br \/>\nEl propietari no \u00e9s una gran forquilla.<br \/>\nN\u00famero registre AICAT: 3366<br \/>\nN\u00famero API: A10580<\/p>","protected":false},"author":4,"featured_media":1273055,"parent":0,"menu_order":0,"template":"","property_type":[835],"property_status":[371],"property_feature":[375,383,377],"property_label":[],"property_state":[],"property_city":[198],"property_area":[448],"class_list":["post-1273054","property","type-property","status-publish","has-post-thumbnail","hentry","property_type-viviendas","property_status-comprar","property_feature-calefaccion","property_feature-sur","property_feature-terraza","property_city-vilanova-i-la-geltru","property_area-sta-maria"],"property_meta":{"fave_currency":["EUR"],"fave_currency_info":[""],"fave_property_price":["715000"],"fave_property_size":["300.00"],"fave_property_size_prefix":["m2"],"fave_property_land":["826"],"fave_property_land_postfix":["m2"],"fave_property_bedrooms":["5"],"fave_property_bathrooms":["3"],"fave_property_garage":["1"],"fave_virtual_tour":["0"],"fave_property_map":["1"],"fave_property_id":["12-VVNG63\/1087"],"fave_property_year":["1990"],"fave_property_zip":["08800"],"fave_featured":["0"],"houzez_featured_listing_date":[""],"fave_agent_display_option":["agent_info"],"fave_prop_homeslider":["no"],"fave_energy_class":["G"],"fave_energy_global_index":["0"],"fave_energy_performance":["G"],"fave_renewable_energy_global_index":["0"],"floor_plans":[""],"fave_multi_units":[""],"additional_features":[""],"fave_agents":["1179704"],"fave_property_agency":["1214635"],"fave_property_map_address":[null],"fave_property_location":["41.2146781932059,1.67918693668199"],"houzez_geolocation_lat":["41.2146781932059"],"houzez_geolocation_long":["1.67918693668199"],"aicat":["1"],"_wp_page_template":["default"],"fave_property_images":["1273055","1273055","1273056","1273057","1273058","1273059","1273060","1273061","1273062","1273063","1273064","1273065","1273066","1273067","1273068","1273069","1273070","1273071","1273072","1273073","1273074","1273075","1273076","1273077","1273078","1273079","1273080","1273081","1273082","1273083","1273084","1273085","1273086","1273087","1273088","1273089","1273090","1273091","1273092","1273093","1273094"],"_thumbnail_id":["1273055"],"houzez_total_property_views":["12"],"houzez_views_by_date":["a:5:{s:10:\"04-23-2026\";i:1;s:10:\"04-24-2026\";i:1;s:10:\"04-25-2026\";i:2;s:10:\"04-26-2026\";i:3;s:10:\"04-27-2026\";i:5;}"],"houzez_recently_viewed":["2026-04-27 13:14:42"],"_elementor_page_assets":["a:0:{}"]},"_links":{"self":[{"href":"https:\/\/www.serra.immo\/ca\/wp-json\/wp\/v2\/properties\/1273054","targetHints":{"allow":["GET"]}}],"collection":[{"href":"https:\/\/www.serra.immo\/ca\/wp-json\/wp\/v2\/properties"}],"about":[{"href":"https:\/\/www.serra.immo\/ca\/wp-json\/wp\/v2\/types\/property"}],"author":[{"embeddable":true,"href":"https:\/\/www.serra.immo\/ca\/wp-json\/wp\/v2\/users\/4"}],"version-history":[{"count":0,"href":"https:\/\/www.serra.immo\/ca\/wp-json\/wp\/v2\/properties\/1273054\/revisions"}],"wp:featuredmedia":[{"embeddable":true,"href":"https:\/\/www.serra.immo\/ca\/wp-json\/wp\/v2\/media\/1273055"}],"wp:attachment":[{"href":"https:\/\/www.serra.immo\/ca\/wp-json\/wp\/v2\/media?parent=1273054"}],"wp:term":[{"taxonomy":"property_type","embeddable":true,"href":"https:\/\/www.serra.immo\/ca\/wp-json\/wp\/v2\/property_type?post=1273054"},{"taxonomy":"property_status","embeddable":true,"href":"https:\/\/www.serra.immo\/ca\/wp-json\/wp\/v2\/property_status?post=1273054"},{"taxonomy":"property_feature","embeddable":true,"href":"https:\/\/www.serra.immo\/ca\/wp-json\/wp\/v2\/property_feature?post=1273054"},{"taxonomy":"property_label","embeddable":true,"href":"https:\/\/www.serra.immo\/ca\/wp-json\/wp\/v2\/property_label?post=1273054"},{"taxonomy":"property_state","embeddable":true,"href":"https:\/\/www.serra.immo\/ca\/wp-json\/wp\/v2\/property_state?post=1273054"},{"taxonomy":"property_city","embeddable":true,"href":"https:\/\/www.serra.immo\/ca\/wp-json\/wp\/v2\/property_city?post=1273054"},{"taxonomy":"property_area","embeddable":true,"href":"https:\/\/www.serra.immo\/ca\/wp-json\/wp\/v2\/property_area?post=1273054"}],"curies":[{"name":"wp","href":"https:\/\/api.w.org\/{rel}","templated":true}]}}

Ref. 12-VVNG63/1087 – ELEGANT CASA CANTONERA D&#039;ESTIL ANGLÈS AMB VISTES AL MAR

<p>Presentem una magnífica casa cantonera d&#039;estil anglès, situada a una parcel·la de 850 m² a la bonica localitat de Vilanova i la Geltru, Catalunya. Aquesta propietat exclusiva, que combina elegància i confort, ofereix vistes panoràmiques al mar ia la muntanya, proporcionant un entorn de vida excepcional.</p>
<p>Distribuïda en 3 plantes.<br />
A la planta baixa hi ha una gran sala polivalent que inclou una cuina oberta, ideal per a reunions familiars i esdeveniments socials. Lavabo amb dutxa per a més comoditat. Celler privat, ideal per als amants del vi. Porxo cobert que connecta amb el jardí, perfecte per gaudir del clima mediterrani i dos amplis garatges amb capacitat per a diversos vehicles.</p>
<p>A la primera planta una impressionant escala exterior condueix a l&#039;entrada principal i en aquesta planta hi trobem el saló-menjador de doble alçada amb llar de foc, creant un ambient acollidor i sofisticat. Una cuina espaiosa amb zona de menjador i accés directe a una terrassa àmplia, perfecta per esmorzars a l&#039;aire lliure. A la zona de nit hi ha quatre habitacions dobles equipades amb armaris encastats, oferint ampli espai d&#039;emmagatzematge i dos banys complets amb banyera, dissenyats per al màxim confort.</p>
<p>La tercera planta és unes golfes, un espai diàfan amb sortida a una terrassa privada que ofereix vistes panoràmiques al mar ia la muntanya, ideal com a estudi, sala de jocs o dormitori addicional.</p>
<p>Sòls de marbre a tot l&#039;habitatge, que aporten un toc de luxe i elegància.<br />
Fusteria d´alumini i fusta massissa, que garanteix durabilitat i un acabat d´alta qualitat.<br />
Sistema de calefacció de gas, assegurant una temperatura agradable durant tot l&#039;any.<br />
Àmplies terrasses que envolten la casa, oferint múltiples espais per al lleure i el relax.<br />
Piscina privada, perfecta per refrescar durant els mesos d&#039;estiu.<br />
Zona de barbacoa, ideal per gaudir d&#039;àpats exteriors amb familiars i amics.</p>
<p>Aquesta propietat ofereix múltiples possibilitats per personalitzar i crear la casa dels seus somnis en una ubicació privilegiada pel seu accés i la seva proximitat a Barcelona, fet que la converteix en un lloc ideal per residir-hi.</p>
<p>Per a més informació o per concertar una visita, no dubteu a posar-vos en contacte amb nosaltres.<br />
Aquesta és una oportunitat única per adquirir una propietat excepcional en una de les destinacions més cobejades de la costa catalana!</p>
<p>Clàusula de Transparència i Desglossament de Despeses (Llei 10/2025)<br />
PREU DE VENDA: 715.000€ + 78.650€ (ITP)<br />
En compliment de les obligacions d&#039;informació previstes a la Llei 10/2025, de 28 de desembre, de serveis d&#039;atenció a la clientela i transparència, així com a la normativa sectorial vigent, es fa constar que el preu indicat no inclou les despeses i els impostos inherents a l&#039;adquisició, els quals es desglossen a continuació:<br />
•Impost sobre Transmissions Patrimonials (ITP)<br />
•Despeses de Notaria<br />
•Despeses de Registre<br />
•Despeses de Gestió (Gestoria)<br />
• Honoraris Agència del Venedor<br />
Per a una informació exhaustiva sobre el funcionament, tipus impositius i bonificacions de l&#039;ITP a Catalunya, podeu consultar el portal oficial de l&#039;Agència Tributària Catalana, al següent enllaç: https://atc.gencat.cat/es/tributs/itpajd/tpo/tarifes-tipus/;</p>
<p>La propietat es ven sense mobles<br />
El propietari no és una gran forquilla.<br />
Número registre AICAT: 3366<br />
Número API: A10580</p>
