{"id":1270405,"date":"2026-04-23T03:02:37","date_gmt":"2026-04-23T01:02:37","guid":{"rendered":"https:\/\/www.serra.immo\/propiedad\/ref-6325-casa-de-106-m%c2%b2-con-nave-industral-en-planta-baja-en-vilafranca\/"},"modified":"2026-04-23T03:02:37","modified_gmt":"2026-04-23T01:02:37","slug":"ref-6325-casa-de-106-m%c2%b2-amb-nau-industral-en-planta-baixa-a-vilafranca","status":"publish","type":"property","link":"https:\/\/www.serra.immo\/ca\/propiedad\/ref-6325-casa-de-106-m%c2%b2-con-nave-industral-en-planta-baja-en-vilafranca\/","title":{"rendered":"Ref. 6325 \u2013 Casa de 106 m\u00b2 amb nau industral a planta baixa a Vilafranca"},"content":{"rendered":"<p>Habitatge de 106m\u00b2 amb nau comercial a la planta baixa de 264m\u00b2. L\u00b4habitatge disposa de 4 habitacions (3 dobles i 1 individual) cuina independent equipada. A la mateixa planta se situa el menjador, 1 bany complet amb banyera i un segon bany amb plat de dutxa. Si cerques la teva llar i necessites espai per a magatzem, ampli garatge o per obrir el teu negoci sens dubte aquest habitatge segur t&#039;encaixar\u00e0. Vine a demanar informaci\u00f3!<\/p>\n<p>ACABATS: terres de gres, tancaments d&#039;alumini, calefacci\u00f3 de gas natural, habitacions amb armaris de paret.<\/p>\n<p>SERVEIS: a 3 minuts del centre, a prop de tots els serveis comercials.<\/p>\n<p>No dubtis a posar-te en contacte amb nosaltres.<br \/>OFICINA \u2013 <a href=\"tel:93 891 55 91\">93 891 55 91<\/a><br \/>MIREIA \u2013 <a href=\"tel:662 21 29 30\">662 21 29 30<\/a><br \/>MAIL \u2013 <a href=\"mailto:mireia.quintana@serra.immo\">mireia.quintana@serra.immo<\/a><\/p>","protected":false},"excerpt":{"rendered":"<p>Vivienda de 106m\u00b2 con nave comercial en la planta baja de 264m\u00b2. La vivienda dispone de 4 habitaciones (3 dobles y 1 individual) cocina independiente equipada. En la misma planta se sit\u00faa el comedor, 1 ba\u00f1o completo con ba\u00f1era y un segundo ba\u00f1o con plato de ducha. Si est\u00e1s buscando tu hogar y necesitas espacio [&hellip;]<\/p>\n","protected":false},"author":5,"featured_media":1279428,"parent":0,"menu_order":0,"template":"","property_type":[835],"property_status":[371],"property_feature":[375],"property_label":[350],"property_state":[],"property_city":[192],"property_area":[193],"class_list":["post-1270405","property","type-property","status-publish","has-post-thumbnail","hentry","property_type-viviendas","property_status-comprar","property_feature-calefaccion","property_label-buen-estado","property_city-vilafranca-del-penedes","property_area-centro"],"property_meta":{"fave_currency":["EUR"],"fave_currency_info":[""],"fave_property_price":["329000"],"fave_property_size":["106.00"],"fave_property_size_prefix":["m2"],"fave_property_land":["243"],"fave_property_land_postfix":["m2"],"fave_property_bedrooms":["4"],"fave_property_bathrooms":["1"],"fave_property_garage":["Incluido"],"fave_virtual_tour":["<iframe src=\"https:\/\/crm.inmovilla.com\/fotosvr\/tour.php?cod=24173973.10897\" width=\"100%\" height=\"400\" frameborder=\"0\" allowfullscreen><\/iframe>"],"fave_property_map":["1"],"fave_property_id":["6325"],"fave_property_year":["1960"],"fave_property_zip":["08720"],"fave_featured":["1"],"houzez_featured_listing_date":["2026-04-23 03:02:37"],"fave_agent_display_option":["agent_info"],"fave_prop_homeslider":["no"],"fave_video_url":["https:\/\/www.youtube.com\/watch?v=YSUCiri35xk"],"fave_energy_class":["G"],"fave_energy_global_index":["488"],"fave_energy_performance":["G"],"fave_renewable_energy_global_index":["103"],"floor_plans":[""],"fave_multi_units":[""],"additional_features":[""],"fave_agents":["1077290"],"fave_property_agency":["1214647"],"fave_property_map_address":[null],"fave_property_location":["41.34989783737274,1.698839396060663"],"houzez_geolocation_lat":["41.34989783737274"],"houzez_geolocation_long":["1.698839396060663"],"propietat_serra":["1"],"_wp_page_template":["default"],"fave_property_images":["1279428","1279429","1279430","1279431","1279432","1279433","1279434","1279435","1279436","1279437","1279438","1279439","1279440","1279441","1279442","1279443","1279444","1279445","1279446"],"_thumbnail_id":["1279428"],"rank_math_internal_links_processed":["1"],"houzez_total_property_views":["66"],"houzez_views_by_date":["a:10:{s:10:\"04-23-2026\";i:6;s:10:\"04-24-2026\";i:11;s:10:\"04-25-2026\";i:8;s:10:\"04-26-2026\";i:6;s:10:\"04-27-2026\";i:9;s:10:\"04-28-2026\";i:7;s:10:\"04-29-2026\";i:8;s:10:\"04-30-2026\";i:7;s:10:\"05-01-2026\";i:3;s:10:\"05-02-2026\";i:1;}"],"houzez_recently_viewed":["2026-05-02 06:15:10"],"_elementor_page_assets":["a:0:{}"]},"_links":{"self":[{"href":"https:\/\/www.serra.immo\/ca\/wp-json\/wp\/v2\/properties\/1270405","targetHints":{"allow":["GET"]}}],"collection":[{"href":"https:\/\/www.serra.immo\/ca\/wp-json\/wp\/v2\/properties"}],"about":[{"href":"https:\/\/www.serra.immo\/ca\/wp-json\/wp\/v2\/types\/property"}],"author":[{"embeddable":true,"href":"https:\/\/www.serra.immo\/ca\/wp-json\/wp\/v2\/users\/5"}],"version-history":[{"count":1,"href":"https:\/\/www.serra.immo\/ca\/wp-json\/wp\/v2\/properties\/1270405\/revisions"}],"predecessor-version":[{"id":1276282,"href":"https:\/\/www.serra.immo\/ca\/wp-json\/wp\/v2\/properties\/1270405\/revisions\/1276282"}],"wp:featuredmedia":[{"embeddable":true,"href":"https:\/\/www.serra.immo\/ca\/wp-json\/wp\/v2\/media\/1279428"}],"wp:attachment":[{"href":"https:\/\/www.serra.immo\/ca\/wp-json\/wp\/v2\/media?parent=1270405"}],"wp:term":[{"taxonomy":"property_type","embeddable":true,"href":"https:\/\/www.serra.immo\/ca\/wp-json\/wp\/v2\/property_type?post=1270405"},{"taxonomy":"property_status","embeddable":true,"href":"https:\/\/www.serra.immo\/ca\/wp-json\/wp\/v2\/property_status?post=1270405"},{"taxonomy":"property_feature","embeddable":true,"href":"https:\/\/www.serra.immo\/ca\/wp-json\/wp\/v2\/property_feature?post=1270405"},{"taxonomy":"property_label","embeddable":true,"href":"https:\/\/www.serra.immo\/ca\/wp-json\/wp\/v2\/property_label?post=1270405"},{"taxonomy":"property_state","embeddable":true,"href":"https:\/\/www.serra.immo\/ca\/wp-json\/wp\/v2\/property_state?post=1270405"},{"taxonomy":"property_city","embeddable":true,"href":"https:\/\/www.serra.immo\/ca\/wp-json\/wp\/v2\/property_city?post=1270405"},{"taxonomy":"property_area","embeddable":true,"href":"https:\/\/www.serra.immo\/ca\/wp-json\/wp\/v2\/property_area?post=1270405"}],"curies":[{"name":"wp","href":"https:\/\/api.w.org\/{rel}","templated":true}]}}

<p>Habitatge de 106m² amb nau comercial a la planta baixa de 264m². L´habitatge disposa de 4 habitacions (3 dobles i 1 individual) cuina independent equipada. A la mateixa planta se situa el menjador, 1 bany complet amb banyera i un segon bany amb plat de dutxa. Si cerques la teva llar i necessites espai per a magatzem, ampli garatge o per obrir el teu negoci sens dubte aquest habitatge segur t&#039;encaixarà. Vine a demanar informació!</p>
<p>ACABATS: terres de gres, tancaments d&#039;alumini, calefacció de gas natural, habitacions amb armaris de paret.</p>
<p>SERVEIS: a 3 minuts del centre, a prop de tots els serveis comercials.</p>
<p>No dubtis a posar-te en contacte amb nosaltres.<br />OFICINA – <a href="tel:93 891 55 91">93 891 55 91</a><br />MIREIA – <a href="tel:662 21 29 30">662 21 29 30</a><br />MAIL – <a href="mailto:mireia.quintana@serra.immo">mireia.quintana@serra.immo</a></p>

<p>Vivienda de 106m² con nave comercial en la planta baja de 264m². La vivienda dispone de 4 habitaciones (3 dobles y 1 individual) cocina independiente equipada. En la misma planta se sitúa el comedor, 1 baño completo con bañera y un segundo baño con plato de ducha. Si estás buscando tu hogar y necesitas espacio [&hellip;]</p>
