{"id":1242008,"date":"2026-04-23T03:01:13","date_gmt":"2026-04-23T01:01:13","guid":{"rendered":"https:\/\/www.serra.immo\/propiedad\/ref-4530-oportunidad-inversores-constructores-edificio-en-venta-en-el-centro-de-vilafranca\/"},"modified":"2026-04-23T03:01:13","modified_gmt":"2026-04-23T01:01:13","slug":"ref-4530-oportunitat-inversors-constructors-edifici-en-venda-al-centre-de-vilafranca","status":"publish","type":"property","link":"https:\/\/www.serra.immo\/ca\/propiedad\/ref-4530-oportunidad-inversores-constructores-edificio-en-venta-en-el-centro-de-vilafranca\/","title":{"rendered":"Ref. 4530 \u2013 OPORTUNITAT INVERSORS \/ CONSTRUCTORS. Edifici en venda al centre de Vilafranca"},"content":{"rendered":"<p>Edifici en venda al centre de Vilafranca del Pened\u00e8s amb una ALTA RENDIBILITAT. La finca amb 238 m2 consta de tres plantes que allotgen un pis cadascuna.<\/p>\n<p>La planta baixa, de 95 m2, consta de quatre habitacions. El primer pis, de 90 m2, en t\u00e9 tres. I segona planta planta, de 65 m2, tamb\u00e9 disposa de tres habitacions. Tots els habitatges estan llogats actualment! Es pot negociar preu !<\/p>\n<p>Una aut\u00e8ntica oportunitat per a inversors i constructors. Demana m\u00e9s informaci\u00f3 sense comprom\u00eds.<\/p>","protected":false},"excerpt":{"rendered":"<p>Edificio en venta en el centro de Vilafranca del Pened\u00e8s con una ALTA RENTABILIDAD. La finca con 238 m2, consta de tres plantas que albergan un piso cada una. La planta baja, de 95 m2, consta de cuatro habitaciones. El primer piso, de 90 m2, tiene tres. Y segona planta planta, de 65 m2, dispone [&hellip;]<\/p>\n","protected":false},"author":5,"featured_media":1242009,"parent":0,"menu_order":0,"template":"","property_type":[842],"property_status":[371],"property_feature":[],"property_label":[350],"property_state":[],"property_city":[192],"property_area":[206],"class_list":["post-1242008","property","type-property","status-publish","has-post-thumbnail","hentry","property_type-edificios","property_status-comprar","property_label-buen-estado","property_city-vilafranca-del-penedes","property_area-poble-nou"],"property_meta":{"fave_currency":["EUR"],"fave_currency_info":[""],"fave_property_price":["240000"],"fave_property_size":["230.00"],"fave_property_size_prefix":["m2"],"fave_property_land":["98"],"fave_property_land_postfix":["m2"],"fave_property_bedrooms":["0"],"fave_property_bathrooms":["0"],"fave_property_map":["1"],"fave_property_id":["4530"],"fave_property_year":["0"],"fave_property_zip":["08720"],"fave_featured":["1"],"houzez_featured_listing_date":["2026-04-23 03:01:13"],"fave_agent_display_option":["agent_info"],"fave_prop_homeslider":["no"],"fave_energy_class":["G"],"fave_energy_global_index":["47"],"fave_energy_performance":["F"],"fave_renewable_energy_global_index":["237"],"floor_plans":[""],"fave_multi_units":[""],"additional_features":[""],"fave_agents":["1077290"],"fave_property_agency":["1214647"],"fave_property_map_address":[null],"fave_property_location":["41.34596599790265,1.6950891355043325"],"houzez_geolocation_lat":["41.34596599790265"],"houzez_geolocation_long":["1.6950891355043325"],"propietat_serra":["1"],"_wp_page_template":["default"],"fave_property_images":["1242009","1242010","1242011","1242012","1242013","1242014","1242015"],"_thumbnail_id":["1242009"],"rank_math_internal_links_processed":["1"],"houzez_total_property_views":["19"],"houzez_views_by_date":["a:7:{s:10:\"04-23-2026\";i:2;s:10:\"04-24-2026\";i:3;s:10:\"04-25-2026\";i:3;s:10:\"04-26-2026\";i:1;s:10:\"04-27-2026\";i:6;s:10:\"04-29-2026\";i:1;s:10:\"04-30-2026\";i:3;}"],"houzez_recently_viewed":["2026-04-30 09:32:21"],"_elementor_page_assets":["a:0:{}"]},"_links":{"self":[{"href":"https:\/\/www.serra.immo\/ca\/wp-json\/wp\/v2\/properties\/1242008","targetHints":{"allow":["GET"]}}],"collection":[{"href":"https:\/\/www.serra.immo\/ca\/wp-json\/wp\/v2\/properties"}],"about":[{"href":"https:\/\/www.serra.immo\/ca\/wp-json\/wp\/v2\/types\/property"}],"author":[{"embeddable":true,"href":"https:\/\/www.serra.immo\/ca\/wp-json\/wp\/v2\/users\/5"}],"version-history":[{"count":1,"href":"https:\/\/www.serra.immo\/ca\/wp-json\/wp\/v2\/properties\/1242008\/revisions"}],"predecessor-version":[{"id":1276291,"href":"https:\/\/www.serra.immo\/ca\/wp-json\/wp\/v2\/properties\/1242008\/revisions\/1276291"}],"wp:featuredmedia":[{"embeddable":true,"href":"https:\/\/www.serra.immo\/ca\/wp-json\/wp\/v2\/media\/1242009"}],"wp:attachment":[{"href":"https:\/\/www.serra.immo\/ca\/wp-json\/wp\/v2\/media?parent=1242008"}],"wp:term":[{"taxonomy":"property_type","embeddable":true,"href":"https:\/\/www.serra.immo\/ca\/wp-json\/wp\/v2\/property_type?post=1242008"},{"taxonomy":"property_status","embeddable":true,"href":"https:\/\/www.serra.immo\/ca\/wp-json\/wp\/v2\/property_status?post=1242008"},{"taxonomy":"property_feature","embeddable":true,"href":"https:\/\/www.serra.immo\/ca\/wp-json\/wp\/v2\/property_feature?post=1242008"},{"taxonomy":"property_label","embeddable":true,"href":"https:\/\/www.serra.immo\/ca\/wp-json\/wp\/v2\/property_label?post=1242008"},{"taxonomy":"property_state","embeddable":true,"href":"https:\/\/www.serra.immo\/ca\/wp-json\/wp\/v2\/property_state?post=1242008"},{"taxonomy":"property_city","embeddable":true,"href":"https:\/\/www.serra.immo\/ca\/wp-json\/wp\/v2\/property_city?post=1242008"},{"taxonomy":"property_area","embeddable":true,"href":"https:\/\/www.serra.immo\/ca\/wp-json\/wp\/v2\/property_area?post=1242008"}],"curies":[{"name":"wp","href":"https:\/\/api.w.org\/{rel}","templated":true}]}}

<p>Edifici en venda al centre de Vilafranca del Penedès amb una ALTA RENDIBILITAT. La finca amb 238 m2 consta de tres plantes que allotgen un pis cadascuna.</p>
<p>La planta baixa, de 95 m2, consta de quatre habitacions. El primer pis, de 90 m2, en té tres. I segona planta planta, de 65 m2, també disposa de tres habitacions. Tots els habitatges estan llogats actualment! Es pot negociar preu !</p>
<p>Una autèntica oportunitat per a inversors i constructors. Demana més informació sense compromís.</p>

<p>Edificio en venta en el centro de Vilafranca del Penedès con una ALTA RENTABILIDAD. La finca con 238 m2, consta de tres plantas que albergan un piso cada una. La planta baja, de 95 m2, consta de cuatro habitaciones. El primer piso, de 90 m2, tiene tres. Y segona planta planta, de 65 m2, dispone [&hellip;]</p>
