{"id":1239322,"date":"2026-04-27T01:34:23","date_gmt":"2026-04-26T23:34:23","guid":{"rendered":"https:\/\/www.serra.immo\/propiedad\/ref-13-t21-2194-apartamento-turistico-para-tus-vacaciones-en-sitges-hutb-01499354\/"},"modified":"2026-04-27T01:34:24","modified_gmt":"2026-04-26T23:34:24","slug":"ref-13-t21-2194-apartament-turistic-per-a-les-teves-vacances-a-sitges-hutb-01499354","status":"publish","type":"property","link":"https:\/\/www.serra.immo\/ca\/propiedad\/ref-13-t21-2194-apartamento-turistico-para-tus-vacaciones-en-sitges-hutb-01499354\/","title":{"rendered":"Ref. 13-T21\/2194 \u2013 Apartament Tur\u00edstic per a les teves vacances a SITGES !!HUTB-01499354"},"content":{"rendered":"<p>Edifici inaugurat el 2011 al centre comercial de Sitges.<br \/>\nEspectacular \u00e0tic de vacances d\u00b4una habitaci\u00f3 doble amb una cambra de bany.<br \/>\nDisposa de wifi i tv, climatitzaci\u00f3, cuina equipada amb electrodom\u00e8stics classe A, finestres a\u00efllants d&#039;alumini, reixes de seguretat, porta blindada, videoporter, ascensor, plaques solars i tendals el\u00e8ctrics a la seva magn\u00edfica terrassa cantonera de 36,17 m2 amb zona de menjador i sol\u00e0rium.<br \/>\nHUTB01499354<\/p>","protected":false},"excerpt":{"rendered":"<p>Edifici inaugurat el 2011 al centre comercial de Sitges.<br \/>\nEspectacular \u00e0tic de vacances d\u00b4una habitaci\u00f3 doble amb una cambra de bany.<br \/>\nDisposa de wifi i tv, climatitzaci\u00f3, cuina equipada amb electrodom\u00e8stics classe A, finestres a\u00efllants d&#039;alumini, reixes de seguretat, porta blindada, videoporter, ascensor, plaques solars i tendals el\u00e8ctrics a la seva magn\u00edfica terrassa cantonera de 36,17 m2 amb zona de menjador i sol\u00e0rium.<br \/>\nHUTB01499354<\/p>","protected":false},"author":4,"featured_media":1317434,"parent":0,"menu_order":0,"template":"","property_type":[835],"property_status":[848],"property_feature":[376,375,385,377],"property_label":[],"property_state":[],"property_city":[202],"property_area":[199],"class_list":["post-1239322","property","type-property","status-publish","has-post-thumbnail","hentry","property_type-viviendas","property_status-alquiler-turistico","property_feature-ascensor","property_feature-calefaccion","property_feature-sureste","property_feature-terraza","property_city-sitges","property_area-centre"],"property_meta":{"fave_currency":["EUR"],"fave_currency_info":[""],"fave_property_price":["180"],"fave_property_size":["35.00"],"fave_property_size_prefix":["m2"],"fave_property_land":["0"],"fave_property_land_postfix":["m2"],"fave_property_bedrooms":["1"],"fave_property_bathrooms":["1"],"fave_virtual_tour":["0"],"fave_property_map":["1"],"fave_property_id":["13-T21\/2194"],"fave_property_year":["2011"],"fave_property_zip":["08870"],"fave_featured":["0"],"houzez_featured_listing_date":[""],"fave_agent_display_option":["agent_info"],"fave_prop_homeslider":["no"],"fave_energy_class":["E"],"fave_energy_global_index":["142"],"fave_energy_performance":["E"],"fave_renewable_energy_global_index":["35"],"floor_plans":[""],"fave_multi_units":[""],"additional_features":[""],"fave_agents":["1179704"],"fave_property_agency":["1214635"],"fave_property_map_address":[null],"fave_property_location":["41.2375222,1.80693389999999"],"houzez_geolocation_lat":["41.2375222"],"houzez_geolocation_long":["1.80693389999999"],"aicat":["1"],"_wp_page_template":["default"],"fave_property_images":["1317434","1317434","1317435","1317436","1317437","1317438","1317439","1317440","1317441","1317442","1317443","1317444","1317445","1317446","1317447","1317448","1317449","1317450","1317451","1317452","1317453","1317454","1317455","1317456","1317457"],"_thumbnail_id":["1317434"],"houzez_total_property_views":["7"],"houzez_views_by_date":["a:2:{s:10:\"04-27-2026\";i:5;s:10:\"04-28-2026\";i:2;}"],"houzez_recently_viewed":["2026-04-29 01:53:45"],"_elementor_page_assets":["a:0:{}"]},"_links":{"self":[{"href":"https:\/\/www.serra.immo\/ca\/wp-json\/wp\/v2\/properties\/1239322","targetHints":{"allow":["GET"]}}],"collection":[{"href":"https:\/\/www.serra.immo\/ca\/wp-json\/wp\/v2\/properties"}],"about":[{"href":"https:\/\/www.serra.immo\/ca\/wp-json\/wp\/v2\/types\/property"}],"author":[{"embeddable":true,"href":"https:\/\/www.serra.immo\/ca\/wp-json\/wp\/v2\/users\/4"}],"version-history":[{"count":0,"href":"https:\/\/www.serra.immo\/ca\/wp-json\/wp\/v2\/properties\/1239322\/revisions"}],"wp:featuredmedia":[{"embeddable":true,"href":"https:\/\/www.serra.immo\/ca\/wp-json\/wp\/v2\/media\/1317434"}],"wp:attachment":[{"href":"https:\/\/www.serra.immo\/ca\/wp-json\/wp\/v2\/media?parent=1239322"}],"wp:term":[{"taxonomy":"property_type","embeddable":true,"href":"https:\/\/www.serra.immo\/ca\/wp-json\/wp\/v2\/property_type?post=1239322"},{"taxonomy":"property_status","embeddable":true,"href":"https:\/\/www.serra.immo\/ca\/wp-json\/wp\/v2\/property_status?post=1239322"},{"taxonomy":"property_feature","embeddable":true,"href":"https:\/\/www.serra.immo\/ca\/wp-json\/wp\/v2\/property_feature?post=1239322"},{"taxonomy":"property_label","embeddable":true,"href":"https:\/\/www.serra.immo\/ca\/wp-json\/wp\/v2\/property_label?post=1239322"},{"taxonomy":"property_state","embeddable":true,"href":"https:\/\/www.serra.immo\/ca\/wp-json\/wp\/v2\/property_state?post=1239322"},{"taxonomy":"property_city","embeddable":true,"href":"https:\/\/www.serra.immo\/ca\/wp-json\/wp\/v2\/property_city?post=1239322"},{"taxonomy":"property_area","embeddable":true,"href":"https:\/\/www.serra.immo\/ca\/wp-json\/wp\/v2\/property_area?post=1239322"}],"curies":[{"name":"wp","href":"https:\/\/api.w.org\/{rel}","templated":true}]}}

Ref. 13-T21/2194 – Apartament Turístic per a les teves vacances a SITGES !!HUTB-01499354

<p>Edifici inaugurat el 2011 al centre comercial de Sitges.<br />
Espectacular àtic de vacances d´una habitació doble amb una cambra de bany.<br />
Disposa de wifi i tv, climatització, cuina equipada amb electrodomèstics classe A, finestres aïllants d&#039;alumini, reixes de seguretat, porta blindada, videoporter, ascensor, plaques solars i tendals elèctrics a la seva magnífica terrassa cantonera de 36,17 m2 amb zona de menjador i solàrium.<br />
HUTB01499354</p>
