{"id":1238824,"date":"2026-04-29T13:31:39","date_gmt":"2026-04-29T11:31:39","guid":{"rendered":"https:\/\/www.serra.immo\/propiedad\/ref-12-vfoix01-1087-espectacular-casa-en-plena-naturaleza-en-torelles-de-foix\/"},"modified":"2026-04-29T13:31:39","modified_gmt":"2026-04-29T11:31:39","slug":"ref-12-vfoix01-1087-espectacular-casa-en-plena-natura-a-torelles-de-foix","status":"publish","type":"property","link":"https:\/\/www.serra.immo\/ca\/propiedad\/ref-12-vfoix01-1087-espectacular-casa-en-plena-naturaleza-en-torelles-de-foix\/","title":{"rendered":"Ref. 12-VFOIX01\/1087 \u2013 ESPECTACULAR CASA EN PLENA NATURA A TORELLES DE FOIX"},"content":{"rendered":"<p>Descobriu aquesta encantadora casa d&#039;una sola planta amb vistes impressionants, ubicada en un entorn natural inigualable. La propietat compta amb un terreny ampli i pla d&#039;aproximadament 12.000 m\u00b2, ideal per als que busquen tranquil\u00b7litat i espai al bell mig de la natura. L&#039;habitatge ha estat reformat amb materials que respecten i harmonitzen amb l&#039;entorn.<\/p>\n<p>Caracter\u00edstiques principals: superf\u00edcie constru\u00efda: 182 m\u00b2 amb 167 m\u00b2 \u00fatils, tots en una planta c\u00f2moda.<br \/>\nCambra de m\u00e0quines: 14 m\u00b2 addicionals, perfecte per a emmagatzematge i manteniment.<br \/>\nLa seva distribuci\u00f3; \u00e0mplia entrada que d\u00f3na la benvinguda a una llar acollidora.<br \/>\nAmb gran menjador d\u00b4uns 40 m\u00b2 amb llar de foc, perfecte per a reunions familiars i amb acc\u00e9s directe a un porxo de 14 m\u00b2, ideal per gaudir de les vistes i l\u00b4aire lliure. Cuina \u00e0mplia amb espai per menjar, perfecta per gaudir dels \u00e0pats diaris. 4 habitacions dobles, oferint prou espai per a tota la fam\u00edlia o per rebre convidats. Espai\u00f3s bany complet amb banyera, dissenyat per a la comoditat.<\/p>\n<p>Construcci\u00f3 eficient; les parets gruixudes de l&#039;habitatge ajuden a mantenir una temperatura ideal en qualsevol temporada de l&#039;any. Calefacci\u00f3 per terra radiant, funciona de manera eficient amb biomassa i energia solar, garantint una llar c\u00e0lida i sostenible. Finestres d&#039;alumini que asseguren una conservaci\u00f3 excel\u00b7lent de la calor i ofereixen durabilitat.<\/p>\n<p>Extres:<br \/>\nCaseta addicional: Una segona construcci\u00f3 a la finca llesta per reformar al teu gust.<br \/>\nPou d\u00b4aigua propi: Assegura un subministrament continu i fiable d\u00b4aigua.<br \/>\nPlaques solars: Instal\u00b7lades per alimentar el sistema de calefacci\u00f3, contribuint a una llar ecol\u00f2gica i econ\u00f2mica.<br \/>\nTerreny amb arbres fruiters: Perfecte per gaudir de la natura i els fruits del teu propi jard\u00ed.<\/p>\n<p>La seva ubicaci\u00f3 amb bon acc\u00e9s a la casa, amb nom\u00e9s 600 metres de cam\u00ed de terra, garantint tranquil\u00b7litat sense sacrificar la connectivitat.<br \/>\nA nom\u00e9s 5 minuts de Sant Mart\u00ed Sarroca i 10 minuts de Vilafranca del Pened\u00e8s, gaudint de la natura sense perdre la proximitat a serveis i comoditats.<\/p>\n<p>Aquesta \u00e9s una oportunitat \u00fanica per adquirir una propietat excepcional en un entorn natural privilegiat. Ideal per als que busquen una llar tranquil\u00b7la i sostenible, envoltada de bellesa natural.<br \/>\n\u00a1No perdis l&#039;oportunitat de visitar-la i enamorar-te del seu entorn i encant!<\/p>\n<p>Cl\u00e0usula de Transpar\u00e8ncia i Desglossament de Despeses (Llei 10\/2025)<br \/>\nPREU DE VENDA: 289.500\u20ac + 28.950\u20ac (ITP)<br \/>\nEn compliment de les obligacions d&#039;informaci\u00f3 previstes a la Llei 10\/2025, de 28 de desembre, de serveis d&#039;atenci\u00f3 a la clientela i transpar\u00e8ncia, aix\u00ed com a la normativa sectorial vigent, es fa constar que el preu indicat no inclou les despeses i els impostos inherents a l&#039;adquisici\u00f3, els quals es desglossen a continuaci\u00f3:<br \/>\n\u2022Impost sobre Transmissions Patrimonials (ITP)<br \/>\n\u2022Despeses de Notaria<br \/>\n\u2022Despeses de Registre<br \/>\n\u2022Despeses de Gesti\u00f3 (Gestoria)<br \/>\n\u2022 Honoraris Ag\u00e8ncia del Venedor<br \/>\nPer a una informaci\u00f3 exhaustiva sobre el funcionament, tipus impositius i bonificacions de l&#039;ITP a Catalunya, podeu consultar el portal oficial de l&#039;Ag\u00e8ncia Tribut\u00e0ria Catalana, al seg\u00fcent enlla\u00e7: https:\/\/atc.gencat.cat\/es\/tributs\/itpajd\/tpo\/tarifes-tipus\/;<\/p>\n<p>La propietat es ven sense mobles<br \/>\nEl propietari no \u00e9s una gran forquilla.<br \/>\nRefer\u00e8ncia c\u00e8dula habitabilitat: CHB<a href=\"tel:02442920001\">02442920001<\/a><br \/>\nN\u00famero registre AICAT: 3366<br \/>\nN\u00famero API: A10580<\/p>","protected":false},"excerpt":{"rendered":"<p>Descobriu aquesta encantadora casa d&#039;una sola planta amb vistes impressionants, ubicada en un entorn natural inigualable. La propietat compta amb un terreny ampli i pla d&#039;aproximadament 12.000 m\u00b2, ideal per als que busquen tranquil\u00b7litat i espai al bell mig de la natura. L&#039;habitatge ha estat reformat amb materials que respecten i harmonitzen amb l&#039;entorn.<\/p>\n<p>Caracter\u00edstiques principals: superf\u00edcie constru\u00efda: 182 m\u00b2 amb 167 m\u00b2 \u00fatils, tots en una planta c\u00f2moda.<br \/>\nCambra de m\u00e0quines: 14 m\u00b2 addicionals, perfecte per a emmagatzematge i manteniment.<br \/>\nLa seva distribuci\u00f3; \u00e0mplia entrada que d\u00f3na la benvinguda a una llar acollidora.<br \/>\nAmb gran menjador d\u00b4uns 40 m\u00b2 amb llar de foc, perfecte per a reunions familiars i amb acc\u00e9s directe a un porxo de 14 m\u00b2, ideal per gaudir de les vistes i l\u00b4aire lliure. Cuina \u00e0mplia amb espai per menjar, perfecta per gaudir dels \u00e0pats diaris. 4 habitacions dobles, oferint prou espai per a tota la fam\u00edlia o per rebre convidats. Espai\u00f3s bany complet amb banyera, dissenyat per a la comoditat.<\/p>\n<p>Construcci\u00f3 eficient; les parets gruixudes de l&#039;habitatge ajuden a mantenir una temperatura ideal en qualsevol temporada de l&#039;any. Calefacci\u00f3 per terra radiant, funciona de manera eficient amb biomassa i energia solar, garantint una llar c\u00e0lida i sostenible. Finestres d&#039;alumini que asseguren una conservaci\u00f3 excel\u00b7lent de la calor i ofereixen durabilitat.<\/p>\n<p>Extres:<br \/>\nCaseta addicional: Una segona construcci\u00f3 a la finca llesta per reformar al teu gust.<br \/>\nPou d\u00b4aigua propi: Assegura un subministrament continu i fiable d\u00b4aigua.<br \/>\nPlaques solars: Instal\u00b7lades per alimentar el sistema de calefacci\u00f3, contribuint a una llar ecol\u00f2gica i econ\u00f2mica.<br \/>\nTerreny amb arbres fruiters: Perfecte per gaudir de la natura i els fruits del teu propi jard\u00ed.<\/p>\n<p>La seva ubicaci\u00f3 amb bon acc\u00e9s a la casa, amb nom\u00e9s 600 metres de cam\u00ed de terra, garantint tranquil\u00b7litat sense sacrificar la connectivitat.<br \/>\nA nom\u00e9s 5 minuts de Sant Mart\u00ed Sarroca i 10 minuts de Vilafranca del Pened\u00e8s, gaudint de la natura sense perdre la proximitat a serveis i comoditats.<\/p>\n<p>Aquesta \u00e9s una oportunitat \u00fanica per adquirir una propietat excepcional en un entorn natural privilegiat. Ideal per als que busquen una llar tranquil\u00b7la i sostenible, envoltada de bellesa natural.<br \/>\n\u00a1No perdis l&#039;oportunitat de visitar-la i enamorar-te del seu entorn i encant!<\/p>\n<p>Cl\u00e0usula de Transpar\u00e8ncia i Desglossament de Despeses (Llei 10\/2025)<br \/>\nPREU DE VENDA: 289.500\u20ac + 28.950\u20ac (ITP)<br \/>\nEn compliment de les obligacions d&#039;informaci\u00f3 previstes a la Llei 10\/2025, de 28 de desembre, de serveis d&#039;atenci\u00f3 a la clientela i transpar\u00e8ncia, aix\u00ed com a la normativa sectorial vigent, es fa constar que el preu indicat no inclou les despeses i els impostos inherents a l&#039;adquisici\u00f3, els quals es desglossen a continuaci\u00f3:<br \/>\n\u2022Impost sobre Transmissions Patrimonials (ITP)<br \/>\n\u2022Despeses de Notaria<br \/>\n\u2022Despeses de Registre<br \/>\n\u2022Despeses de Gesti\u00f3 (Gestoria)<br \/>\n\u2022 Honoraris Ag\u00e8ncia del Venedor<br \/>\nPer a una informaci\u00f3 exhaustiva sobre el funcionament, tipus impositius i bonificacions de l&#039;ITP a Catalunya, podeu consultar el portal oficial de l&#039;Ag\u00e8ncia Tribut\u00e0ria Catalana, al seg\u00fcent enlla\u00e7: https:\/\/atc.gencat.cat\/es\/tributs\/itpajd\/tpo\/tarifes-tipus\/;<\/p>\n<p>La propietat es ven sense mobles<br \/>\nEl propietari no \u00e9s una gran forquilla.<br \/>\nRefer\u00e8ncia c\u00e8dula habitabilitat: CHB02442920001<br \/>\nN\u00famero registre AICAT: 3366<br \/>\nN\u00famero API: A10580<\/p>","protected":false},"author":4,"featured_media":1238825,"parent":0,"menu_order":0,"template":"","property_type":[835],"property_status":[371],"property_feature":[375,377,378],"property_label":[],"property_state":[],"property_city":[189],"property_area":[823],"class_list":["post-1238824","property","type-property","status-publish","has-post-thumbnail","hentry","property_type-viviendas","property_status-comprar","property_feature-calefaccion","property_feature-terraza","property_feature-trastero","property_city-torrelles-de-foix","property_area-cataluna"],"property_meta":{"fave_currency":["EUR"],"fave_currency_info":[""],"fave_property_price":["289500"],"fave_property_size":["167.00"],"fave_property_size_prefix":["m2"],"fave_property_land":["0"],"fave_property_land_postfix":["m2"],"fave_property_bedrooms":["4"],"fave_property_bathrooms":["1"],"fave_virtual_tour":["0"],"fave_property_map":["1"],"fave_property_id":["12-VFOIX01\/1087"],"fave_property_year":["1992"],"fave_property_zip":["08737"],"fave_featured":["0"],"houzez_featured_listing_date":[""],"fave_agent_display_option":["agent_info"],"fave_prop_homeslider":["no"],"fave_energy_class":["G"],"fave_energy_global_index":["0"],"fave_energy_performance":["G"],"fave_renewable_energy_global_index":["0"],"floor_plans":[""],"fave_multi_units":[""],"additional_features":[""],"fave_agents":["1179704"],"fave_property_agency":["1214635"],"fave_property_map_address":[null],"fave_property_location":["41.389090712,1.567658985"],"houzez_geolocation_lat":["41.389090712"],"houzez_geolocation_long":["1.567658985"],"aicat":["1"],"_wp_page_template":["default"],"fave_property_images":["1238825","1238825","1238826","1238827","1238828","1238829","1238830","1238831","1238832","1238833","1238834","1238835","1238836","1238837","1238838","1238839","1238840","1238841","1238842","1238843","1238844","1238845","1238846","1238847","1238848","1238849","1238850","1238851","1238852"],"_thumbnail_id":["1238825"],"houzez_total_property_views":["2"],"houzez_views_by_date":["a:1:{s:10:\"04-30-2026\";i:2;}"],"houzez_recently_viewed":["2026-04-30 05:56:18"],"_elementor_page_assets":["a:0:{}"]},"_links":{"self":[{"href":"https:\/\/www.serra.immo\/ca\/wp-json\/wp\/v2\/properties\/1238824","targetHints":{"allow":["GET"]}}],"collection":[{"href":"https:\/\/www.serra.immo\/ca\/wp-json\/wp\/v2\/properties"}],"about":[{"href":"https:\/\/www.serra.immo\/ca\/wp-json\/wp\/v2\/types\/property"}],"author":[{"embeddable":true,"href":"https:\/\/www.serra.immo\/ca\/wp-json\/wp\/v2\/users\/4"}],"version-history":[{"count":0,"href":"https:\/\/www.serra.immo\/ca\/wp-json\/wp\/v2\/properties\/1238824\/revisions"}],"wp:featuredmedia":[{"embeddable":true,"href":"https:\/\/www.serra.immo\/ca\/wp-json\/wp\/v2\/media\/1238825"}],"wp:attachment":[{"href":"https:\/\/www.serra.immo\/ca\/wp-json\/wp\/v2\/media?parent=1238824"}],"wp:term":[{"taxonomy":"property_type","embeddable":true,"href":"https:\/\/www.serra.immo\/ca\/wp-json\/wp\/v2\/property_type?post=1238824"},{"taxonomy":"property_status","embeddable":true,"href":"https:\/\/www.serra.immo\/ca\/wp-json\/wp\/v2\/property_status?post=1238824"},{"taxonomy":"property_feature","embeddable":true,"href":"https:\/\/www.serra.immo\/ca\/wp-json\/wp\/v2\/property_feature?post=1238824"},{"taxonomy":"property_label","embeddable":true,"href":"https:\/\/www.serra.immo\/ca\/wp-json\/wp\/v2\/property_label?post=1238824"},{"taxonomy":"property_state","embeddable":true,"href":"https:\/\/www.serra.immo\/ca\/wp-json\/wp\/v2\/property_state?post=1238824"},{"taxonomy":"property_city","embeddable":true,"href":"https:\/\/www.serra.immo\/ca\/wp-json\/wp\/v2\/property_city?post=1238824"},{"taxonomy":"property_area","embeddable":true,"href":"https:\/\/www.serra.immo\/ca\/wp-json\/wp\/v2\/property_area?post=1238824"}],"curies":[{"name":"wp","href":"https:\/\/api.w.org\/{rel}","templated":true}]}}

<p>Descobriu aquesta encantadora casa d&#039;una sola planta amb vistes impressionants, ubicada en un entorn natural inigualable. La propietat compta amb un terreny ampli i pla d&#039;aproximadament 12.000 m², ideal per als que busquen tranquil·litat i espai al bell mig de la natura. L&#039;habitatge ha estat reformat amb materials que respecten i harmonitzen amb l&#039;entorn.</p>
<p>Característiques principals: superfície construïda: 182 m² amb 167 m² útils, tots en una planta còmoda.<br />
Cambra de màquines: 14 m² addicionals, perfecte per a emmagatzematge i manteniment.<br />
La seva distribució; àmplia entrada que dóna la benvinguda a una llar acollidora.<br />
Amb gran menjador d´uns 40 m² amb llar de foc, perfecte per a reunions familiars i amb accés directe a un porxo de 14 m², ideal per gaudir de les vistes i l´aire lliure. Cuina àmplia amb espai per menjar, perfecta per gaudir dels àpats diaris. 4 habitacions dobles, oferint prou espai per a tota la família o per rebre convidats. Espaiós bany complet amb banyera, dissenyat per a la comoditat.</p>
<p>Construcció eficient; les parets gruixudes de l&#039;habitatge ajuden a mantenir una temperatura ideal en qualsevol temporada de l&#039;any. Calefacció per terra radiant, funciona de manera eficient amb biomassa i energia solar, garantint una llar càlida i sostenible. Finestres d&#039;alumini que asseguren una conservació excel·lent de la calor i ofereixen durabilitat.</p>
<p>Extres:<br />
Caseta addicional: Una segona construcció a la finca llesta per reformar al teu gust.<br />
Pou d´aigua propi: Assegura un subministrament continu i fiable d´aigua.<br />
Plaques solars: Instal·lades per alimentar el sistema de calefacció, contribuint a una llar ecològica i econòmica.<br />
Terreny amb arbres fruiters: Perfecte per gaudir de la natura i els fruits del teu propi jardí.</p>
<p>La seva ubicació amb bon accés a la casa, amb només 600 metres de camí de terra, garantint tranquil·litat sense sacrificar la connectivitat.<br />
A només 5 minuts de Sant Martí Sarroca i 10 minuts de Vilafranca del Penedès, gaudint de la natura sense perdre la proximitat a serveis i comoditats.</p>
<p>Aquesta és una oportunitat única per adquirir una propietat excepcional en un entorn natural privilegiat. Ideal per als que busquen una llar tranquil·la i sostenible, envoltada de bellesa natural.<br />
¡No perdis l&#039;oportunitat de visitar-la i enamorar-te del seu entorn i encant!</p>
<p>Clàusula de Transparència i Desglossament de Despeses (Llei 10/2025)<br />
PREU DE VENDA: 289.500€ + 28.950€ (ITP)<br />
En compliment de les obligacions d&#039;informació previstes a la Llei 10/2025, de 28 de desembre, de serveis d&#039;atenció a la clientela i transparència, així com a la normativa sectorial vigent, es fa constar que el preu indicat no inclou les despeses i els impostos inherents a l&#039;adquisició, els quals es desglossen a continuació:<br />
•Impost sobre Transmissions Patrimonials (ITP)<br />
•Despeses de Notaria<br />
•Despeses de Registre<br />
•Despeses de Gestió (Gestoria)<br />
• Honoraris Agència del Venedor<br />
Per a una informació exhaustiva sobre el funcionament, tipus impositius i bonificacions de l&#039;ITP a Catalunya, podeu consultar el portal oficial de l&#039;Agència Tributària Catalana, al següent enllaç: https://atc.gencat.cat/es/tributs/itpajd/tpo/tarifes-tipus/;</p>
<p>La propietat es ven sense mobles<br />
El propietari no és una gran forquilla.<br />
Referència cèdula habitabilitat: CHB<a href="tel:02442920001">02442920001</a><br />
Número registre AICAT: 3366<br />
Número API: A10580</p>

<p>Descobriu aquesta encantadora casa d&#039;una sola planta amb vistes impressionants, ubicada en un entorn natural inigualable. La propietat compta amb un terreny ampli i pla d&#039;aproximadament 12.000 m², ideal per als que busquen tranquil·litat i espai al bell mig de la natura. L&#039;habitatge ha estat reformat amb materials que respecten i harmonitzen amb l&#039;entorn.</p>
<p>Característiques principals: superfície construïda: 182 m² amb 167 m² útils, tots en una planta còmoda.<br />
Cambra de màquines: 14 m² addicionals, perfecte per a emmagatzematge i manteniment.<br />
La seva distribució; àmplia entrada que dóna la benvinguda a una llar acollidora.<br />
Amb gran menjador d´uns 40 m² amb llar de foc, perfecte per a reunions familiars i amb accés directe a un porxo de 14 m², ideal per gaudir de les vistes i l´aire lliure. Cuina àmplia amb espai per menjar, perfecta per gaudir dels àpats diaris. 4 habitacions dobles, oferint prou espai per a tota la família o per rebre convidats. Espaiós bany complet amb banyera, dissenyat per a la comoditat.</p>
<p>Construcció eficient; les parets gruixudes de l&#039;habitatge ajuden a mantenir una temperatura ideal en qualsevol temporada de l&#039;any. Calefacció per terra radiant, funciona de manera eficient amb biomassa i energia solar, garantint una llar càlida i sostenible. Finestres d&#039;alumini que asseguren una conservació excel·lent de la calor i ofereixen durabilitat.</p>
<p>Extres:<br />
Caseta addicional: Una segona construcció a la finca llesta per reformar al teu gust.<br />
Pou d´aigua propi: Assegura un subministrament continu i fiable d´aigua.<br />
Plaques solars: Instal·lades per alimentar el sistema de calefacció, contribuint a una llar ecològica i econòmica.<br />
Terreny amb arbres fruiters: Perfecte per gaudir de la natura i els fruits del teu propi jardí.</p>
<p>La seva ubicació amb bon accés a la casa, amb només 600 metres de camí de terra, garantint tranquil·litat sense sacrificar la connectivitat.<br />
A només 5 minuts de Sant Martí Sarroca i 10 minuts de Vilafranca del Penedès, gaudint de la natura sense perdre la proximitat a serveis i comoditats.</p>
<p>Aquesta és una oportunitat única per adquirir una propietat excepcional en un entorn natural privilegiat. Ideal per als que busquen una llar tranquil·la i sostenible, envoltada de bellesa natural.<br />
¡No perdis l&#039;oportunitat de visitar-la i enamorar-te del seu entorn i encant!</p>
<p>Clàusula de Transparència i Desglossament de Despeses (Llei 10/2025)<br />
PREU DE VENDA: 289.500€ + 28.950€ (ITP)<br />
En compliment de les obligacions d&#039;informació previstes a la Llei 10/2025, de 28 de desembre, de serveis d&#039;atenció a la clientela i transparència, així com a la normativa sectorial vigent, es fa constar que el preu indicat no inclou les despeses i els impostos inherents a l&#039;adquisició, els quals es desglossen a continuació:<br />
•Impost sobre Transmissions Patrimonials (ITP)<br />
•Despeses de Notaria<br />
•Despeses de Registre<br />
•Despeses de Gestió (Gestoria)<br />
• Honoraris Agència del Venedor<br />
Per a una informació exhaustiva sobre el funcionament, tipus impositius i bonificacions de l&#039;ITP a Catalunya, podeu consultar el portal oficial de l&#039;Agència Tributària Catalana, al següent enllaç: https://atc.gencat.cat/es/tributs/itpajd/tpo/tarifes-tipus/;</p>
<p>La propietat es ven sense mobles<br />
El propietari no és una gran forquilla.<br />
Referència cèdula habitabilitat: CHB02442920001<br />
Número registre AICAT: 3366<br />
Número API: A10580</p>
