{"id":1225972,"date":"2026-04-27T01:34:26","date_gmt":"2026-04-26T23:34:26","guid":{"rendered":"https:\/\/www.serra.immo\/propiedad\/ref-13-espalter10-2194-alquiler-apartamento-amueblado-en-sitges-centro\/"},"modified":"2026-04-27T01:34:26","modified_gmt":"2026-04-26T23:34:26","slug":"ref-13-espalter10-2194-lloguer-apartament-turistic-a-sitges-centre","status":"publish","type":"property","link":"https:\/\/www.serra.immo\/ca\/propiedad\/ref-13-espalter10-2194-alquiler-apartamento-turistico-en-sitges-centro\/","title":{"rendered":"Ref. 13-ESPALTER10\/2194 \u2013 LLOGUER APARTAMENT TUR\u00cdSTIC A SITGES CENTRE"},"content":{"rendered":"<p>Confortable apartament per a \u00fas de vacances situat al centre comercial de Sitges, molt proper a tots els serveis de la vila. Rehabilitat \u00edntegrament l&#039;any 2011. Es troba a menys de cinc minuts a peu de la platja.<br \/>\n T\u00e9 dues habitacions dobles, ambdues amb armari incorporat, 2 banys complets, cuina totalment equipada separada per portes corredisses del sal\u00f3 menjador i balc\u00f3.<br \/>\n Equipat amb mobiliari, electrodom\u00e8stics, rentadora, aire condicionat, parament de cuina i wifi.<\/p>\n<p> Impostos no inclosos <\/p>\n<p> Nivell de manteniment: En perfecte estat<\/p>\n<p> Planta: Primera <\/p>\n<p> Certificat energ\u00e8tic: F<\/p>\n<p> Ascensor: S\u00ed<\/p>\n<p> Moblat: Si<\/p>","protected":false},"excerpt":{"rendered":"<p>Confortable apartament per a \u00fas de vacances situat al centre comercial de Sitges, molt proper a tots els serveis de la vila. Rehabilitat \u00edntegrament l&#039;any 2011. Es troba a menys de cinc minuts a peu de la platja.<br \/>\n T\u00e9 dues habitacions dobles, ambdues amb armari incorporat, 2 banys complets, cuina totalment equipada separada per portes corredisses del sal\u00f3 menjador i balc\u00f3.<br \/>\n Equipat amb mobiliari, electrodom\u00e8stics, rentadora, aire condicionat, parament de cuina i wifi.<\/p>\n<p> Impostos no inclosos <\/p>\n<p> Nivell de manteniment: En perfecte estat<\/p>\n<p> Planta: Primera <\/p>\n<p> Certificat energ\u00e8tic: F<\/p>\n<p> Ascensor: S\u00ed<\/p>\n<p> Moblat: Si<\/p>","protected":false},"author":4,"featured_media":1317458,"parent":0,"menu_order":0,"template":"","property_type":[835],"property_status":[848],"property_feature":[376,375,385,377],"property_label":[],"property_state":[],"property_city":[202],"property_area":[199],"class_list":["post-1225972","property","type-property","status-publish","has-post-thumbnail","hentry","property_type-viviendas","property_status-alquiler-turistico","property_feature-ascensor","property_feature-calefaccion","property_feature-sureste","property_feature-terraza","property_city-sitges","property_area-centre"],"property_meta":{"fave_currency":["EUR"],"fave_currency_info":[""],"fave_property_price":["170"],"fave_property_size":["70.00"],"fave_property_size_prefix":["m2"],"fave_property_land":["0"],"fave_property_land_postfix":["m2"],"fave_property_bedrooms":["2"],"fave_property_bathrooms":["2"],"fave_virtual_tour":["0"],"fave_property_map":["1"],"fave_property_id":["13-ESPALTER10\/2194"],"fave_property_year":["2011"],"fave_property_zip":["08870"],"fave_featured":["0"],"houzez_featured_listing_date":[""],"fave_agent_display_option":["agent_info"],"fave_prop_homeslider":["no"],"fave_energy_class":["E"],"fave_energy_global_index":["138"],"fave_energy_performance":["E"],"fave_renewable_energy_global_index":["34"],"floor_plans":[""],"fave_multi_units":[""],"additional_features":[""],"fave_agents":["1179704"],"fave_property_agency":["1214635"],"fave_property_map_address":[null],"fave_property_location":["41.2375222,1.80693389999999"],"houzez_geolocation_lat":["41.2375222"],"houzez_geolocation_long":["1.80693389999999"],"aicat":["1"],"_wp_page_template":["default"],"fave_property_images":["1317458","1317458","1317459","1317460","1317461","1317462","1317463","1317464","1317465","1317466","1317467","1317468","1317469","1317470","1317471","1317472","1317473","1317474","1317475","1317476","1317477","1317478","1317479","1317480","1317481","1317482","1317483","1317484","1317485","1317486","1317487","1317488","1317489","1317490","1317491"],"_thumbnail_id":["1317458"],"houzez_total_property_views":["8"],"houzez_views_by_date":["a:3:{s:10:\"04-27-2026\";i:3;s:10:\"04-28-2026\";i:4;s:10:\"04-30-2026\";i:1;}"],"houzez_recently_viewed":["2026-04-30 10:16:34"],"_elementor_page_assets":["a:0:{}"]},"_links":{"self":[{"href":"https:\/\/www.serra.immo\/ca\/wp-json\/wp\/v2\/properties\/1225972","targetHints":{"allow":["GET"]}}],"collection":[{"href":"https:\/\/www.serra.immo\/ca\/wp-json\/wp\/v2\/properties"}],"about":[{"href":"https:\/\/www.serra.immo\/ca\/wp-json\/wp\/v2\/types\/property"}],"author":[{"embeddable":true,"href":"https:\/\/www.serra.immo\/ca\/wp-json\/wp\/v2\/users\/4"}],"version-history":[{"count":0,"href":"https:\/\/www.serra.immo\/ca\/wp-json\/wp\/v2\/properties\/1225972\/revisions"}],"wp:featuredmedia":[{"embeddable":true,"href":"https:\/\/www.serra.immo\/ca\/wp-json\/wp\/v2\/media\/1317458"}],"wp:attachment":[{"href":"https:\/\/www.serra.immo\/ca\/wp-json\/wp\/v2\/media?parent=1225972"}],"wp:term":[{"taxonomy":"property_type","embeddable":true,"href":"https:\/\/www.serra.immo\/ca\/wp-json\/wp\/v2\/property_type?post=1225972"},{"taxonomy":"property_status","embeddable":true,"href":"https:\/\/www.serra.immo\/ca\/wp-json\/wp\/v2\/property_status?post=1225972"},{"taxonomy":"property_feature","embeddable":true,"href":"https:\/\/www.serra.immo\/ca\/wp-json\/wp\/v2\/property_feature?post=1225972"},{"taxonomy":"property_label","embeddable":true,"href":"https:\/\/www.serra.immo\/ca\/wp-json\/wp\/v2\/property_label?post=1225972"},{"taxonomy":"property_state","embeddable":true,"href":"https:\/\/www.serra.immo\/ca\/wp-json\/wp\/v2\/property_state?post=1225972"},{"taxonomy":"property_city","embeddable":true,"href":"https:\/\/www.serra.immo\/ca\/wp-json\/wp\/v2\/property_city?post=1225972"},{"taxonomy":"property_area","embeddable":true,"href":"https:\/\/www.serra.immo\/ca\/wp-json\/wp\/v2\/property_area?post=1225972"}],"curies":[{"name":"wp","href":"https:\/\/api.w.org\/{rel}","templated":true}]}}

Ref. 13-ESPALTER10/2194 – LLOGUER APARTAMENT TURÍSTIC A SITGES CENTRE

<p>Confortable apartament per a ús de vacances situat al centre comercial de Sitges, molt proper a tots els serveis de la vila. Rehabilitat íntegrament l&#039;any 2011. Es troba a menys de cinc minuts a peu de la platja.<br />
 Té dues habitacions dobles, ambdues amb armari incorporat, 2 banys complets, cuina totalment equipada separada per portes corredisses del saló menjador i balcó.<br />
 Equipat amb mobiliari, electrodomèstics, rentadora, aire condicionat, parament de cuina i wifi.</p>
<p> Impostos no inclosos </p>
<p> Nivell de manteniment: En perfecte estat</p>
<p> Planta: Primera </p>
<p> Certificat energètic: F</p>
<p> Ascensor: Sí</p>
<p> Moblat: Si</p>
