{"id":1224437,"date":"2026-04-27T01:38:17","date_gmt":"2026-04-26T23:38:17","guid":{"rendered":"https:\/\/www.serra.immo\/propiedad\/ref-pv0009-12308-pis-en-perfgecte-estat-a-les-roquetes\/"},"modified":"2026-04-27T01:38:17","modified_gmt":"2026-04-26T23:38:17","slug":"ref-pv0009-12308-pis-a-perfgecte-estat-a-les-roquetes","status":"publish","type":"property","link":"https:\/\/www.serra.immo\/ca\/propiedad\/ref-pv0009-12308-pis-en-perfgecte-estat-a-les-roquetes\/","title":{"rendered":"Ref. PV0009\/12308 \u2013 Pis en perfgect estat a les Roquetes"},"content":{"rendered":"<p>1. Pis \u2192 Pis a Sant Pere de Ribes zona Les Roquetes- Ajuntament, 88 m. de superf\u00edcie, 3 habitacions dobles, un bany, un lavabo, propietat per Entrar a viure, cuina nom\u00e9s mobles, fusteria interior de faig, orientaci\u00f3 nord, terra de cer\u00e0mic, fusteria exterior d&#039;alumini\/climat.<br \/>\nExtres: aigua, armaris encastats, balc\u00f3, calefacci\u00f3, gas ciutat, llumin\u00f3s, llum, ulls de bou, autobusos, c\u00e8ntric, col\u00b7legis, costa, parcs, supermercats, zona de pas<br \/>\nDespeses de comunitat: 40 Eur.<\/p>","protected":false},"excerpt":{"rendered":"<p>1. Pis \u2192 Pis a Sant Pere de Ribes zona Les Roquetes- Ajuntament, 88 m. de superf\u00edcie, 3 habitacions dobles, un bany, un lavabo, propietat per Entrar a viure, cuina nom\u00e9s mobles, fusteria interior de faig, orientaci\u00f3 nord, terra de cer\u00e0mic, fusteria exterior d&#039;alumini\/climat.<br \/>\nExtres: aigua, armaris encastats, balc\u00f3, calefacci\u00f3, gas ciutat, llumin\u00f3s, llum, ulls de bou, autobusos, c\u00e8ntric, col\u00b7legis, costa, parcs, supermercats, zona de pas<br \/>\nDespeses de comunitat: 40 Eur.<\/p>","protected":false},"author":4,"featured_media":1224438,"parent":0,"menu_order":0,"template":"","property_type":[835],"property_status":[371],"property_feature":[375,395],"property_label":[],"property_state":[],"property_city":[210],"property_area":[422],"class_list":["post-1224437","property","type-property","status-publish","has-post-thumbnail","hentry","property_type-viviendas","property_status-comprar","property_feature-calefaccion","property_feature-norte","property_city-sant-pere-de-ribes","property_area-les-roquetes-ajuntament"],"property_meta":{"fave_currency":["EUR"],"fave_currency_info":[""],"fave_property_price":["280000"],"fave_property_size":["80.00"],"fave_property_size_prefix":["m2"],"fave_property_land":["0"],"fave_property_land_postfix":["m2"],"fave_property_bedrooms":["3"],"fave_property_bathrooms":["2"],"fave_virtual_tour":["0"],"fave_property_map":["1"],"fave_property_id":["PV0009\/12308"],"fave_property_year":["1993"],"fave_property_zip":["08812"],"fave_featured":["0"],"houzez_featured_listing_date":[""],"fave_agent_display_option":["agent_info"],"fave_prop_homeslider":["no"],"fave_energy_class":["E"],"fave_energy_global_index":["96"],"fave_energy_performance":["D"],"fave_renewable_energy_global_index":["19"],"floor_plans":[""],"fave_multi_units":[""],"additional_features":[""],"fave_agents":["1179704"],"fave_property_agency":["1214635"],"fave_property_map_address":[null],"fave_property_location":["41.227338924,1.746540508"],"houzez_geolocation_lat":["41.227338924"],"houzez_geolocation_long":["1.746540508"],"aicat":["1"],"_wp_page_template":["default"],"fave_property_images":["1224438","1224438"],"_thumbnail_id":["1224438"],"houzez_total_property_views":["11"],"houzez_views_by_date":["a:2:{s:10:\"04-27-2026\";i:6;s:10:\"04-28-2026\";i:5;}"],"houzez_recently_viewed":["2026-04-29 00:20:20"],"_elementor_page_assets":["a:0:{}"]},"_links":{"self":[{"href":"https:\/\/www.serra.immo\/ca\/wp-json\/wp\/v2\/properties\/1224437","targetHints":{"allow":["GET"]}}],"collection":[{"href":"https:\/\/www.serra.immo\/ca\/wp-json\/wp\/v2\/properties"}],"about":[{"href":"https:\/\/www.serra.immo\/ca\/wp-json\/wp\/v2\/types\/property"}],"author":[{"embeddable":true,"href":"https:\/\/www.serra.immo\/ca\/wp-json\/wp\/v2\/users\/4"}],"version-history":[{"count":0,"href":"https:\/\/www.serra.immo\/ca\/wp-json\/wp\/v2\/properties\/1224437\/revisions"}],"wp:featuredmedia":[{"embeddable":true,"href":"https:\/\/www.serra.immo\/ca\/wp-json\/wp\/v2\/media\/1224438"}],"wp:attachment":[{"href":"https:\/\/www.serra.immo\/ca\/wp-json\/wp\/v2\/media?parent=1224437"}],"wp:term":[{"taxonomy":"property_type","embeddable":true,"href":"https:\/\/www.serra.immo\/ca\/wp-json\/wp\/v2\/property_type?post=1224437"},{"taxonomy":"property_status","embeddable":true,"href":"https:\/\/www.serra.immo\/ca\/wp-json\/wp\/v2\/property_status?post=1224437"},{"taxonomy":"property_feature","embeddable":true,"href":"https:\/\/www.serra.immo\/ca\/wp-json\/wp\/v2\/property_feature?post=1224437"},{"taxonomy":"property_label","embeddable":true,"href":"https:\/\/www.serra.immo\/ca\/wp-json\/wp\/v2\/property_label?post=1224437"},{"taxonomy":"property_state","embeddable":true,"href":"https:\/\/www.serra.immo\/ca\/wp-json\/wp\/v2\/property_state?post=1224437"},{"taxonomy":"property_city","embeddable":true,"href":"https:\/\/www.serra.immo\/ca\/wp-json\/wp\/v2\/property_city?post=1224437"},{"taxonomy":"property_area","embeddable":true,"href":"https:\/\/www.serra.immo\/ca\/wp-json\/wp\/v2\/property_area?post=1224437"}],"curies":[{"name":"wp","href":"https:\/\/api.w.org\/{rel}","templated":true}]}}

<p>1. Pis → Pis a Sant Pere de Ribes zona Les Roquetes- Ajuntament, 88 m. de superfície, 3 habitacions dobles, un bany, un lavabo, propietat per Entrar a viure, cuina només mobles, fusteria interior de faig, orientació nord, terra de ceràmic, fusteria exterior d&#039;alumini/climat.<br />
Extres: aigua, armaris encastats, balcó, calefacció, gas ciutat, lluminós, llum, ulls de bou, autobusos, cèntric, col·legis, costa, parcs, supermercats, zona de pas<br />
Despeses de comunitat: 40 Eur.</p>
