{"id":1223759,"date":"2026-04-23T03:01:57","date_gmt":"2026-04-23T01:01:57","guid":{"rendered":"https:\/\/www.serra.immo\/propiedad\/ref-5095-oportunidad-unica-venta-de-parcelas-en-la-urbanizacion-fond-de-somella-vilanova-i-la-geltru\/"},"modified":"2026-04-23T03:01:57","modified_gmt":"2026-04-23T01:01:57","slug":"ref-5095-oportunitat-unica-venda-de-parcel%c2%b7les-a-la-urbanitzacio-fond-de-somella-vilanova-i-la-geltru","status":"publish","type":"property","link":"https:\/\/www.serra.immo\/ca\/propiedad\/ref-5095-oportunidad-unica-venta-de-parcelas-en-la-urbanizacion-fond-de-somella-vilanova-i-la-geltru\/","title":{"rendered":"Ref. 5095 \u2013 Oportunitat \u00danica! Venda de Parcel\u00b7les a la Urbanitzaci\u00f3 Fons de Somella, Vilanova i la Geltr\u00fa"},"content":{"rendered":"<p>Es venen parcel\u00b7les a l&#039;exclusiva urbanitzaci\u00f3 Fond de Somella, al municipi de Vilanova i la Geltr\u00fa, ideals per a aquells que busquen construir la seva llar en una zona tranquil\u00b7la i ben comunicada. Cada parcel\u00b7la t\u00e9 una superf\u00edcie de 140 m\u00b2 <\/p>\n<p>Caracter\u00edstiques:<br \/>Superf\u00edcie: 140 m\u00b2 per parcel\u00b7la<br \/>Ubicaci\u00f3: Urbanitzaci\u00f3 Fons de Somella, Vilanova i la Geltr\u00fa<\/p>\n<p>Entorn: Zona residencial tranquil\u00b7la, envoltada de natura, perfecta per viure i gaudir de la tranquil\u00b7litat, amb f\u00e0cil acc\u00e9s a serveis ia les principals vies de comunicaci\u00f3.<br \/>Preu:<br \/>70.000 \u20ac per parcel\u00b7la<\/p>\n<p>Ideal per:<br \/>Construcci\u00f3 dhabitatges unifamiliars<br \/>Inversors: Possibilitat de desenvolupament de nous projectes a una zona en expansi\u00f3.<\/p>\n<p>No perdeu l&#039;oportunitat d&#039;adquirir una d&#039;aquestes parcel\u00b7les a una de les millors zones de Vilanova i la Geltr\u00fa. Per a m\u00e9s informaci\u00f3 o visites, contacta amb nosaltres.<\/p>\n<p>Podeu contactar amb nosaltres:<br \/>OFICINA <a href=\"tel:93 814 87 18\">93 814 87 18<\/a> \u2013 Rambla Principal, 26 (Vilanova i la Geltr\u00fa)<br \/>CONTXI <a href=\"tel:650 28 93 45\">650 28 93 45<\/a><\/p>\n<p><\/p>","protected":false},"excerpt":{"rendered":"<p>Se venden parcelas en la exclusiva urbanizaci\u00f3n Fond de Somella, en el municipio de Vilanova i la Geltr\u00fa, ideales para aquellos que buscan construir su hogar en una zona tranquila y bien comunicada. Cada parcela tiene una superficie de 140 m\u00b2 Caracter\u00edsticas:Superficie: 140 m\u00b2 por parcelaUbicaci\u00f3n: Urbanizaci\u00f3n Fond de Somella, Vilanova i la Geltr\u00fa Entorno: [&hellip;]<\/p>\n","protected":false},"author":5,"featured_media":1287090,"parent":0,"menu_order":0,"template":"","property_type":[836],"property_status":[371],"property_feature":[],"property_label":[345],"property_state":[],"property_city":[198],"property_area":[339],"class_list":["post-1223759","property","type-property","status-publish","has-post-thumbnail","hentry","property_type-terrenos","property_status-comprar","property_label-ninguno","property_city-vilanova-i-la-geltru","property_area-fondo-somella"],"property_meta":{"fave_currency":["EUR"],"fave_currency_info":[""],"fave_property_price":["70000"],"fave_property_size":["0.00"],"fave_property_size_prefix":["m2"],"fave_property_land":["140"],"fave_property_land_postfix":["m2"],"fave_property_bedrooms":["0"],"fave_property_bathrooms":["0"],"fave_property_map":["1"],"fave_property_id":["5095"],"fave_property_year":["0"],"fave_property_zip":["08800"],"fave_featured":["1"],"houzez_featured_listing_date":["2026-04-23 03:01:57"],"fave_agent_display_option":["agent_info"],"fave_prop_homeslider":["no"],"fave_energy_global_index":["0"],"fave_renewable_energy_global_index":["0"],"floor_plans":[""],"fave_multi_units":[""],"additional_features":[""],"fave_agents":["1177520"],"fave_property_agency":["1214647"],"fave_property_map_address":[null],"fave_property_location":["41.218331816,1.693261428"],"houzez_geolocation_lat":["41.218331816"],"houzez_geolocation_long":["1.693261428"],"propietat_serra":["1"],"_wp_page_template":["default"],"fave_property_images":["1287090","1287091","1287092","1287095","1287097","1287099","1287101","1287104","1287106","1287108","1287110","1287113","1287115","1287117","1287119","1287121","1287124"],"_thumbnail_id":["1287090"],"rank_math_internal_links_processed":["1"],"houzez_total_property_views":["34"],"houzez_views_by_date":["a:11:{s:10:\"04-23-2026\";i:4;s:10:\"04-24-2026\";i:1;s:10:\"04-25-2026\";i:3;s:10:\"04-26-2026\";i:4;s:10:\"04-27-2026\";i:7;s:10:\"04-28-2026\";i:2;s:10:\"04-29-2026\";i:1;s:10:\"04-30-2026\";i:5;s:10:\"05-01-2026\";i:2;s:10:\"05-02-2026\";i:4;s:10:\"05-03-2026\";i:1;}"],"houzez_recently_viewed":["2026-05-03 11:03:30"],"_elementor_page_assets":["a:0:{}"]},"_links":{"self":[{"href":"https:\/\/www.serra.immo\/ca\/wp-json\/wp\/v2\/properties\/1223759","targetHints":{"allow":["GET"]}}],"collection":[{"href":"https:\/\/www.serra.immo\/ca\/wp-json\/wp\/v2\/properties"}],"about":[{"href":"https:\/\/www.serra.immo\/ca\/wp-json\/wp\/v2\/types\/property"}],"author":[{"embeddable":true,"href":"https:\/\/www.serra.immo\/ca\/wp-json\/wp\/v2\/users\/5"}],"version-history":[{"count":2,"href":"https:\/\/www.serra.immo\/ca\/wp-json\/wp\/v2\/properties\/1223759\/revisions"}],"predecessor-version":[{"id":1276339,"href":"https:\/\/www.serra.immo\/ca\/wp-json\/wp\/v2\/properties\/1223759\/revisions\/1276339"}],"wp:featuredmedia":[{"embeddable":true,"href":"https:\/\/www.serra.immo\/ca\/wp-json\/wp\/v2\/media\/1287090"}],"wp:attachment":[{"href":"https:\/\/www.serra.immo\/ca\/wp-json\/wp\/v2\/media?parent=1223759"}],"wp:term":[{"taxonomy":"property_type","embeddable":true,"href":"https:\/\/www.serra.immo\/ca\/wp-json\/wp\/v2\/property_type?post=1223759"},{"taxonomy":"property_status","embeddable":true,"href":"https:\/\/www.serra.immo\/ca\/wp-json\/wp\/v2\/property_status?post=1223759"},{"taxonomy":"property_feature","embeddable":true,"href":"https:\/\/www.serra.immo\/ca\/wp-json\/wp\/v2\/property_feature?post=1223759"},{"taxonomy":"property_label","embeddable":true,"href":"https:\/\/www.serra.immo\/ca\/wp-json\/wp\/v2\/property_label?post=1223759"},{"taxonomy":"property_state","embeddable":true,"href":"https:\/\/www.serra.immo\/ca\/wp-json\/wp\/v2\/property_state?post=1223759"},{"taxonomy":"property_city","embeddable":true,"href":"https:\/\/www.serra.immo\/ca\/wp-json\/wp\/v2\/property_city?post=1223759"},{"taxonomy":"property_area","embeddable":true,"href":"https:\/\/www.serra.immo\/ca\/wp-json\/wp\/v2\/property_area?post=1223759"}],"curies":[{"name":"wp","href":"https:\/\/api.w.org\/{rel}","templated":true}]}}

Ref. 5095 – Oportunitat Única! Venda de Parcel·les a la Urbanització Fons de Somella, Vilanova i la Geltrú

<p>Es venen parcel·les a l&#039;exclusiva urbanització Fond de Somella, al municipi de Vilanova i la Geltrú, ideals per a aquells que busquen construir la seva llar en una zona tranquil·la i ben comunicada. Cada parcel·la té una superfície de 140 m² </p>
<p>Característiques:<br />Superfície: 140 m² per parcel·la<br />Ubicació: Urbanització Fons de Somella, Vilanova i la Geltrú</p>
<p>Entorn: Zona residencial tranquil·la, envoltada de natura, perfecta per viure i gaudir de la tranquil·litat, amb fàcil accés a serveis ia les principals vies de comunicació.<br />Preu:<br />70.000 € per parcel·la</p>
<p>Ideal per:<br />Construcció dhabitatges unifamiliars<br />Inversors: Possibilitat de desenvolupament de nous projectes a una zona en expansió.</p>
<p>No perdeu l&#039;oportunitat d&#039;adquirir una d&#039;aquestes parcel·les a una de les millors zones de Vilanova i la Geltrú. Per a més informació o visites, contacta amb nosaltres.</p>
<p>Podeu contactar amb nosaltres:<br />OFICINA <a href="tel:93 814 87 18">93 814 87 18</a> – Rambla Principal, 26 (Vilanova i la Geltrú)<br />CONTXI <a href="tel:650 28 93 45">650 28 93 45</a></p>
<p></p>

<p>Se venden parcelas en la exclusiva urbanización Fond de Somella, en el municipio de Vilanova i la Geltrú, ideales para aquellos que buscan construir su hogar en una zona tranquila y bien comunicada. Cada parcela tiene una superficie de 140 m² Características:Superficie: 140 m² por parcelaUbicación: Urbanización Fond de Somella, Vilanova i la Geltrú Entorno: [&hellip;]</p>
