{"id":1217076,"date":"2026-04-27T01:37:21","date_gmt":"2026-04-26T23:37:21","guid":{"rendered":"https:\/\/www.serra.immo\/propiedad\/ref-cv-598-6143\/"},"modified":"2026-04-27T01:37:21","modified_gmt":"2026-04-26T23:37:21","slug":"ref-cv-598-6143","status":"publish","type":"property","link":"https:\/\/www.serra.immo\/ca\/propiedad\/ref-cv-598-6143\/","title":{"rendered":"Ref. CV-598\/6143 \u2013"},"content":{"rendered":"<p>Casa cantonera a 3 vents, a Vilanova i la Geltr\u00fa, Mol\u00ed de Vent, a zona privilegiada per la seva tranquil\u00b7litat i vistes a mar i muntanya. T\u00e9 186 m2 \u00fatils i 237 m2 constru\u00efts. <\/p>\n<p>Amb 4 plantes, que es distribueixen: <\/p>\n<p>EN PLANTA SOTERRANI: 55.51 m2, garatge amb capacitat per a 2 cotxes i motos. 2 trasters independents<\/p>\n<p>EN PLANTA BAIXA: 50.45 m2 \u00fatils, amb rebedor, lavabo de cortesia, cuina tipus office i rebost, sal\u00f3-menjador. El sal\u00f3 i la cuina tenen sortida a un jard\u00ed de 60 m2. <\/p>\n<p>A PRIMERA PLANTA: 51.41 m2 \u00fatils, amb 3 habitacions (una \u00e9s suite, amb gran vestidor, una doble i una altra senzilla), 2 banys complets (1 suite amb plat de dutxa i un altre amb banyera hidromassatge), balc\u00f3 amb vistes al mar. <\/p>\n<p>EN SEGONA PLANTA: 29.43m2 \u00fatils, golfes, safareig independent i terrassa amb vistes al mar. <\/p>\n<p>Construcci\u00f3 del 1998 en terreny de 133m2. Cantonera amb orientaci\u00f3 Sud, Est i Oest. Tot exterior pel que t\u00e9 molta llum natural. Amb aire condicionat i bomba de calor. Consta de 2 cisternes al soterrani de 2000 litres cadascuna. Preci\u00f3s jard\u00ed amb gespa natural. Vine a veure-la!<\/p>\n<p>-Despeses de not\u00e0ria, registre, gestoria i finan\u00e7ament i impostos subjectes a IVA, ITP o AJD no incloses en el preu. Honoraris ag\u00e8ncia inclosos en el preu.<\/p>","protected":false},"excerpt":{"rendered":"<p>Casa cantonera a 3 vents, a Vilanova i la Geltr\u00fa, Mol\u00ed de Vent, a zona privilegiada per la seva tranquil\u00b7litat i vistes a mar i muntanya. T\u00e9 186 m2 \u00fatils i 237 m2 constru\u00efts. <\/p>\n<p>Amb 4 plantes, que es distribueixen: <\/p>\n<p>EN PLANTA SOTERRANI: 55.51 m2, garatge amb capacitat per a 2 cotxes i motos. 2 trasters independents<\/p>\n<p>EN PLANTA BAIXA: 50.45 m2 \u00fatils, amb rebedor, lavabo de cortesia, cuina tipus office i rebost, sal\u00f3-menjador. El sal\u00f3 i la cuina tenen sortida a un jard\u00ed de 60 m2. <\/p>\n<p>A PRIMERA PLANTA: 51.41 m2 \u00fatils, amb 3 habitacions (una \u00e9s suite, amb gran vestidor, una doble i una altra senzilla), 2 banys complets (1 suite amb plat de dutxa i un altre amb banyera hidromassatge), balc\u00f3 amb vistes al mar. <\/p>\n<p>EN SEGONA PLANTA: 29.43m2 \u00fatils, golfes, safareig independent i terrassa amb vistes al mar. <\/p>\n<p>Construcci\u00f3 del 1998 en terreny de 133m2. Cantonera amb orientaci\u00f3 Sud, Est i Oest. Tot exterior pel que t\u00e9 molta llum natural. Amb aire condicionat i bomba de calor. Consta de 2 cisternes al soterrani de 2000 litres cadascuna. Preci\u00f3s jard\u00ed amb gespa natural. Vine a veure-la!<\/p>\n<p>-Despeses de not\u00e0ria, registre, gestoria i finan\u00e7ament i impostos subjectes a IVA, ITP o AJD no incloses en el preu. Honoraris ag\u00e8ncia inclosos en el preu.<\/p>","protected":false},"author":4,"featured_media":1217077,"parent":0,"menu_order":0,"template":"","property_type":[835],"property_status":[371],"property_feature":[375,383,378],"property_label":[],"property_state":[],"property_city":[198],"property_area":[436],"class_list":["post-1217076","property","type-property","status-publish","has-post-thumbnail","hentry","property_type-viviendas","property_status-comprar","property_feature-calefaccion","property_feature-sur","property_feature-trastero","property_city-vilanova-i-la-geltru","property_area-moli-de-vent"],"property_meta":{"fave_currency":["EUR"],"fave_currency_info":[""],"fave_property_price":["490000"],"fave_property_size":["132.00"],"fave_property_size_prefix":["m2"],"fave_property_land":["133"],"fave_property_land_postfix":["m2"],"fave_property_bedrooms":["4"],"fave_property_bathrooms":["3"],"fave_property_garage":["1"],"fave_virtual_tour":["0"],"fave_property_map":["1"],"fave_property_id":["CV-598\/6143"],"fave_property_year":["2000"],"fave_property_zip":["08800"],"fave_featured":["0"],"houzez_featured_listing_date":[""],"fave_agent_display_option":["agent_info"],"fave_prop_homeslider":["no"],"fave_energy_class":["E"],"fave_energy_global_index":["241"],"fave_energy_performance":["E"],"fave_renewable_energy_global_index":["50"],"floor_plans":[""],"fave_multi_units":[""],"additional_features":[""],"fave_agents":["1179704"],"fave_property_agency":["1214635"],"fave_property_map_address":[null],"fave_property_location":["41.2200172866984,1.7084004128389099"],"houzez_geolocation_lat":["41.2200172866984"],"houzez_geolocation_long":["1.7084004128389099"],"aicat":["1"],"_wp_page_template":["default"],"fave_property_images":["1217077","1217077","1217078","1217079","1217080","1217081","1217082","1217083","1217084","1217085","1217086","1217087","1217088","1217089","1217090","1217091","1217092","1217094","1217095","1217096","1217097","1217099","1217101","1217103","1217109","1217115","1217116","1217117","1217118","1217119","1217120","1217121","1217122","1217123","1217124","1217125","1217126","1217127","1217223","1217224","1217225"],"_thumbnail_id":["1217077"],"houzez_total_property_views":["7"],"houzez_views_by_date":["a:1:{s:10:\"04-27-2026\";i:7;}"],"houzez_recently_viewed":["2026-04-27 20:35:17"],"_elementor_page_assets":["a:0:{}"]},"_links":{"self":[{"href":"https:\/\/www.serra.immo\/ca\/wp-json\/wp\/v2\/properties\/1217076","targetHints":{"allow":["GET"]}}],"collection":[{"href":"https:\/\/www.serra.immo\/ca\/wp-json\/wp\/v2\/properties"}],"about":[{"href":"https:\/\/www.serra.immo\/ca\/wp-json\/wp\/v2\/types\/property"}],"author":[{"embeddable":true,"href":"https:\/\/www.serra.immo\/ca\/wp-json\/wp\/v2\/users\/4"}],"version-history":[{"count":0,"href":"https:\/\/www.serra.immo\/ca\/wp-json\/wp\/v2\/properties\/1217076\/revisions"}],"wp:featuredmedia":[{"embeddable":true,"href":"https:\/\/www.serra.immo\/ca\/wp-json\/wp\/v2\/media\/1217077"}],"wp:attachment":[{"href":"https:\/\/www.serra.immo\/ca\/wp-json\/wp\/v2\/media?parent=1217076"}],"wp:term":[{"taxonomy":"property_type","embeddable":true,"href":"https:\/\/www.serra.immo\/ca\/wp-json\/wp\/v2\/property_type?post=1217076"},{"taxonomy":"property_status","embeddable":true,"href":"https:\/\/www.serra.immo\/ca\/wp-json\/wp\/v2\/property_status?post=1217076"},{"taxonomy":"property_feature","embeddable":true,"href":"https:\/\/www.serra.immo\/ca\/wp-json\/wp\/v2\/property_feature?post=1217076"},{"taxonomy":"property_label","embeddable":true,"href":"https:\/\/www.serra.immo\/ca\/wp-json\/wp\/v2\/property_label?post=1217076"},{"taxonomy":"property_state","embeddable":true,"href":"https:\/\/www.serra.immo\/ca\/wp-json\/wp\/v2\/property_state?post=1217076"},{"taxonomy":"property_city","embeddable":true,"href":"https:\/\/www.serra.immo\/ca\/wp-json\/wp\/v2\/property_city?post=1217076"},{"taxonomy":"property_area","embeddable":true,"href":"https:\/\/www.serra.immo\/ca\/wp-json\/wp\/v2\/property_area?post=1217076"}],"curies":[{"name":"wp","href":"https:\/\/api.w.org\/{rel}","templated":true}]}}

<p>Casa cantonera a 3 vents, a Vilanova i la Geltrú, Molí de Vent, a zona privilegiada per la seva tranquil·litat i vistes a mar i muntanya. Té 186 m2 útils i 237 m2 construïts. </p>
<p>Amb 4 plantes, que es distribueixen: </p>
<p>EN PLANTA SOTERRANI: 55.51 m2, garatge amb capacitat per a 2 cotxes i motos. 2 trasters independents</p>
<p>EN PLANTA BAIXA: 50.45 m2 útils, amb rebedor, lavabo de cortesia, cuina tipus office i rebost, saló-menjador. El saló i la cuina tenen sortida a un jardí de 60 m2. </p>
<p>A PRIMERA PLANTA: 51.41 m2 útils, amb 3 habitacions (una és suite, amb gran vestidor, una doble i una altra senzilla), 2 banys complets (1 suite amb plat de dutxa i un altre amb banyera hidromassatge), balcó amb vistes al mar. </p>
<p>EN SEGONA PLANTA: 29.43m2 útils, golfes, safareig independent i terrassa amb vistes al mar. </p>
<p>Construcció del 1998 en terreny de 133m2. Cantonera amb orientació Sud, Est i Oest. Tot exterior pel que té molta llum natural. Amb aire condicionat i bomba de calor. Consta de 2 cisternes al soterrani de 2000 litres cadascuna. Preciós jardí amb gespa natural. Vine a veure-la!</p>
<p>-Despeses de notària, registre, gestoria i finançament i impostos subjectes a IVA, ITP o AJD no incloses en el preu. Honoraris agència inclosos en el preu.</p>
