{"id":1207010,"date":"2026-04-27T01:37:19","date_gmt":"2026-04-26T23:37:19","guid":{"rendered":"https:\/\/www.serra.immo\/propiedad\/ref-73-tv-210-6143-terreno-urbano-en-el-vendrell\/"},"modified":"2026-04-27T01:37:19","modified_gmt":"2026-04-26T23:37:19","slug":"ref-73-tv-210-6143-terreny-urba-al-vendrell","status":"publish","type":"property","link":"https:\/\/www.serra.immo\/ca\/propiedad\/ref-73-tv-210-6143-terreno-urbano-en-el-vendrell\/","title":{"rendered":"Ref. 73-TV-210\/6143 \u2013 Terreny Urb\u00e0 al Vendrell"},"content":{"rendered":"<p>Parcel\u00b7la urbana edificable, amb una superf\u00edcie gr\u00e0fica de 104m2. Actualment t\u00e9 una construcci\u00f3 del 1.900 que est\u00e0 per enderrocar, i la superf\u00edcie constru\u00efda \u00e9s de 122m2<\/p>\n<p>-Despeses de not\u00e0ria, registre, gestoria i finan\u00e7ament i impostos subjectes a IVA, ITP o AJD no incloses en el preu. Honoraris ag\u00e8ncia inclosos en el preu.<\/p>","protected":false},"excerpt":{"rendered":"<p>Parcel\u00b7la urbana edificable, amb una superf\u00edcie gr\u00e0fica de 104m2. Actualment t\u00e9 una construcci\u00f3 del 1.900 que est\u00e0 per enderrocar, i la superf\u00edcie constru\u00efda \u00e9s de 122m2<\/p>\n<p>-Despeses de not\u00e0ria, registre, gestoria i finan\u00e7ament i impostos subjectes a IVA, ITP o AJD no incloses en el preu. Honoraris ag\u00e8ncia inclosos en el preu.<\/p>","protected":false},"author":4,"featured_media":1201510,"parent":0,"menu_order":0,"template":"","property_type":[836],"property_status":[371],"property_feature":[],"property_label":[],"property_state":[],"property_city":[454],"property_area":[512],"class_list":["post-1207010","property","type-property","status-publish","has-post-thumbnail","hentry","property_type-terrenos","property_status-comprar","property_city-el-vendrell","property_area-barri-de-franca"],"property_meta":{"fave_currency":["EUR"],"fave_currency_info":[""],"fave_property_price":["115000"],"fave_property_size":["0.00"],"fave_property_size_prefix":["m2"],"fave_property_land":["104"],"fave_property_land_postfix":["m2"],"fave_property_bedrooms":["0"],"fave_property_bathrooms":["0"],"fave_virtual_tour":["0"],"fave_property_map":["1"],"fave_property_id":["73-TV-210\/6143"],"fave_property_year":["1900"],"fave_property_zip":["43700"],"fave_featured":["0"],"houzez_featured_listing_date":[""],"fave_agent_display_option":["agent_info"],"fave_prop_homeslider":["no"],"floor_plans":[""],"fave_multi_units":[""],"additional_features":[""],"fave_agents":["1179704"],"fave_property_agency":["1214635"],"fave_property_map_address":[null],"fave_property_location":["41.2180360507743,1.53176373377736"],"houzez_geolocation_lat":["41.2180360507743"],"houzez_geolocation_long":["1.53176373377736"],"aicat":["1"],"_wp_page_template":["default"],"fave_property_images":["1201510","1201510","1201511","1201512"],"_thumbnail_id":["1201510"],"houzez_total_property_views":["7"],"houzez_views_by_date":["a:3:{s:10:\"04-27-2026\";i:3;s:10:\"04-29-2026\";i:2;s:10:\"04-30-2026\";i:2;}"],"houzez_recently_viewed":["2026-04-30 20:15:35"],"_elementor_page_assets":["a:0:{}"]},"_links":{"self":[{"href":"https:\/\/www.serra.immo\/ca\/wp-json\/wp\/v2\/properties\/1207010","targetHints":{"allow":["GET"]}}],"collection":[{"href":"https:\/\/www.serra.immo\/ca\/wp-json\/wp\/v2\/properties"}],"about":[{"href":"https:\/\/www.serra.immo\/ca\/wp-json\/wp\/v2\/types\/property"}],"author":[{"embeddable":true,"href":"https:\/\/www.serra.immo\/ca\/wp-json\/wp\/v2\/users\/4"}],"version-history":[{"count":0,"href":"https:\/\/www.serra.immo\/ca\/wp-json\/wp\/v2\/properties\/1207010\/revisions"}],"wp:featuredmedia":[{"embeddable":true,"href":"https:\/\/www.serra.immo\/ca\/wp-json\/wp\/v2\/media\/1201510"}],"wp:attachment":[{"href":"https:\/\/www.serra.immo\/ca\/wp-json\/wp\/v2\/media?parent=1207010"}],"wp:term":[{"taxonomy":"property_type","embeddable":true,"href":"https:\/\/www.serra.immo\/ca\/wp-json\/wp\/v2\/property_type?post=1207010"},{"taxonomy":"property_status","embeddable":true,"href":"https:\/\/www.serra.immo\/ca\/wp-json\/wp\/v2\/property_status?post=1207010"},{"taxonomy":"property_feature","embeddable":true,"href":"https:\/\/www.serra.immo\/ca\/wp-json\/wp\/v2\/property_feature?post=1207010"},{"taxonomy":"property_label","embeddable":true,"href":"https:\/\/www.serra.immo\/ca\/wp-json\/wp\/v2\/property_label?post=1207010"},{"taxonomy":"property_state","embeddable":true,"href":"https:\/\/www.serra.immo\/ca\/wp-json\/wp\/v2\/property_state?post=1207010"},{"taxonomy":"property_city","embeddable":true,"href":"https:\/\/www.serra.immo\/ca\/wp-json\/wp\/v2\/property_city?post=1207010"},{"taxonomy":"property_area","embeddable":true,"href":"https:\/\/www.serra.immo\/ca\/wp-json\/wp\/v2\/property_area?post=1207010"}],"curies":[{"name":"wp","href":"https:\/\/api.w.org\/{rel}","templated":true}]}}

Ref. 73-TV-210/6143 – Terreny Urbà al Vendrell

<p>Parcel·la urbana edificable, amb una superfície gràfica de 104m2. Actualment té una construcció del 1.900 que està per enderrocar, i la superfície construïda és de 122m2</p>
<p>-Despeses de notària, registre, gestoria i finançament i impostos subjectes a IVA, ITP o AJD no incloses en el preu. Honoraris agència inclosos en el preu.</p>
