{"id":1205921,"date":"2026-04-27T01:35:18","date_gmt":"2026-04-26T23:35:18","guid":{"rendered":"https:\/\/www.serra.immo\/propiedad\/ref-a00987-5298-se-vende-alquilada-fantastica-nave-industrial-en-santa-oliva\/"},"modified":"2026-04-27T01:35:18","modified_gmt":"2026-04-26T23:35:18","slug":"ref-a00987-5298-es-ven-llogada-fantastica-nau-industrial-a-santa-oliva","status":"publish","type":"property","link":"https:\/\/www.serra.immo\/ca\/propiedad\/ref-a00987-5298-se-vende-alquilada-fantastica-nave-industrial-en-santa-oliva\/","title":{"rendered":"Ref. A00987\/5298 \u2013 ES VEN LLOGADA Fant\u00e0stica Nau Industrial a Santa Oliva"},"content":{"rendered":"<p>ES VEN NAU LLOGADA A 900 EUROS\/MES<\/p>\n<p>En venda aquesta fant\u00e0stica nau industrial d&#039;aproximadament uns 300 m2 a la planta baixa i un altell dividit en dues estances amb una superf\u00edcie addicional d&#039;uns 60 m2. La propietat es troba ubicada al costat del Vendrell, la qual cosa la converteix en una excel\u00b7lent opci\u00f3 per a aquells interessats a invertir o establir el seu negoci a prop d&#039;aquesta localitat.<br \/>\nEN SER UNA PROPIETAT QUE EST\u00c0 ACTUALMENT LLOGADA \u00c9S COMPLICAT REALITZAR LES VISITES <\/p>\n<p>Cal destacar que aquest document no t\u00e9 valor contractual i est\u00e0 subjecte a canvis per motius t\u00e8cnics, constructius o comercials. Les especificacions aqu\u00ed contingudes es podrien variar sent substitu\u00efdes per altres igualment satisfact\u00f2ries des del punt vista t\u00e8cnic.<\/p>\n<p>Mobiliari i elements decoratius no estan inclosos dins del preu publicat ni tampoc els impostos i despeses corresponents com a ITP (per a habitatges usats), IVA\/ADJ (habitatges nous) aix\u00ed com tamb\u00e9 honoraris notarials.<\/p>","protected":false},"excerpt":{"rendered":"<p>ES VEN NAU LLOGADA A 900 EUROS\/MES<\/p>\n<p>En venda aquesta fant\u00e0stica nau industrial d&#039;aproximadament uns 300 m2 a la planta baixa i un altell dividit en dues estances amb una superf\u00edcie addicional d&#039;uns 60 m2. La propietat es troba ubicada al costat del Vendrell, la qual cosa la converteix en una excel\u00b7lent opci\u00f3 per a aquells interessats a invertir o establir el seu negoci a prop d&#039;aquesta localitat.<br \/>\nEN SER UNA PROPIETAT QUE EST\u00c0 ACTUALMENT LLOGADA \u00c9S COMPLICAT REALITZAR LES VISITES <\/p>\n<p>Cal destacar que aquest document no t\u00e9 valor contractual i est\u00e0 subjecte a canvis per motius t\u00e8cnics, constructius o comercials. Les especificacions aqu\u00ed contingudes es podrien variar sent substitu\u00efdes per altres igualment satisfact\u00f2ries des del punt vista t\u00e8cnic.<\/p>\n<p>Mobiliari i elements decoratius no estan inclosos dins del preu publicat ni tampoc els impostos i despeses corresponents com a ITP (per a habitatges usats), IVA\/ADJ (habitatges nous) aix\u00ed com tamb\u00e9 honoraris notarials.<\/p>","protected":false},"author":4,"featured_media":1200167,"parent":0,"menu_order":0,"template":"","property_type":[843],"property_status":[371],"property_feature":[],"property_label":[],"property_state":[],"property_city":[454],"property_area":[488],"class_list":["post-1205921","property","type-property","status-publish","has-post-thumbnail","hentry","property_type-naves-industriales","property_status-comprar","property_city-el-vendrell","property_area-el-vendrell"],"property_meta":{"fave_currency":["EUR"],"fave_currency_info":[""],"fave_property_price":["325000"],"fave_property_size":["330.00"],"fave_property_size_prefix":["m2"],"fave_property_land":["300"],"fave_property_land_postfix":["m2"],"fave_property_bedrooms":["0"],"fave_property_bathrooms":["1"],"fave_property_garage":["1"],"fave_virtual_tour":["0"],"fave_property_map":["1"],"fave_property_id":["A00987\/5298"],"fave_property_year":["2007"],"fave_property_zip":["43710"],"fave_featured":["0"],"houzez_featured_listing_date":[""],"fave_agent_display_option":["agent_info"],"fave_prop_homeslider":["no"],"fave_energy_class":["C"],"fave_energy_global_index":["162"],"fave_energy_performance":["C"],"fave_renewable_energy_global_index":["29"],"floor_plans":[""],"fave_multi_units":[""],"additional_features":[""],"fave_agents":["1179704"],"fave_property_agency":["1214635"],"fave_property_map_address":[null],"fave_property_location":["41.2352052714823,1.54535248681783"],"houzez_geolocation_lat":["41.2352052714823"],"houzez_geolocation_long":["1.54535248681783"],"aicat":["1"],"_wp_page_template":["default"],"fave_property_images":["1200167","1200167","1200168","1200169","1200170","1200171","1200172","1200173","1200174","1200175","1200176","1200177","1200178","1200179","1200180","1200181","1200182","1200183","1200184","1200185","1200186","1200187","1200188","1200189","1200190","1200191","1200192","1200193","1200194","1200195","1200196","1200197","1200198","1200199","1200200","1200201","1200202","1200203","1200204","1200205","1200206"],"_thumbnail_id":["1200167"],"houzez_total_property_views":["11"],"houzez_views_by_date":["a:4:{s:10:\"04-27-2026\";i:3;s:10:\"04-28-2026\";i:5;s:10:\"04-29-2026\";i:1;s:10:\"04-30-2026\";i:2;}"],"houzez_recently_viewed":["2026-04-30 18:48:51"],"_elementor_page_assets":["a:0:{}"]},"_links":{"self":[{"href":"https:\/\/www.serra.immo\/ca\/wp-json\/wp\/v2\/properties\/1205921","targetHints":{"allow":["GET"]}}],"collection":[{"href":"https:\/\/www.serra.immo\/ca\/wp-json\/wp\/v2\/properties"}],"about":[{"href":"https:\/\/www.serra.immo\/ca\/wp-json\/wp\/v2\/types\/property"}],"author":[{"embeddable":true,"href":"https:\/\/www.serra.immo\/ca\/wp-json\/wp\/v2\/users\/4"}],"version-history":[{"count":0,"href":"https:\/\/www.serra.immo\/ca\/wp-json\/wp\/v2\/properties\/1205921\/revisions"}],"wp:featuredmedia":[{"embeddable":true,"href":"https:\/\/www.serra.immo\/ca\/wp-json\/wp\/v2\/media\/1200167"}],"wp:attachment":[{"href":"https:\/\/www.serra.immo\/ca\/wp-json\/wp\/v2\/media?parent=1205921"}],"wp:term":[{"taxonomy":"property_type","embeddable":true,"href":"https:\/\/www.serra.immo\/ca\/wp-json\/wp\/v2\/property_type?post=1205921"},{"taxonomy":"property_status","embeddable":true,"href":"https:\/\/www.serra.immo\/ca\/wp-json\/wp\/v2\/property_status?post=1205921"},{"taxonomy":"property_feature","embeddable":true,"href":"https:\/\/www.serra.immo\/ca\/wp-json\/wp\/v2\/property_feature?post=1205921"},{"taxonomy":"property_label","embeddable":true,"href":"https:\/\/www.serra.immo\/ca\/wp-json\/wp\/v2\/property_label?post=1205921"},{"taxonomy":"property_state","embeddable":true,"href":"https:\/\/www.serra.immo\/ca\/wp-json\/wp\/v2\/property_state?post=1205921"},{"taxonomy":"property_city","embeddable":true,"href":"https:\/\/www.serra.immo\/ca\/wp-json\/wp\/v2\/property_city?post=1205921"},{"taxonomy":"property_area","embeddable":true,"href":"https:\/\/www.serra.immo\/ca\/wp-json\/wp\/v2\/property_area?post=1205921"}],"curies":[{"name":"wp","href":"https:\/\/api.w.org\/{rel}","templated":true}]}}

Ref. A00987/5298 – ES VEN LLOGADA Fantàstica Nau Industrial a Santa Oliva

<p>ES VEN NAU LLOGADA A 900 EUROS/MES</p>
<p>En venda aquesta fantàstica nau industrial d&#039;aproximadament uns 300 m2 a la planta baixa i un altell dividit en dues estances amb una superfície addicional d&#039;uns 60 m2. La propietat es troba ubicada al costat del Vendrell, la qual cosa la converteix en una excel·lent opció per a aquells interessats a invertir o establir el seu negoci a prop d&#039;aquesta localitat.<br />
EN SER UNA PROPIETAT QUE ESTÀ ACTUALMENT LLOGADA ÉS COMPLICAT REALITZAR LES VISITES </p>
<p>Cal destacar que aquest document no té valor contractual i està subjecte a canvis per motius tècnics, constructius o comercials. Les especificacions aquí contingudes es podrien variar sent substituïdes per altres igualment satisfactòries des del punt vista tècnic.</p>
<p>Mobiliari i elements decoratius no estan inclosos dins del preu publicat ni tampoc els impostos i despeses corresponents com a ITP (per a habitatges usats), IVA/ADJ (habitatges nous) així com també honoraris notarials.</p>
