{"id":1205918,"date":"2026-04-28T13:42:32","date_gmt":"2026-04-28T11:42:32","guid":{"rendered":"https:\/\/www.serra.immo\/propiedad\/ref-lp0002-5298-alquilado-propiedad-en-rentabilidad-fantastico-loft-en-segunda-linea-de-mar\/"},"modified":"2026-04-28T13:42:32","modified_gmt":"2026-04-28T11:42:32","slug":"ref-lp0002-5298-llogat-propietat-en-rendibilitat-fantastic-loft-a-segona-linia-de-mar","status":"publish","type":"property","link":"https:\/\/www.serra.immo\/ca\/propiedad\/ref-lp0002-5298-alquilado-propiedad-en-rentabilidad-fantastico-loft-en-segunda-linea-de-mar\/","title":{"rendered":"Ref. LP0002\/5298 \u2013 LLOGAT! PROPIETAT EN RENDIBILITAT! FANT\u00c0STIC LOFT A SEGONA L\u00cdNIA DE MAR"},"content":{"rendered":"<p>ALQUILADO! PROPIEDAD EN RENTABILIDAD! Alquilado por 825 EUROS<br \/>\nFant\u00e1stico Loft, en segunda l\u00ednea de mar, paralelo al Paseo Mar\u00edtimo, ubicado en la calle Joan Tarrida. Edificio seminuevo, construido en el a\u00f1o 2008.<br \/>\n Loft con c\u00e9dula de habitabilidad, con unos 62 m2 seg\u00fan catastro (contando 11 de elementos comunes), superficie \u00fatil seg\u00fan c\u00e9dula de habitabilidad 42,60 m2, total construido unos 51 m2.<br \/>\n ES UN ESPACIO ABIERTO, CON VENTANAL GRANDE A CALLE JOAN TARRIDA. En pleno, coraz\u00f3n de Sitges.<br \/>\n NOTA IMPORTANTE: PUEDE TRIBUTAR POR IVA O POR ITP<br \/>\n La Finca dispone ascensor para 8 personas, temporizador de luz en pasillos comunes, Bomba de Calor, Persiana el\u00e9ctrica, cocina completamente equipada, Estudio amueblado, Suelo Porcel\u00e1nico, V\u00eddeo-portero,&#8230;<br \/>\n Loft para vivir en pleno centro de Sitges, delante Bukake, y todos los bares de ambiente de la calle Joan Tarrida. <\/p>\n<p> [Documento sin valor contractual, sujeto a cambios y revisiones por motivos t\u00e9cnicos, constructivos o comerciales. Las discreciones y especificaciones contenidas en este documento podr\u00edan variarse, siendo sustituidas por otras de igual o superior calidad. Mobiliario y elementos de decoraci\u00f3n no incluidos. La informaci\u00f3n aqu\u00ed contenida est\u00e1 sujeta a actualizaciones sin previo aviso, por lo que debe ser confirmada en cada caso].<\/p>\n","protected":false},"excerpt":{"rendered":"<p>ALQUILADO! PROPIEDAD EN RENTABILIDAD! Alquilado por 825 EUROS<br \/>\nFant\u00e1stico Loft, en segunda l\u00ednea de mar, paralelo al Paseo Mar\u00edtimo, ubicado en la calle Joan Tarrida. Edificio seminuevo, construido en el a\u00f1o 2008.<br \/>\n Loft con c\u00e9dula de habitabilidad, con unos 62 m2 seg\u00fan catastro (contando 11 de elementos comunes), superficie \u00fatil seg\u00fan c\u00e9dula de habitabilidad 42,60 m2, total construido unos 51 m2.<br \/>\n ES UN ESPACIO ABIERTO, CON VENTANAL GRANDE A CALLE JOAN TARRIDA. En pleno, coraz\u00f3n de Sitges.<br \/>\n NOTA IMPORTANTE: PUEDE TRIBUTAR POR IVA O POR ITP<br \/>\n La Finca dispone ascensor para 8 personas, temporizador de luz en pasillos comunes, Bomba de Calor, Persiana el\u00e9ctrica, cocina completamente equipada, Estudio amueblado, Suelo Porcel\u00e1nico, V\u00eddeo-portero,&#8230;<br \/>\n Loft para vivir en pleno centro de Sitges, delante Bukake, y todos los bares de ambiente de la calle Joan Tarrida. <\/p>\n<p> [Documento sin valor contractual, sujeto a cambios y revisiones por motivos t\u00e9cnicos, constructivos o comerciales. Las discreciones y especificaciones contenidas en este documento podr\u00edan variarse, siendo sustituidas por otras de igual o superior calidad. Mobiliario y elementos de decoraci\u00f3n no incluidos. La informaci\u00f3n aqu\u00ed contenida est\u00e1 sujeta a actualizaciones sin previo aviso, por lo que debe ser confirmada en cada caso].<\/p>\n","protected":false},"author":4,"featured_media":1200121,"parent":0,"menu_order":0,"template":"","property_type":[835],"property_status":[371],"property_feature":[374,376,375,379],"property_label":[],"property_state":[],"property_city":[202],"property_area":[199],"class_list":["post-1205918","property","type-property","status-publish","has-post-thumbnail","hentry","property_type-viviendas","property_status-comprar","property_feature-aire-acondicionado","property_feature-ascensor","property_feature-calefaccion","property_feature-noroeste","property_city-sitges","property_area-centre"],"property_meta":{"fave_currency":["EUR"],"fave_currency_info":[""],"fave_property_price":["325000"],"fave_property_size":["42.00"],"fave_property_size_prefix":["m2"],"fave_property_land":["0"],"fave_property_land_postfix":["m2"],"fave_property_bedrooms":["1"],"fave_property_bathrooms":["1"],"fave_virtual_tour":["0"],"fave_property_map":["1"],"fave_property_id":["LP0002\/5298"],"fave_property_year":["2008"],"fave_property_zip":["08870"],"fave_featured":["0"],"houzez_featured_listing_date":[""],"fave_agent_display_option":["agent_info"],"fave_prop_homeslider":["no"],"fave_energy_class":["G"],"fave_energy_global_index":["984"],"fave_energy_performance":["G"],"fave_renewable_energy_global_index":["244"],"floor_plans":[""],"fave_multi_units":[""],"additional_features":[""],"fave_agents":["1179704"],"fave_property_agency":["1214635"],"fave_property_map_address":[null],"fave_property_location":["41.2357568014087,1.80732676500863"],"houzez_geolocation_lat":["41.2357568014087"],"houzez_geolocation_long":["1.80732676500863"],"aicat":["1"],"_wp_page_template":["default"],"fave_property_images":["1200121","1200121","1200122","1200123","1200124","1200125","1200126","1200127","1200128","1200129","1200130","1200131","1200132","1200133","1200134","1200135","1200136","1200137","1200138","1200139","1200140"],"_thumbnail_id":["1200121"],"houzez_total_property_views":["4"],"houzez_views_by_date":["a:1:{s:10:\"04-28-2026\";i:4;}"],"houzez_recently_viewed":["2026-04-28 17:28:07"],"_elementor_page_assets":["a:0:{}"]},"_links":{"self":[{"href":"https:\/\/www.serra.immo\/ca\/wp-json\/wp\/v2\/properties\/1205918","targetHints":{"allow":["GET"]}}],"collection":[{"href":"https:\/\/www.serra.immo\/ca\/wp-json\/wp\/v2\/properties"}],"about":[{"href":"https:\/\/www.serra.immo\/ca\/wp-json\/wp\/v2\/types\/property"}],"author":[{"embeddable":true,"href":"https:\/\/www.serra.immo\/ca\/wp-json\/wp\/v2\/users\/4"}],"version-history":[{"count":0,"href":"https:\/\/www.serra.immo\/ca\/wp-json\/wp\/v2\/properties\/1205918\/revisions"}],"wp:featuredmedia":[{"embeddable":true,"href":"https:\/\/www.serra.immo\/ca\/wp-json\/wp\/v2\/media\/1200121"}],"wp:attachment":[{"href":"https:\/\/www.serra.immo\/ca\/wp-json\/wp\/v2\/media?parent=1205918"}],"wp:term":[{"taxonomy":"property_type","embeddable":true,"href":"https:\/\/www.serra.immo\/ca\/wp-json\/wp\/v2\/property_type?post=1205918"},{"taxonomy":"property_status","embeddable":true,"href":"https:\/\/www.serra.immo\/ca\/wp-json\/wp\/v2\/property_status?post=1205918"},{"taxonomy":"property_feature","embeddable":true,"href":"https:\/\/www.serra.immo\/ca\/wp-json\/wp\/v2\/property_feature?post=1205918"},{"taxonomy":"property_label","embeddable":true,"href":"https:\/\/www.serra.immo\/ca\/wp-json\/wp\/v2\/property_label?post=1205918"},{"taxonomy":"property_state","embeddable":true,"href":"https:\/\/www.serra.immo\/ca\/wp-json\/wp\/v2\/property_state?post=1205918"},{"taxonomy":"property_city","embeddable":true,"href":"https:\/\/www.serra.immo\/ca\/wp-json\/wp\/v2\/property_city?post=1205918"},{"taxonomy":"property_area","embeddable":true,"href":"https:\/\/www.serra.immo\/ca\/wp-json\/wp\/v2\/property_area?post=1205918"}],"curies":[{"name":"wp","href":"https:\/\/api.w.org\/{rel}","templated":true}]}}

Ref. LP0002/5298 – LLOGAT! PROPIETAT EN RENDIBILITAT! FANTÀSTIC LOFT A SEGONA LÍNIA DE MAR

<p>ALQUILADO! PROPIEDAD EN RENTABILIDAD! Alquilado por 825 EUROS<br />
Fantástico Loft, en segunda línea de mar, paralelo al Paseo Marítimo, ubicado en la calle Joan Tarrida. Edificio seminuevo, construido en el año 2008.<br />
 Loft con cédula de habitabilidad, con unos 62 m2 según catastro (contando 11 de elementos comunes), superficie útil según cédula de habitabilidad 42,60 m2, total construido unos 51 m2.<br />
 ES UN ESPACIO ABIERTO, CON VENTANAL GRANDE A CALLE JOAN TARRIDA. En pleno, corazón de Sitges.<br />
 NOTA IMPORTANTE: PUEDE TRIBUTAR POR IVA O POR ITP<br />
 La Finca dispone ascensor para 8 personas, temporizador de luz en pasillos comunes, Bomba de Calor, Persiana eléctrica, cocina completamente equipada, Estudio amueblado, Suelo Porcelánico, Vídeo-portero,&#8230;<br />
 Loft para vivir en pleno centro de Sitges, delante Bukake, y todos los bares de ambiente de la calle Joan Tarrida. </p>
<p> [Documento sin valor contractual, sujeto a cambios y revisiones por motivos técnicos, constructivos o comerciales. Las discreciones y especificaciones contenidas en este documento podrían variarse, siendo sustituidas por otras de igual o superior calidad. Mobiliario y elementos de decoración no incluidos. La información aquí contenida está sujeta a actualizaciones sin previo aviso, por lo que debe ser confirmada en cada caso].</p>
