{"id":1204727,"date":"2026-04-27T01:34:28","date_gmt":"2026-04-26T23:34:28","guid":{"rendered":"https:\/\/www.serra.immo\/propiedad\/ref-sfi00084-3478-parcela-con-vistas-al-mar-en-mas-trader-ii-cubelles\/"},"modified":"2026-04-27T01:34:29","modified_gmt":"2026-04-26T23:34:29","slug":"ref-sfi00084-3478-parcel%c2%b7la-amb-vistes-al-mar-a-mes-trader-ii-cubelles","status":"publish","type":"property","link":"https:\/\/www.serra.immo\/ca\/propiedad\/ref-sfi00084-3478-parcela-con-vistas-al-mar-en-mas-trader-ii-cubelles\/","title":{"rendered":"Ref. SFI00084\/3478 \u2013 Parcel\u00b7la amb vistes al mar a Mas Trader II Cubelles"},"content":{"rendered":"<p>SFI00084:<\/p>\n<p>Parcel\u00b7la de 1.000m2 amb vistes al mar, a la Urbanitzaci\u00f3 Mas Trader II, de Cubelles, de forma aproximadament quadrada.<br \/>\nDavant de parcel\u00b7la (fa\u00e7ana) de 41m, i una profunditat de 27m, admet construcci\u00f3 unifamiliar a\u00efllada, amb una edificabilitat de 200m2.<br \/>\nDisposa de serveis a peu de parcel\u00b7la.<br \/>\n_____________________________________________<br \/>\n\u2022 Localitzaci\u00f3: Cubelles, Mas Trader II<br \/>\n\u2022 Estat de l&#039;immoble: parcel\u00b7la<br \/>\n\u2022 Superf\u00edcie: 1000m2<br \/>\n\u2022 C\u00e8dula d&#039;habitabilitat: exempt<br \/>\n\u2022 Certificat d&#039;efici\u00e8ncia energ\u00e8tica: exempt<br \/>\n\u2022 ITP: Tipus vigent (10% tipus general \/ 5% redu\u00eft segons perfil) \u00b7 Import: 4.800\u20ac (preu de venda x 10%)<br \/>\n\u2022 Gastos notarials: Segons aranzel notarial (aprox. 1.000 \u20ac)<br \/>\n\u2022 Gastos registrals: Segons aranzel registral (aprox. 1.000 \u20ac)<br \/>\n\u2022 Gest\u00f2ria: Aprox. 500 \u20ac + IVA<br \/>\n\u2022 Total aproximat despeses de compravenda: 7.300\u20ac (ITP + aprox. 2.500\u20ac)<br \/>\n\u2022 Honoraris d&#039;ag\u00e8ncia: A c\u00e0rrec exclusiu del venedor<br \/>\n\u2022 C\u00e0rregues i grav\u00e0mens: Sense C\u00e0rregues<br \/>\n\u2022 Estat d&#039;ocupaci\u00f3: LLIURE<br \/>\n\u2022 R\u00e8gim de protecci\u00f3 oficial: Lliure<br \/>\n\u2022 Condici\u00f3 de gran tenedor del propietari: NO<br \/>\n\u2022 N\u00fam. Registre AICAT: 6768 \u00b7 N\u00fam. API: 3387<br \/>\nSuperf\u00edcies obtingudes de documents oficials<\/p>","protected":false},"excerpt":{"rendered":"<p>SFI00084:<\/p>\n<p>Parcel\u00b7la de 1.000m2 amb vistes al mar, a la Urbanitzaci\u00f3 Mas Trader II, de Cubelles, de forma aproximadament quadrada.<br \/>\nDavant de parcel\u00b7la (fa\u00e7ana) de 41m, i una profunditat de 27m, admet construcci\u00f3 unifamiliar a\u00efllada, amb una edificabilitat de 200m2.<br \/>\nDisposa de serveis a peu de parcel\u00b7la.<br \/>\n_____________________________________________<br \/>\n\u2022 Localitzaci\u00f3: Cubelles, Mas Trader II<br \/>\n\u2022 Estat de l&#039;immoble: parcel\u00b7la<br \/>\n\u2022 Superf\u00edcie: 1000m2<br \/>\n\u2022 C\u00e8dula d&#039;habitabilitat: exempt<br \/>\n\u2022 Certificat d&#039;efici\u00e8ncia energ\u00e8tica: exempt<br \/>\n\u2022 ITP: Tipus vigent (10% tipus general \/ 5% redu\u00eft segons perfil) \u00b7 Import: 4.800\u20ac (preu de venda x 10%)<br \/>\n\u2022 Gastos notarials: Segons aranzel notarial (aprox. 1.000 \u20ac)<br \/>\n\u2022 Gastos registrals: Segons aranzel registral (aprox. 1.000 \u20ac)<br \/>\n\u2022 Gest\u00f2ria: Aprox. 500 \u20ac + IVA<br \/>\n\u2022 Total aproximat despeses de compravenda: 7.300\u20ac (ITP + aprox. 2.500\u20ac)<br \/>\n\u2022 Honoraris d&#039;ag\u00e8ncia: A c\u00e0rrec exclusiu del venedor<br \/>\n\u2022 C\u00e0rregues i grav\u00e0mens: Sense C\u00e0rregues<br \/>\n\u2022 Estat d&#039;ocupaci\u00f3: LLIURE<br \/>\n\u2022 R\u00e8gim de protecci\u00f3 oficial: Lliure<br \/>\n\u2022 Condici\u00f3 de gran tenedor del propietari: NO<br \/>\n\u2022 N\u00fam. Registre AICAT: 6768 \u00b7 N\u00fam. API: 3387<br \/>\nSuperf\u00edcies obtingudes de documents oficials<\/p>","protected":false},"author":4,"featured_media":1199303,"parent":0,"menu_order":0,"template":"","property_type":[836],"property_status":[371],"property_feature":[380],"property_label":[],"property_state":[],"property_city":[276],"property_area":[337],"class_list":["post-1204727","property","type-property","status-publish","has-post-thumbnail","hentry","property_type-terrenos","property_status-comprar","property_feature-suroeste","property_city-cubelles","property_area-mas-trader-ii"],"property_meta":{"fave_currency":["EUR"],"fave_currency_info":[""],"fave_property_price":["48000"],"fave_property_size":["0.00"],"fave_property_size_prefix":["m2"],"fave_property_land":["1000"],"fave_property_land_postfix":["m2"],"fave_property_bedrooms":["0"],"fave_property_bathrooms":["0"],"fave_virtual_tour":["0"],"fave_property_map":["1"],"fave_property_id":["SFI00084\/3478"],"fave_featured":["0"],"houzez_featured_listing_date":[""],"fave_agent_display_option":["agent_info"],"fave_prop_homeslider":["no"],"floor_plans":[""],"fave_multi_units":[""],"additional_features":[""],"fave_agents":["1179704"],"fave_property_agency":["1214635"],"fave_property_map_address":[null],"fave_property_location":["41.23531,1.6495400000000018"],"houzez_geolocation_lat":["41.23531"],"houzez_geolocation_long":["1.6495400000000018"],"aicat":["1"],"_wp_page_template":["default"],"fave_property_images":["1199303","1199303","1199304"],"_thumbnail_id":["1199303"],"houzez_total_property_views":["7"],"houzez_views_by_date":["a:2:{s:10:\"04-27-2026\";i:5;s:10:\"04-28-2026\";i:2;}"],"houzez_recently_viewed":["2026-04-28 10:41:32"],"_elementor_page_assets":["a:0:{}"]},"_links":{"self":[{"href":"https:\/\/www.serra.immo\/ca\/wp-json\/wp\/v2\/properties\/1204727","targetHints":{"allow":["GET"]}}],"collection":[{"href":"https:\/\/www.serra.immo\/ca\/wp-json\/wp\/v2\/properties"}],"about":[{"href":"https:\/\/www.serra.immo\/ca\/wp-json\/wp\/v2\/types\/property"}],"author":[{"embeddable":true,"href":"https:\/\/www.serra.immo\/ca\/wp-json\/wp\/v2\/users\/4"}],"version-history":[{"count":0,"href":"https:\/\/www.serra.immo\/ca\/wp-json\/wp\/v2\/properties\/1204727\/revisions"}],"wp:featuredmedia":[{"embeddable":true,"href":"https:\/\/www.serra.immo\/ca\/wp-json\/wp\/v2\/media\/1199303"}],"wp:attachment":[{"href":"https:\/\/www.serra.immo\/ca\/wp-json\/wp\/v2\/media?parent=1204727"}],"wp:term":[{"taxonomy":"property_type","embeddable":true,"href":"https:\/\/www.serra.immo\/ca\/wp-json\/wp\/v2\/property_type?post=1204727"},{"taxonomy":"property_status","embeddable":true,"href":"https:\/\/www.serra.immo\/ca\/wp-json\/wp\/v2\/property_status?post=1204727"},{"taxonomy":"property_feature","embeddable":true,"href":"https:\/\/www.serra.immo\/ca\/wp-json\/wp\/v2\/property_feature?post=1204727"},{"taxonomy":"property_label","embeddable":true,"href":"https:\/\/www.serra.immo\/ca\/wp-json\/wp\/v2\/property_label?post=1204727"},{"taxonomy":"property_state","embeddable":true,"href":"https:\/\/www.serra.immo\/ca\/wp-json\/wp\/v2\/property_state?post=1204727"},{"taxonomy":"property_city","embeddable":true,"href":"https:\/\/www.serra.immo\/ca\/wp-json\/wp\/v2\/property_city?post=1204727"},{"taxonomy":"property_area","embeddable":true,"href":"https:\/\/www.serra.immo\/ca\/wp-json\/wp\/v2\/property_area?post=1204727"}],"curies":[{"name":"wp","href":"https:\/\/api.w.org\/{rel}","templated":true}]}}

<p>SFI00084:</p>
<p>Parcel·la de 1.000m2 amb vistes al mar, a la Urbanització Mas Trader II, de Cubelles, de forma aproximadament quadrada.<br />
Davant de parcel·la (façana) de 41m, i una profunditat de 27m, admet construcció unifamiliar aïllada, amb una edificabilitat de 200m2.<br />
Disposa de serveis a peu de parcel·la.<br />
_____________________________________________<br />
• Localització: Cubelles, Mas Trader II<br />
• Estat de l&#039;immoble: parcel·la<br />
• Superfície: 1000m2<br />
• Cèdula d&#039;habitabilitat: exempt<br />
• Certificat d&#039;eficiència energètica: exempt<br />
• ITP: Tipus vigent (10% tipus general / 5% reduït segons perfil) · Import: 4.800€ (preu de venda x 10%)<br />
• Gastos notarials: Segons aranzel notarial (aprox. 1.000 €)<br />
• Gastos registrals: Segons aranzel registral (aprox. 1.000 €)<br />
• Gestòria: Aprox. 500 € + IVA<br />
• Total aproximat despeses de compravenda: 7.300€ (ITP + aprox. 2.500€)<br />
• Honoraris d&#039;agència: A càrrec exclusiu del venedor<br />
• Càrregues i gravàmens: Sense Càrregues<br />
• Estat d&#039;ocupació: LLIURE<br />
• Règim de protecció oficial: Lliure<br />
• Condició de gran tenedor del propietari: NO<br />
• Núm. Registre AICAT: 6768 · Núm. API: 3387<br />
Superfícies obtingudes de documents oficials</p>
