{"id":1204378,"date":"2026-05-01T13:33:05","date_gmt":"2026-05-01T11:33:05","guid":{"rendered":"https:\/\/www.serra.immo\/propiedad\/ref-1948-1266-parcela-urbana-para-casa-unifamiliar\/"},"modified":"2026-05-01T13:33:05","modified_gmt":"2026-05-01T11:33:05","slug":"ref-1948-1266-parcel%c2%b7la-urbana-per-a-casa-unifamiliar","status":"publish","type":"property","link":"https:\/\/www.serra.immo\/ca\/propiedad\/ref-1948-1266-parcela-urbana-para-casa-unifamiliar\/","title":{"rendered":"Ref. 1948\/1266 \u2013 PARCEL\u00b7LA URBANA PER A CASA UNIFAMILIAR"},"content":{"rendered":"<p>Ref.- 1948 Terreny en venda situat a la uranitzaci\u00f3 Les Colines d&#039;Olivella.  <\/p>\n<p>Per construir una llar a la seva mida, aquesta parcel\u00b7la \u00e9s la que busca, la seva localitzaci\u00f3 fa que sigui ideal, for\u00e7a plana i el seu f\u00e0cil acc\u00e9s, que de vegades arribar des de la carretera principal estan molt lluny i aquesta queda a prop fins i tot de la parada del transport p\u00fablic.<\/p>\n<p>La parcel\u00b7la t\u00e9 972 m2 per a la construcci\u00f3 d\u00b4una casa unifamiliar amb tots els serveis i subministraments (excepte gas)<\/p>\n<p>T\u00e9 una fa\u00e7ana de 24 ml. i uns 39 ml. de profunitat.<br \/>\nClau urbanistica R4a<\/p>\n<p>NOTA:<br \/>\nEn els imports indicats no s&#039;hagin incl\u00f2s els impostos i les taxes aplicables a la compra o lloguer del b\u00e9 immoble.<br \/>\nLes fotografies, v\u00eddeos, pl\u00e0nols i la resta de documentaci\u00f3 gr\u00e0fica poden no correspondre amb la realitat actual, aix\u00ed com els metratges i superf\u00edcies, i no tenen car\u00e0cter contractual sent merament orientatius.<br \/>\nLlevat d&#039;indicaci\u00f3 contr\u00e0ria, els mobles i l&#039;equipament que apareixen a l&#039;anunci no estan inclosos en el preu.<br \/>\nS\u00f3n a c\u00e0rrec del comprador els seg\u00fcents impostos:<br \/>\n-Habitatges dobra nova: el pagament de lIVA, AJD, els honoraris de notaria i registre.<br \/>\n-Habitatges de segona m\u00e0: el pagament de l&#039;ITP (pot variar segons barems estipulats per la Generalitat de Catalunya), els honoraris de notaria i registre.<br \/>\nPer a una informaci\u00f3 m\u00e9s detallada podeu adre\u00e7ar-vos a l&#039;Ag\u00e8ncia.<\/p>","protected":false},"excerpt":{"rendered":"<p>Ref.- 1948 Terreny en venda situat a la uranitzaci\u00f3 Les Colines d&#039;Olivella.  <\/p>\n<p>Per construir una llar a la seva mida, aquesta parcel\u00b7la \u00e9s la que busca, la seva localitzaci\u00f3 fa que sigui ideal, for\u00e7a plana i el seu f\u00e0cil acc\u00e9s, que de vegades arribar des de la carretera principal estan molt lluny i aquesta queda a prop fins i tot de la parada del transport p\u00fablic.<\/p>\n<p>La parcel\u00b7la t\u00e9 972 m2 per a la construcci\u00f3 d\u00b4una casa unifamiliar amb tots els serveis i subministraments (excepte gas)<\/p>\n<p>T\u00e9 una fa\u00e7ana de 24 ml. i uns 39 ml. de profunitat.<br \/>\nClau urbanistica R4a<\/p>\n<p>NOTA:<br \/>\nEn els imports indicats no s&#039;hagin incl\u00f2s els impostos i les taxes aplicables a la compra o lloguer del b\u00e9 immoble.<br \/>\nLes fotografies, v\u00eddeos, pl\u00e0nols i la resta de documentaci\u00f3 gr\u00e0fica poden no correspondre amb la realitat actual, aix\u00ed com els metratges i superf\u00edcies, i no tenen car\u00e0cter contractual sent merament orientatius.<br \/>\nLlevat d&#039;indicaci\u00f3 contr\u00e0ria, els mobles i l&#039;equipament que apareixen a l&#039;anunci no estan inclosos en el preu.<br \/>\nS\u00f3n a c\u00e0rrec del comprador els seg\u00fcents impostos:<br \/>\n-Habitatges dobra nova: el pagament de lIVA, AJD, els honoraris de notaria i registre.<br \/>\n-Habitatges de segona m\u00e0: el pagament de l&#039;ITP (pot variar segons barems estipulats per la Generalitat de Catalunya), els honoraris de notaria i registre.<br \/>\nPer a una informaci\u00f3 m\u00e9s detallada podeu adre\u00e7ar-vos a l&#039;Ag\u00e8ncia.<\/p>","protected":false},"author":4,"featured_media":1211742,"parent":0,"menu_order":0,"template":"","property_type":[836],"property_status":[371],"property_feature":[],"property_label":[],"property_state":[],"property_city":[392],"property_area":[419],"class_list":["post-1204378","property","type-property","status-publish","has-post-thumbnail","hentry","property_type-terrenos","property_status-comprar","property_city-olivella","property_area-les-colines"],"property_meta":{"fave_currency":["EUR"],"fave_currency_info":[""],"fave_property_price":["44000"],"fave_property_size":["423.00"],"fave_property_size_prefix":["m2"],"fave_property_land":["972"],"fave_property_land_postfix":["m2"],"fave_property_bedrooms":["0"],"fave_property_bathrooms":["0"],"fave_virtual_tour":["0"],"fave_property_map":["1"],"fave_property_id":["1948\/1266"],"fave_property_zip":["08818"],"fave_featured":["0"],"houzez_featured_listing_date":[""],"fave_agent_display_option":["agent_info"],"fave_prop_homeslider":["no"],"floor_plans":[""],"fave_multi_units":[""],"additional_features":[""],"fave_agents":["1179704"],"fave_property_agency":["1214635"],"fave_property_map_address":[null],"fave_property_location":["41.31143529,1.77643644"],"houzez_geolocation_lat":["41.31143529"],"houzez_geolocation_long":["1.77643644"],"aicat":["1"],"_wp_page_template":["default"],"fave_property_images":["1211742","1211742","1211743","1211744","1211745","1211746","1211747"],"_thumbnail_id":["1211742"],"houzez_total_property_views":["1"],"houzez_views_by_date":["a:1:{s:10:\"05-02-2026\";i:1;}"],"houzez_recently_viewed":["2026-05-02 12:33:22"],"_elementor_page_assets":["a:0:{}"]},"_links":{"self":[{"href":"https:\/\/www.serra.immo\/ca\/wp-json\/wp\/v2\/properties\/1204378","targetHints":{"allow":["GET"]}}],"collection":[{"href":"https:\/\/www.serra.immo\/ca\/wp-json\/wp\/v2\/properties"}],"about":[{"href":"https:\/\/www.serra.immo\/ca\/wp-json\/wp\/v2\/types\/property"}],"author":[{"embeddable":true,"href":"https:\/\/www.serra.immo\/ca\/wp-json\/wp\/v2\/users\/4"}],"version-history":[{"count":0,"href":"https:\/\/www.serra.immo\/ca\/wp-json\/wp\/v2\/properties\/1204378\/revisions"}],"wp:featuredmedia":[{"embeddable":true,"href":"https:\/\/www.serra.immo\/ca\/wp-json\/wp\/v2\/media\/1211742"}],"wp:attachment":[{"href":"https:\/\/www.serra.immo\/ca\/wp-json\/wp\/v2\/media?parent=1204378"}],"wp:term":[{"taxonomy":"property_type","embeddable":true,"href":"https:\/\/www.serra.immo\/ca\/wp-json\/wp\/v2\/property_type?post=1204378"},{"taxonomy":"property_status","embeddable":true,"href":"https:\/\/www.serra.immo\/ca\/wp-json\/wp\/v2\/property_status?post=1204378"},{"taxonomy":"property_feature","embeddable":true,"href":"https:\/\/www.serra.immo\/ca\/wp-json\/wp\/v2\/property_feature?post=1204378"},{"taxonomy":"property_label","embeddable":true,"href":"https:\/\/www.serra.immo\/ca\/wp-json\/wp\/v2\/property_label?post=1204378"},{"taxonomy":"property_state","embeddable":true,"href":"https:\/\/www.serra.immo\/ca\/wp-json\/wp\/v2\/property_state?post=1204378"},{"taxonomy":"property_city","embeddable":true,"href":"https:\/\/www.serra.immo\/ca\/wp-json\/wp\/v2\/property_city?post=1204378"},{"taxonomy":"property_area","embeddable":true,"href":"https:\/\/www.serra.immo\/ca\/wp-json\/wp\/v2\/property_area?post=1204378"}],"curies":[{"name":"wp","href":"https:\/\/api.w.org\/{rel}","templated":true}]}}

<p>Ref.- 1948 Terreny en venda situat a la uranització Les Colines d&#039;Olivella.  </p>
<p>Per construir una llar a la seva mida, aquesta parcel·la és la que busca, la seva localització fa que sigui ideal, força plana i el seu fàcil accés, que de vegades arribar des de la carretera principal estan molt lluny i aquesta queda a prop fins i tot de la parada del transport públic.</p>
<p>La parcel·la té 972 m2 per a la construcció d´una casa unifamiliar amb tots els serveis i subministraments (excepte gas)</p>
<p>Té una façana de 24 ml. i uns 39 ml. de profunitat.<br />
Clau urbanistica R4a</p>
<p>NOTA:<br />
En els imports indicats no s&#039;hagin inclòs els impostos i les taxes aplicables a la compra o lloguer del bé immoble.<br />
Les fotografies, vídeos, plànols i la resta de documentació gràfica poden no correspondre amb la realitat actual, així com els metratges i superfícies, i no tenen caràcter contractual sent merament orientatius.<br />
Llevat d&#039;indicació contrària, els mobles i l&#039;equipament que apareixen a l&#039;anunci no estan inclosos en el preu.<br />
Són a càrrec del comprador els següents impostos:<br />
-Habitatges dobra nova: el pagament de lIVA, AJD, els honoraris de notaria i registre.<br />
-Habitatges de segona mà: el pagament de l&#039;ITP (pot variar segons barems estipulats per la Generalitat de Catalunya), els honoraris de notaria i registre.<br />
Per a una informació més detallada podeu adreçar-vos a l&#039;Agència.</p>
