{"id":1204264,"date":"2026-04-28T13:33:53","date_gmt":"2026-04-28T11:33:53","guid":{"rendered":"https:\/\/www.serra.immo\/propiedad\/ref-03-22497-1098-local-comercial-en-alquiler-apto-para-cualquier-tipo-de-negocio\/"},"modified":"2026-04-28T13:33:53","modified_gmt":"2026-04-28T11:33:53","slug":"ref-03-22497-1098-local-comercial-de-lloguer-apte-per-a-qualsevol-tipus-de-negoci","status":"publish","type":"property","link":"https:\/\/www.serra.immo\/ca\/propiedad\/ref-03-22497-1098-local-comercial-en-alquiler-apto-para-cualquier-tipo-de-negocio\/","title":{"rendered":"Ref. 03-22497\/1098 \u2013 Local comercial de lloguer apte per a qualsevol tipus de negoci"},"content":{"rendered":"<p>Busqueu un local a peu de carrer amb molta visibilitat i en una zona molt comercial per al vostre negoci? Encara no heu trobat el local perfecte?<br \/>\nLi oferim un local de 85m\u00b2 a zona de vianants, en un carrer comercial molt din\u00e0mic i de molta aflu\u00e8ncia, ubicat al centre neur\u00e0lgic de Vilanova i la Geltr\u00fa ia prop de marques de gran prestigi.<br \/>\nLa ciutat, de 70.000 habitants, gaudeix d\u00b4un gran moviment comercial i es nodreix de clients de tota la comarca del Garraf i del Pened\u00e8s. <\/p>\n<p>Aquest local \u00e9s perfecte per a:<\/p>\n<p>Botigues detallistes: Atregui clients potencials amb un bon aparador i visible en un carrer concorregut.<br \/>\nOficines: Creeu un espai de treball professional i accessible per als vostres clients en una ubicaci\u00f3 privilegiada.<br \/>\nAssociacions culturals: Organitzeu esdeveniments i activitats en un espai vers\u00e0til.<br \/>\nDespatxos professionals: Advocats, assessors, consultors i altres professionals podran atendre els seus clients en un entorn c\u00e8ntric i ben comunicat.<\/p>\n<p>Sol\u00b7liciteu la vostra visita avui mateix i descobriu el potencial d&#039;aquest local comercial!<\/p>\n<p>Renda m\u00e9s IBI<br \/>\nEl preu de lloguer no inclou IVA.<\/p>\n<p>API COL\u00b7LEGIAT N\u00daM. 2532\/BCN<br \/>\nREGISTRE D&#039;AGENTS IMMOBILIARIS DE CATALUNYA AICAT 1134<\/p>","protected":false},"excerpt":{"rendered":"<p>Busqueu un local a peu de carrer amb molta visibilitat i en una zona molt comercial per al vostre negoci? Encara no heu trobat el local perfecte?<br \/>\nLi oferim un local de 85m\u00b2 a zona de vianants, en un carrer comercial molt din\u00e0mic i de molta aflu\u00e8ncia, ubicat al centre neur\u00e0lgic de Vilanova i la Geltr\u00fa ia prop de marques de gran prestigi.<br \/>\nLa ciutat, de 70.000 habitants, gaudeix d\u00b4un gran moviment comercial i es nodreix de clients de tota la comarca del Garraf i del Pened\u00e8s. <\/p>\n<p>Aquest local \u00e9s perfecte per a:<\/p>\n<p>Botigues detallistes: Atregui clients potencials amb un bon aparador i visible en un carrer concorregut.<br \/>\nOficines: Creeu un espai de treball professional i accessible per als vostres clients en una ubicaci\u00f3 privilegiada.<br \/>\nAssociacions culturals: Organitzeu esdeveniments i activitats en un espai vers\u00e0til.<br \/>\nDespatxos professionals: Advocats, assessors, consultors i altres professionals podran atendre els seus clients en un entorn c\u00e8ntric i ben comunicat.<\/p>\n<p>Sol\u00b7liciteu la vostra visita avui mateix i descobriu el potencial d&#039;aquest local comercial!<\/p>\n<p>Renda m\u00e9s IBI<br \/>\nEl preu de lloguer no inclou IVA.<\/p>\n<p>API COL\u00b7LEGIAT N\u00daM. 2532\/BCN<br \/>\nREGISTRE D&#039;AGENTS IMMOBILIARIS DE CATALUNYA AICAT 1134<\/p>","protected":false},"author":4,"featured_media":1211261,"parent":0,"menu_order":0,"template":"","property_type":[841],"property_status":[204],"property_feature":[375,381],"property_label":[],"property_state":[],"property_city":[198],"property_area":[199],"class_list":["post-1204264","property","type-property","status-publish","has-post-thumbnail","hentry","property_type-locales-comerciales","property_status-alquilar","property_feature-calefaccion","property_feature-este","property_city-vilanova-i-la-geltru","property_area-centre"],"property_meta":{"fave_currency":["EUR"],"fave_currency_info":[""],"fave_property_price":["1650"],"fave_property_size":["75.00"],"fave_property_size_prefix":["m2"],"fave_property_land":["0"],"fave_property_land_postfix":["m2"],"fave_property_bedrooms":["0"],"fave_property_bathrooms":["2"],"fave_virtual_tour":["0"],"fave_property_map":["1"],"fave_property_id":["03-22497\/1098"],"fave_property_zip":["08800"],"fave_featured":["0"],"houzez_featured_listing_date":[""],"fave_agent_display_option":["agent_info"],"fave_prop_homeslider":["no"],"fave_energy_class":["C"],"fave_energy_global_index":["145"],"fave_energy_performance":["C"],"fave_renewable_energy_global_index":["28"],"floor_plans":[""],"fave_multi_units":[""],"additional_features":[""],"fave_agents":["1179704"],"fave_property_agency":["1214635"],"fave_property_map_address":[null],"fave_property_location":["41.22332386186721,1.7267146896760204"],"houzez_geolocation_lat":["41.22332386186721"],"houzez_geolocation_long":["1.7267146896760204"],"aicat":["1"],"_wp_page_template":["default"],"fave_property_images":["1211261","1211261","1211262","1211263","1211264","1211265","1211266"],"_thumbnail_id":["1211261"],"houzez_total_property_views":["5"],"houzez_views_by_date":["a:1:{s:10:\"04-28-2026\";i:5;}"],"houzez_recently_viewed":["2026-04-29 01:52:31"],"_elementor_page_assets":["a:0:{}"]},"_links":{"self":[{"href":"https:\/\/www.serra.immo\/ca\/wp-json\/wp\/v2\/properties\/1204264","targetHints":{"allow":["GET"]}}],"collection":[{"href":"https:\/\/www.serra.immo\/ca\/wp-json\/wp\/v2\/properties"}],"about":[{"href":"https:\/\/www.serra.immo\/ca\/wp-json\/wp\/v2\/types\/property"}],"author":[{"embeddable":true,"href":"https:\/\/www.serra.immo\/ca\/wp-json\/wp\/v2\/users\/4"}],"version-history":[{"count":0,"href":"https:\/\/www.serra.immo\/ca\/wp-json\/wp\/v2\/properties\/1204264\/revisions"}],"wp:featuredmedia":[{"embeddable":true,"href":"https:\/\/www.serra.immo\/ca\/wp-json\/wp\/v2\/media\/1211261"}],"wp:attachment":[{"href":"https:\/\/www.serra.immo\/ca\/wp-json\/wp\/v2\/media?parent=1204264"}],"wp:term":[{"taxonomy":"property_type","embeddable":true,"href":"https:\/\/www.serra.immo\/ca\/wp-json\/wp\/v2\/property_type?post=1204264"},{"taxonomy":"property_status","embeddable":true,"href":"https:\/\/www.serra.immo\/ca\/wp-json\/wp\/v2\/property_status?post=1204264"},{"taxonomy":"property_feature","embeddable":true,"href":"https:\/\/www.serra.immo\/ca\/wp-json\/wp\/v2\/property_feature?post=1204264"},{"taxonomy":"property_label","embeddable":true,"href":"https:\/\/www.serra.immo\/ca\/wp-json\/wp\/v2\/property_label?post=1204264"},{"taxonomy":"property_state","embeddable":true,"href":"https:\/\/www.serra.immo\/ca\/wp-json\/wp\/v2\/property_state?post=1204264"},{"taxonomy":"property_city","embeddable":true,"href":"https:\/\/www.serra.immo\/ca\/wp-json\/wp\/v2\/property_city?post=1204264"},{"taxonomy":"property_area","embeddable":true,"href":"https:\/\/www.serra.immo\/ca\/wp-json\/wp\/v2\/property_area?post=1204264"}],"curies":[{"name":"wp","href":"https:\/\/api.w.org\/{rel}","templated":true}]}}

<p>Busqueu un local a peu de carrer amb molta visibilitat i en una zona molt comercial per al vostre negoci? Encara no heu trobat el local perfecte?<br />
Li oferim un local de 85m² a zona de vianants, en un carrer comercial molt dinàmic i de molta afluència, ubicat al centre neuràlgic de Vilanova i la Geltrú ia prop de marques de gran prestigi.<br />
La ciutat, de 70.000 habitants, gaudeix d´un gran moviment comercial i es nodreix de clients de tota la comarca del Garraf i del Penedès. </p>
<p>Aquest local és perfecte per a:</p>
<p>Botigues detallistes: Atregui clients potencials amb un bon aparador i visible en un carrer concorregut.<br />
Oficines: Creeu un espai de treball professional i accessible per als vostres clients en una ubicació privilegiada.<br />
Associacions culturals: Organitzeu esdeveniments i activitats en un espai versàtil.<br />
Despatxos professionals: Advocats, assessors, consultors i altres professionals podran atendre els seus clients en un entorn cèntric i ben comunicat.</p>
<p>Sol·liciteu la vostra visita avui mateix i descobriu el potencial d&#039;aquest local comercial!</p>
<p>Renda més IBI<br />
El preu de lloguer no inclou IVA.</p>
<p>API COL·LEGIAT NÚM. 2532/BCN<br />
REGISTRE D&#039;AGENTS IMMOBILIARIS DE CATALUNYA AICAT 1134</p>
