{"id":1204246,"date":"2026-04-28T13:33:52","date_gmt":"2026-04-28T11:33:52","guid":{"rendered":"https:\/\/www.serra.immo\/propiedad\/ref-03-22496-1098-se-alquila-local-comercial-de-148m%c2%b2\/"},"modified":"2026-04-28T13:33:52","modified_gmt":"2026-04-28T11:33:52","slug":"ref-03-22496-1098-es-lloga-local-comercial-de-148m%c2%b2","status":"publish","type":"property","link":"https:\/\/www.serra.immo\/ca\/propiedad\/ref-03-22496-1098-se-alquila-local-comercial-de-148m%c2%b2\/","title":{"rendered":"Ref. 03-22496\/1098 \u2013 Es lloga local comercial de 148m\u00b2"},"content":{"rendered":"<p>Excel\u00b7lent oportunitat per al seu negoci!<\/p>\n<p>Es lloga un ampli local comercial de 148m\u00b2 en un carrer ample i transitat. El local compta amb una fa\u00e7ana al carrer de m\u00e9s de deu metres amb dues portes met\u00e0l\u00b7liques, cosa que li proporciona una gran visibilitat.<\/p>\n<p>Caracter\u00edstiques:<\/p>\n<p>Superf\u00edcie \u00fatil de 148m\u00b2<br \/>\nFa\u00e7ana al carrer de m\u00e9s de deu metres amb dues portes met\u00e0l\u00b7liques<br \/>\nLavabo<br \/>\nSituat en un carrer ample i transitat<br \/>\nSostres alts<br \/>\nMoltes possibilitats<\/p>\n<p>Aquest local \u00e9s ideal per a una gran varietat de negocis, com: Botiga, Oficines, Taller, Magatzem..etc<br \/>\nSi esteu buscant un local comercial espai\u00f3s i ben ubicat, no dubteu a posar-vos en contacte amb nosaltres per concertar una visita.<\/p>\n<p>El preu de lloguer no inclou IVA.<\/p>","protected":false},"excerpt":{"rendered":"<p>Excel\u00b7lent oportunitat per al seu negoci!<\/p>\n<p>Es lloga un ampli local comercial de 148m\u00b2 en un carrer ample i transitat. El local compta amb una fa\u00e7ana al carrer de m\u00e9s de deu metres amb dues portes met\u00e0l\u00b7liques, cosa que li proporciona una gran visibilitat.<\/p>\n<p>Caracter\u00edstiques:<\/p>\n<p>Superf\u00edcie \u00fatil de 148m\u00b2<br \/>\nFa\u00e7ana al carrer de m\u00e9s de deu metres amb dues portes met\u00e0l\u00b7liques<br \/>\nLavabo<br \/>\nSituat en un carrer ample i transitat<br \/>\nSostres alts<br \/>\nMoltes possibilitats<\/p>\n<p>Aquest local \u00e9s ideal per a una gran varietat de negocis, com: Botiga, Oficines, Taller, Magatzem..etc<br \/>\nSi esteu buscant un local comercial espai\u00f3s i ben ubicat, no dubteu a posar-vos en contacte amb nosaltres per concertar una visita.<\/p>\n<p>El preu de lloguer no inclou IVA.<\/p>","protected":false},"author":4,"featured_media":1211202,"parent":0,"menu_order":0,"template":"","property_type":[841],"property_status":[204],"property_feature":[],"property_label":[],"property_state":[],"property_city":[198],"property_area":[232],"class_list":["post-1204246","property","type-property","status-publish","has-post-thumbnail","hentry","property_type-locales-comerciales","property_status-alquilar","property_city-vilanova-i-la-geltru","property_area-st-joan"],"property_meta":{"fave_currency":["EUR"],"fave_currency_info":[""],"fave_property_price":["850"],"fave_property_size":["148.00"],"fave_property_size_prefix":["m2"],"fave_property_land":["0"],"fave_property_land_postfix":["m2"],"fave_property_bedrooms":["0"],"fave_property_bathrooms":["1"],"fave_virtual_tour":["0"],"fave_property_map":["1"],"fave_property_id":["03-22496\/1098"],"fave_property_year":["1972"],"fave_property_zip":["08800"],"fave_featured":["0"],"houzez_featured_listing_date":[""],"fave_agent_display_option":["agent_info"],"fave_prop_homeslider":["no"],"fave_energy_class":["F"],"fave_energy_global_index":["170"],"fave_energy_performance":["D"],"fave_renewable_energy_global_index":["32"],"floor_plans":[""],"fave_multi_units":[""],"additional_features":[""],"fave_agents":["1179704"],"fave_property_agency":["1214635"],"fave_property_map_address":[null],"fave_property_location":["41.22370368,1.71547677"],"houzez_geolocation_lat":["41.22370368"],"houzez_geolocation_long":["1.71547677"],"aicat":["1"],"_wp_page_template":["default"],"fave_property_images":["1211202","1211202","1211203","1211204","1211205","1211206","1211207"],"_thumbnail_id":["1211202"],"houzez_total_property_views":["6"],"houzez_views_by_date":["a:2:{s:10:\"04-28-2026\";i:5;s:10:\"04-29-2026\";i:1;}"],"houzez_recently_viewed":["2026-04-29 02:05:05"],"_elementor_page_assets":["a:0:{}"]},"_links":{"self":[{"href":"https:\/\/www.serra.immo\/ca\/wp-json\/wp\/v2\/properties\/1204246","targetHints":{"allow":["GET"]}}],"collection":[{"href":"https:\/\/www.serra.immo\/ca\/wp-json\/wp\/v2\/properties"}],"about":[{"href":"https:\/\/www.serra.immo\/ca\/wp-json\/wp\/v2\/types\/property"}],"author":[{"embeddable":true,"href":"https:\/\/www.serra.immo\/ca\/wp-json\/wp\/v2\/users\/4"}],"version-history":[{"count":0,"href":"https:\/\/www.serra.immo\/ca\/wp-json\/wp\/v2\/properties\/1204246\/revisions"}],"wp:featuredmedia":[{"embeddable":true,"href":"https:\/\/www.serra.immo\/ca\/wp-json\/wp\/v2\/media\/1211202"}],"wp:attachment":[{"href":"https:\/\/www.serra.immo\/ca\/wp-json\/wp\/v2\/media?parent=1204246"}],"wp:term":[{"taxonomy":"property_type","embeddable":true,"href":"https:\/\/www.serra.immo\/ca\/wp-json\/wp\/v2\/property_type?post=1204246"},{"taxonomy":"property_status","embeddable":true,"href":"https:\/\/www.serra.immo\/ca\/wp-json\/wp\/v2\/property_status?post=1204246"},{"taxonomy":"property_feature","embeddable":true,"href":"https:\/\/www.serra.immo\/ca\/wp-json\/wp\/v2\/property_feature?post=1204246"},{"taxonomy":"property_label","embeddable":true,"href":"https:\/\/www.serra.immo\/ca\/wp-json\/wp\/v2\/property_label?post=1204246"},{"taxonomy":"property_state","embeddable":true,"href":"https:\/\/www.serra.immo\/ca\/wp-json\/wp\/v2\/property_state?post=1204246"},{"taxonomy":"property_city","embeddable":true,"href":"https:\/\/www.serra.immo\/ca\/wp-json\/wp\/v2\/property_city?post=1204246"},{"taxonomy":"property_area","embeddable":true,"href":"https:\/\/www.serra.immo\/ca\/wp-json\/wp\/v2\/property_area?post=1204246"}],"curies":[{"name":"wp","href":"https:\/\/api.w.org\/{rel}","templated":true}]}}

<p>Excel·lent oportunitat per al seu negoci!</p>
<p>Es lloga un ampli local comercial de 148m² en un carrer ample i transitat. El local compta amb una façana al carrer de més de deu metres amb dues portes metàl·liques, cosa que li proporciona una gran visibilitat.</p>
<p>Característiques:</p>
<p>Superfície útil de 148m²<br />
Façana al carrer de més de deu metres amb dues portes metàl·liques<br />
Lavabo<br />
Situat en un carrer ample i transitat<br />
Sostres alts<br />
Moltes possibilitats</p>
<p>Aquest local és ideal per a una gran varietat de negocis, com: Botiga, Oficines, Taller, Magatzem..etc<br />
Si esteu buscant un local comercial espaiós i ben ubicat, no dubteu a posar-vos en contacte amb nosaltres per concertar una visita.</p>
<p>El preu de lloguer no inclou IVA.</p>
