{"id":1204204,"date":"2026-04-30T13:34:33","date_gmt":"2026-04-30T11:34:33","guid":{"rendered":"https:\/\/www.serra.immo\/propiedad\/ref-03-60382-1098-plaza-de-parquing-en-venta-coche-pequeno\/"},"modified":"2026-04-30T13:34:33","modified_gmt":"2026-04-30T11:34:33","slug":"ref-03-60382-1098-placa-de-parquing-en-venda-cotxe-petit","status":"publish","type":"property","link":"https:\/\/www.serra.immo\/ca\/propiedad\/ref-03-60382-1098-plaza-de-parquing-en-venta-coche-pequeno\/","title":{"rendered":"Ref. 03-60382\/1098 \u2013 Pla\u00e7a de p\u00e0rquing en venda cotxe petit"},"content":{"rendered":"<p>Oportunitat! Es ven pla\u00e7a d&#039;aparcament per a cotxe petit (en edifici cantoner molt ben situat del c\/ Dr. Zamenhof cantonada amb Torre d&#039;Enveja).<br \/>\nEst\u00e0 situada a la primera planta soterrani i \u00e9s de f\u00e0cil maniobra.<br \/>\nIdeal per a cotxe tipus FIAT 500 o similar. <\/p>\n<p>El preu no inclou impostos (ITP, IVA i AJD), ni les despeses de notari ni les de registre.<\/p>\n<p>API COL\u00b7LEGIAT N\u00daM. 2532\/BCN<br \/>\nREGISTRE D&#039;AGENTS IMMOBILIARIS DE CATALUNYA AICAT 1134<\/p>","protected":false},"excerpt":{"rendered":"<p>Oportunitat! Es ven pla\u00e7a d&#039;aparcament per a cotxe petit (en edifici cantoner molt ben situat del c\/ Dr. Zamenhof cantonada amb Torre d&#039;Enveja).<br \/>\nEst\u00e0 situada a la primera planta soterrani i \u00e9s de f\u00e0cil maniobra.<br \/>\nIdeal per a cotxe tipus FIAT 500 o similar. <\/p>\n<p>El preu no inclou impostos (ITP, IVA i AJD), ni les despeses de notari ni les de registre.<\/p>\n<p>API COL\u00b7LEGIAT N\u00daM. 2532\/BCN<br \/>\nREGISTRE D&#039;AGENTS IMMOBILIARIS DE CATALUNYA AICAT 1134<\/p>","protected":false},"author":4,"featured_media":1211021,"parent":0,"menu_order":0,"template":"","property_type":[838],"property_status":[371],"property_feature":[],"property_label":[],"property_state":[],"property_city":[198],"property_area":[436],"class_list":["post-1204204","property","type-property","status-publish","has-post-thumbnail","hentry","property_type-garajes","property_status-comprar","property_city-vilanova-i-la-geltru","property_area-moli-de-vent"],"property_meta":{"fave_currency":["EUR"],"fave_currency_info":[""],"fave_property_price":["6500"],"fave_property_size":["8.91"],"fave_property_size_prefix":["m2"],"fave_property_land":["0"],"fave_property_land_postfix":["m2"],"fave_property_bedrooms":["0"],"fave_property_bathrooms":["0"],"fave_virtual_tour":["0"],"fave_property_map":["1"],"fave_property_id":["03-60382\/1098"],"fave_property_year":["1994"],"fave_property_zip":["08800"],"fave_featured":["0"],"houzez_featured_listing_date":[""],"fave_agent_display_option":["agent_info"],"fave_prop_homeslider":["no"],"floor_plans":[""],"fave_multi_units":[""],"additional_features":[""],"fave_agents":["1179704"],"fave_property_agency":["1214635"],"fave_property_map_address":[null],"fave_property_location":["41.23696185,1.70518207"],"houzez_geolocation_lat":["41.23696185"],"houzez_geolocation_long":["1.70518207"],"aicat":["1"],"_wp_page_template":["default"],"fave_property_images":["1211021","1211021","1211022","1211023","1211024","1211025","1211026","1211027","1211028","1211029","1211030","1211031","1211032"],"_thumbnail_id":["1211021"],"houzez_total_property_views":["2"],"houzez_views_by_date":["a:1:{s:10:\"04-30-2026\";i:2;}"],"houzez_recently_viewed":["2026-04-30 17:48:14"],"_elementor_page_assets":["a:0:{}"]},"_links":{"self":[{"href":"https:\/\/www.serra.immo\/ca\/wp-json\/wp\/v2\/properties\/1204204","targetHints":{"allow":["GET"]}}],"collection":[{"href":"https:\/\/www.serra.immo\/ca\/wp-json\/wp\/v2\/properties"}],"about":[{"href":"https:\/\/www.serra.immo\/ca\/wp-json\/wp\/v2\/types\/property"}],"author":[{"embeddable":true,"href":"https:\/\/www.serra.immo\/ca\/wp-json\/wp\/v2\/users\/4"}],"version-history":[{"count":0,"href":"https:\/\/www.serra.immo\/ca\/wp-json\/wp\/v2\/properties\/1204204\/revisions"}],"wp:featuredmedia":[{"embeddable":true,"href":"https:\/\/www.serra.immo\/ca\/wp-json\/wp\/v2\/media\/1211021"}],"wp:attachment":[{"href":"https:\/\/www.serra.immo\/ca\/wp-json\/wp\/v2\/media?parent=1204204"}],"wp:term":[{"taxonomy":"property_type","embeddable":true,"href":"https:\/\/www.serra.immo\/ca\/wp-json\/wp\/v2\/property_type?post=1204204"},{"taxonomy":"property_status","embeddable":true,"href":"https:\/\/www.serra.immo\/ca\/wp-json\/wp\/v2\/property_status?post=1204204"},{"taxonomy":"property_feature","embeddable":true,"href":"https:\/\/www.serra.immo\/ca\/wp-json\/wp\/v2\/property_feature?post=1204204"},{"taxonomy":"property_label","embeddable":true,"href":"https:\/\/www.serra.immo\/ca\/wp-json\/wp\/v2\/property_label?post=1204204"},{"taxonomy":"property_state","embeddable":true,"href":"https:\/\/www.serra.immo\/ca\/wp-json\/wp\/v2\/property_state?post=1204204"},{"taxonomy":"property_city","embeddable":true,"href":"https:\/\/www.serra.immo\/ca\/wp-json\/wp\/v2\/property_city?post=1204204"},{"taxonomy":"property_area","embeddable":true,"href":"https:\/\/www.serra.immo\/ca\/wp-json\/wp\/v2\/property_area?post=1204204"}],"curies":[{"name":"wp","href":"https:\/\/api.w.org\/{rel}","templated":true}]}}

Ref. 03-60382/1098 – Plaça de pàrquing en venda cotxe petit

<p>Oportunitat! Es ven plaça d&#039;aparcament per a cotxe petit (en edifici cantoner molt ben situat del c/ Dr. Zamenhof cantonada amb Torre d&#039;Enveja).<br />
Està situada a la primera planta soterrani i és de fàcil maniobra.<br />
Ideal per a cotxe tipus FIAT 500 o similar. </p>
<p>El preu no inclou impostos (ITP, IVA i AJD), ni les despeses de notari ni les de registre.</p>
<p>API COL·LEGIAT NÚM. 2532/BCN<br />
REGISTRE D&#039;AGENTS IMMOBILIARIS DE CATALUNYA AICAT 1134</p>
