{"id":1204004,"date":"2026-05-01T13:31:44","date_gmt":"2026-05-01T11:31:44","guid":{"rendered":"https:\/\/www.serra.immo\/propiedad\/ref-03-22281-1098-local-en-alquiler\/"},"modified":"2026-05-01T13:31:44","modified_gmt":"2026-05-01T11:31:44","slug":"ref-03-22281-1098-local-de-lloguer","status":"publish","type":"property","link":"https:\/\/www.serra.immo\/ca\/propiedad\/ref-03-22281-1098-local-en-alquiler\/","title":{"rendered":"Ref. 03-22281\/1098 \u2013 Local de lloguer"},"content":{"rendered":"<p>Local amb una superf\u00edcie total de 430m2, planta baixa de 316m2 i subterrani de 114m2. Bona accessibilitat amb porta a dos carrers. Disposa de sortida de fums. Possibilitat de pla\u00e7a de p\u00e0rquing. \u00c9s un local amb moltes possibilitats. Renda m\u00e9s IBI, m\u00e9s IVA.<\/p>","protected":false},"excerpt":{"rendered":"<p>Local amb una superf\u00edcie total de 430m2, planta baixa de 316m2 i subterrani de 114m2. Bona accessibilitat amb porta a dos carrers. Disposa de sortida de fums. Possibilitat de pla\u00e7a de p\u00e0rquing. \u00c9s un local amb moltes possibilitats. Renda m\u00e9s IBI, m\u00e9s IVA.<\/p>","protected":false},"author":4,"featured_media":1210673,"parent":0,"menu_order":0,"template":"","property_type":[841],"property_status":[204],"property_feature":[395],"property_label":[],"property_state":[],"property_city":[198],"property_area":[199],"class_list":["post-1204004","property","type-property","status-publish","has-post-thumbnail","hentry","property_type-locales-comerciales","property_status-alquilar","property_feature-norte","property_city-vilanova-i-la-geltru","property_area-centre"],"property_meta":{"fave_currency":["EUR"],"fave_currency_info":[""],"fave_property_price":["1200"],"fave_property_size":["400.00"],"fave_property_size_prefix":["m2"],"fave_property_land":["0"],"fave_property_land_postfix":["m2"],"fave_property_bedrooms":["0"],"fave_property_bathrooms":["0"],"fave_virtual_tour":["0"],"fave_property_map":["1"],"fave_property_id":["03-22281\/1098"],"fave_property_year":["2002"],"fave_property_zip":["08800"],"fave_featured":["0"],"houzez_featured_listing_date":[""],"fave_agent_display_option":["agent_info"],"fave_prop_homeslider":["no"],"floor_plans":[""],"fave_multi_units":[""],"additional_features":[""],"fave_agents":["1179704"],"fave_property_agency":["1214635"],"fave_property_map_address":[null],"fave_property_location":["41.2243538,1.71925869999995"],"houzez_geolocation_lat":["41.2243538"],"houzez_geolocation_long":["1.71925869999995"],"aicat":["1"],"_wp_page_template":["default"],"fave_property_images":["1210673","1210673","1210674","1210675","1210676"],"_thumbnail_id":["1210673"],"houzez_total_property_views":["3"],"houzez_views_by_date":["a:1:{s:10:\"05-01-2026\";i:3;}"],"houzez_recently_viewed":["2026-05-01 16:53:14"],"_elementor_page_assets":["a:0:{}"]},"_links":{"self":[{"href":"https:\/\/www.serra.immo\/ca\/wp-json\/wp\/v2\/properties\/1204004","targetHints":{"allow":["GET"]}}],"collection":[{"href":"https:\/\/www.serra.immo\/ca\/wp-json\/wp\/v2\/properties"}],"about":[{"href":"https:\/\/www.serra.immo\/ca\/wp-json\/wp\/v2\/types\/property"}],"author":[{"embeddable":true,"href":"https:\/\/www.serra.immo\/ca\/wp-json\/wp\/v2\/users\/4"}],"version-history":[{"count":0,"href":"https:\/\/www.serra.immo\/ca\/wp-json\/wp\/v2\/properties\/1204004\/revisions"}],"wp:featuredmedia":[{"embeddable":true,"href":"https:\/\/www.serra.immo\/ca\/wp-json\/wp\/v2\/media\/1210673"}],"wp:attachment":[{"href":"https:\/\/www.serra.immo\/ca\/wp-json\/wp\/v2\/media?parent=1204004"}],"wp:term":[{"taxonomy":"property_type","embeddable":true,"href":"https:\/\/www.serra.immo\/ca\/wp-json\/wp\/v2\/property_type?post=1204004"},{"taxonomy":"property_status","embeddable":true,"href":"https:\/\/www.serra.immo\/ca\/wp-json\/wp\/v2\/property_status?post=1204004"},{"taxonomy":"property_feature","embeddable":true,"href":"https:\/\/www.serra.immo\/ca\/wp-json\/wp\/v2\/property_feature?post=1204004"},{"taxonomy":"property_label","embeddable":true,"href":"https:\/\/www.serra.immo\/ca\/wp-json\/wp\/v2\/property_label?post=1204004"},{"taxonomy":"property_state","embeddable":true,"href":"https:\/\/www.serra.immo\/ca\/wp-json\/wp\/v2\/property_state?post=1204004"},{"taxonomy":"property_city","embeddable":true,"href":"https:\/\/www.serra.immo\/ca\/wp-json\/wp\/v2\/property_city?post=1204004"},{"taxonomy":"property_area","embeddable":true,"href":"https:\/\/www.serra.immo\/ca\/wp-json\/wp\/v2\/property_area?post=1204004"}],"curies":[{"name":"wp","href":"https:\/\/api.w.org\/{rel}","templated":true}]}}

<p>Local amb una superfície total de 430m2, planta baixa de 316m2 i subterrani de 114m2. Bona accessibilitat amb porta a dos carrers. Disposa de sortida de fums. Possibilitat de plaça de pàrquing. És un local amb moltes possibilitats. Renda més IBI, més IVA.</p>
