{"id":1203993,"date":"2026-04-30T13:33:42","date_gmt":"2026-04-30T11:33:42","guid":{"rendered":"https:\/\/www.serra.immo\/propiedad\/ref-03-22231-1098-local-comercial-en-venta-con-inquilino-ideal-inversores\/"},"modified":"2026-04-30T13:33:42","modified_gmt":"2026-04-30T11:33:42","slug":"ref-03-22231-1098-local-comercial-en-venda-amb-llogater-ideal-inversors","status":"publish","type":"property","link":"https:\/\/www.serra.immo\/ca\/propiedad\/ref-03-22231-1098-local-comercial-en-venta-con-inquilino-ideal-inversores\/","title":{"rendered":"Ref. 03-22231\/1098 \u2013 Local comercial en venda amb llogater IDEAL INVERSORES"},"content":{"rendered":"<p>IDEAL INVERSORS!<br \/>\nVenem local llogat amb contracte vigent de 10 anys i renda actualitzada i bona rendibilitat. El negoci actual \u00e9s de comer\u00e7.<br \/>\nEs tracta d\u00b4un espectacular local amb una superf\u00edcie de 485m\u00b2 amb sortida a dos carrers i fa\u00e7ana de 4 portes amb 1 porta per a c\u00e0rrega i desc\u00e0rrega al carrer Santa Magdalena.<br \/>\nMoltes possibilitats per metratge i ubicaci\u00f3 a escassos metres de la Ronda Ib\u00e8rica, de la Rbla Sant Jordi ia prop del centre.<br \/>\nAmb dos banys i un tercer per a minusv\u00e0lids.<br \/>\nPer a m\u00e9s dades sobre el contracte vigent consulteu a les nostres oficines. <\/p>\n<p>El preu no inclou impostos (ITP, IVA i AJD), ni les despeses de notari ni les de registre.<\/p>","protected":false},"excerpt":{"rendered":"<p>IDEAL INVERSORS!<br \/>\nVenem local llogat amb contracte vigent de 10 anys i renda actualitzada i bona rendibilitat. El negoci actual \u00e9s de comer\u00e7.<br \/>\nEs tracta d\u00b4un espectacular local amb una superf\u00edcie de 485m\u00b2 amb sortida a dos carrers i fa\u00e7ana de 4 portes amb 1 porta per a c\u00e0rrega i desc\u00e0rrega al carrer Santa Magdalena.<br \/>\nMoltes possibilitats per metratge i ubicaci\u00f3 a escassos metres de la Ronda Ib\u00e8rica, de la Rbla Sant Jordi ia prop del centre.<br \/>\nAmb dos banys i un tercer per a minusv\u00e0lids.<br \/>\nPer a m\u00e9s dades sobre el contracte vigent consulteu a les nostres oficines. <\/p>\n<p>El preu no inclou impostos (ITP, IVA i AJD), ni les despeses de notari ni les de registre.<\/p>","protected":false},"author":4,"featured_media":1210654,"parent":0,"menu_order":0,"template":"","property_type":[841],"property_status":[371],"property_feature":[],"property_label":[],"property_state":[],"property_city":[198],"property_area":[205],"class_list":["post-1203993","property","type-property","status-publish","has-post-thumbnail","hentry","property_type-locales-comerciales","property_status-comprar","property_city-vilanova-i-la-geltru","property_area-casernes"],"property_meta":{"fave_currency":["EUR"],"fave_currency_info":[""],"fave_property_price":["250000"],"fave_property_size":["475.00"],"fave_property_size_prefix":["m2"],"fave_property_land":["0"],"fave_property_land_postfix":["m2"],"fave_property_bedrooms":["0"],"fave_property_bathrooms":["1"],"fave_virtual_tour":["0"],"fave_property_map":["1"],"fave_property_id":["03-22231\/1098"],"fave_property_zip":["08800"],"fave_featured":["0"],"houzez_featured_listing_date":[""],"fave_agent_display_option":["agent_info"],"fave_prop_homeslider":["no"],"fave_energy_class":["E"],"fave_energy_global_index":["204"],"fave_energy_performance":["E"],"fave_renewable_energy_global_index":["34"],"floor_plans":[""],"fave_multi_units":[""],"additional_features":[""],"fave_agents":["1179704"],"fave_property_agency":["1214635"],"fave_property_map_address":[null],"fave_property_location":["41.2292408,1.728253"],"houzez_geolocation_lat":["41.2292408"],"houzez_geolocation_long":["1.728253"],"aicat":["1"],"_wp_page_template":["default"],"fave_property_images":["1210654","1210654","1210655","1210656","1203994","1203995","1203996","1203997","1203998","1203999","1204000","1204001"],"_thumbnail_id":["1210654"],"houzez_total_property_views":["2"],"houzez_views_by_date":["a:1:{s:10:\"04-30-2026\";i:2;}"],"houzez_recently_viewed":["2026-04-30 17:48:55"],"_elementor_page_assets":["a:0:{}"]},"_links":{"self":[{"href":"https:\/\/www.serra.immo\/ca\/wp-json\/wp\/v2\/properties\/1203993","targetHints":{"allow":["GET"]}}],"collection":[{"href":"https:\/\/www.serra.immo\/ca\/wp-json\/wp\/v2\/properties"}],"about":[{"href":"https:\/\/www.serra.immo\/ca\/wp-json\/wp\/v2\/types\/property"}],"author":[{"embeddable":true,"href":"https:\/\/www.serra.immo\/ca\/wp-json\/wp\/v2\/users\/4"}],"version-history":[{"count":0,"href":"https:\/\/www.serra.immo\/ca\/wp-json\/wp\/v2\/properties\/1203993\/revisions"}],"wp:featuredmedia":[{"embeddable":true,"href":"https:\/\/www.serra.immo\/ca\/wp-json\/wp\/v2\/media\/1210654"}],"wp:attachment":[{"href":"https:\/\/www.serra.immo\/ca\/wp-json\/wp\/v2\/media?parent=1203993"}],"wp:term":[{"taxonomy":"property_type","embeddable":true,"href":"https:\/\/www.serra.immo\/ca\/wp-json\/wp\/v2\/property_type?post=1203993"},{"taxonomy":"property_status","embeddable":true,"href":"https:\/\/www.serra.immo\/ca\/wp-json\/wp\/v2\/property_status?post=1203993"},{"taxonomy":"property_feature","embeddable":true,"href":"https:\/\/www.serra.immo\/ca\/wp-json\/wp\/v2\/property_feature?post=1203993"},{"taxonomy":"property_label","embeddable":true,"href":"https:\/\/www.serra.immo\/ca\/wp-json\/wp\/v2\/property_label?post=1203993"},{"taxonomy":"property_state","embeddable":true,"href":"https:\/\/www.serra.immo\/ca\/wp-json\/wp\/v2\/property_state?post=1203993"},{"taxonomy":"property_city","embeddable":true,"href":"https:\/\/www.serra.immo\/ca\/wp-json\/wp\/v2\/property_city?post=1203993"},{"taxonomy":"property_area","embeddable":true,"href":"https:\/\/www.serra.immo\/ca\/wp-json\/wp\/v2\/property_area?post=1203993"}],"curies":[{"name":"wp","href":"https:\/\/api.w.org\/{rel}","templated":true}]}}

<p>IDEAL INVERSORS!<br />
Venem local llogat amb contracte vigent de 10 anys i renda actualitzada i bona rendibilitat. El negoci actual és de comerç.<br />
Es tracta d´un espectacular local amb una superfície de 485m² amb sortida a dos carrers i façana de 4 portes amb 1 porta per a càrrega i descàrrega al carrer Santa Magdalena.<br />
Moltes possibilitats per metratge i ubicació a escassos metres de la Ronda Ibèrica, de la Rbla Sant Jordi ia prop del centre.<br />
Amb dos banys i un tercer per a minusvàlids.<br />
Per a més dades sobre el contracte vigent consulteu a les nostres oficines. </p>
<p>El preu no inclou impostos (ITP, IVA i AJD), ni les despeses de notari ni les de registre.</p>
