{"id":1195767,"date":"2026-04-23T03:02:00","date_gmt":"2026-04-23T01:02:00","guid":{"rendered":"https:\/\/www.serra.immo\/propiedad\/ref-6026-vilanova-i-la-geltru-placa-de-parquing-al-passeig-de-vilanova\/"},"modified":"2026-04-23T03:02:00","modified_gmt":"2026-04-23T01:02:00","slug":"ref-6026-vilanova-i-la-geltru-placa-de-parquing-al-passeig-de-vilanova","status":"publish","type":"property","link":"https:\/\/www.serra.immo\/ca\/propiedad\/ref-6026-vilanova-i-la-geltru-placa-de-parquing-al-passeig-de-vilanova\/","title":{"rendered":"Ref. 6026 \u2013 VILANOVA I LA GELTRU \u2013 Pla\u00e7a de p\u00e0rquing al passeig de Vilanova"},"content":{"rendered":"<p>Presentem aquesta pla\u00e7a de p\u00e0rquing per moto o cotxe petit al passeig mar\u00edtim de Vilanova i la Geltr\u00fa.<\/p>\n<p>Aquest p\u00e0rquing tancat \u00e9s de f\u00e0cil acc\u00e9s i s&#039;ubica a la privilegiada zona del passeig de Vilanova, a prop del port, el Far i Ribes Roges.<\/p>\n<p>Mesures 2m amplada X 2.85 llarg.<\/p>\n<p>Possibilitat d&#039;una altra pla\u00e7a de caracter\u00edstiques similars al mateix p\u00e0rquing.<\/p>\n<p>No us quedeu amb les ganes i veniu a visitar-la.<\/p>\n<p>Oficina Sant Pius X <a href=\"tel:93 814 87 18\">93 814 87 18<\/a><br \/>Contxi: <a href=\"tel:650 28 93 45\">650 28 93 45<\/a><\/p>","protected":false},"excerpt":{"rendered":"<p>Presentem aquesta pla\u00e7a de p\u00e0rquing per a moto o cotxe petit al passeig mar\u00edtim de Vilanova i la Geltr\u00fa. Aquest p\u00e0rquing tancat \u00e9s de f\u00e0cil acc\u00e9s i s&#8217;ubica a la privilegiada zona del passeig de Vilanova, proper al port, el Far i Ribes Roges. Mesures 2m amplada X 2.85 llarg. Possibilitat d&#8217;una altra pla\u00e7a de [&hellip;]<\/p>\n","protected":false},"author":5,"featured_media":1195768,"parent":0,"menu_order":0,"template":"","property_type":[838],"property_status":[371],"property_feature":[],"property_label":[345],"property_state":[],"property_city":[198],"property_area":[199],"class_list":["post-1195767","property","type-property","status-publish","has-post-thumbnail","hentry","property_type-garajes","property_status-comprar","property_label-ninguno","property_city-vilanova-i-la-geltru","property_area-centre"],"property_meta":{"fave_currency":["EUR"],"fave_currency_info":[""],"fave_property_price":["7200"],"fave_property_size":["0.00"],"fave_property_size_prefix":["m2"],"fave_property_land":["0"],"fave_property_land_postfix":["m2"],"fave_property_bedrooms":["0"],"fave_property_bathrooms":["0"],"fave_property_map":["1"],"fave_property_id":["6026"],"fave_property_year":["1973"],"fave_property_zip":["08800"],"fave_featured":["1"],"houzez_featured_listing_date":["2026-04-23 03:02:00"],"fave_agent_display_option":["agent_info"],"fave_prop_homeslider":["no"],"fave_energy_global_index":["0"],"fave_renewable_energy_global_index":["0"],"floor_plans":[""],"fave_multi_units":[""],"additional_features":[""],"fave_agents":["1177520"],"fave_property_agency":["1214647"],"fave_property_map_address":[null],"fave_property_location":["41.224049576,1.725483998"],"houzez_geolocation_lat":["41.224049576"],"houzez_geolocation_long":["1.725483998"],"propietat_serra":["1"],"_wp_page_template":["default"],"fave_property_images":["1195768","1207756","1207757","1207758","1207759","1207760","1207761","1207762","1207763","1207764","1207765","1207766","1207767","1207768","1207769","1207770","1207771","1207772"],"_thumbnail_id":["1195768"],"rank_math_internal_links_processed":["1"],"houzez_total_property_views":["28"],"houzez_views_by_date":["a:8:{s:10:\"04-23-2026\";i:4;s:10:\"04-24-2026\";i:2;s:10:\"04-25-2026\";i:3;s:10:\"04-26-2026\";i:4;s:10:\"04-27-2026\";i:8;s:10:\"04-29-2026\";i:2;s:10:\"04-30-2026\";i:4;s:10:\"05-01-2026\";i:1;}"],"houzez_recently_viewed":["2026-05-01 03:35:29"],"_elementor_page_assets":["a:0:{}"]},"_links":{"self":[{"href":"https:\/\/www.serra.immo\/ca\/wp-json\/wp\/v2\/properties\/1195767","targetHints":{"allow":["GET"]}}],"collection":[{"href":"https:\/\/www.serra.immo\/ca\/wp-json\/wp\/v2\/properties"}],"about":[{"href":"https:\/\/www.serra.immo\/ca\/wp-json\/wp\/v2\/types\/property"}],"author":[{"embeddable":true,"href":"https:\/\/www.serra.immo\/ca\/wp-json\/wp\/v2\/users\/5"}],"version-history":[{"count":2,"href":"https:\/\/www.serra.immo\/ca\/wp-json\/wp\/v2\/properties\/1195767\/revisions"}],"predecessor-version":[{"id":1276344,"href":"https:\/\/www.serra.immo\/ca\/wp-json\/wp\/v2\/properties\/1195767\/revisions\/1276344"}],"wp:featuredmedia":[{"embeddable":true,"href":"https:\/\/www.serra.immo\/ca\/wp-json\/wp\/v2\/media\/1195768"}],"wp:attachment":[{"href":"https:\/\/www.serra.immo\/ca\/wp-json\/wp\/v2\/media?parent=1195767"}],"wp:term":[{"taxonomy":"property_type","embeddable":true,"href":"https:\/\/www.serra.immo\/ca\/wp-json\/wp\/v2\/property_type?post=1195767"},{"taxonomy":"property_status","embeddable":true,"href":"https:\/\/www.serra.immo\/ca\/wp-json\/wp\/v2\/property_status?post=1195767"},{"taxonomy":"property_feature","embeddable":true,"href":"https:\/\/www.serra.immo\/ca\/wp-json\/wp\/v2\/property_feature?post=1195767"},{"taxonomy":"property_label","embeddable":true,"href":"https:\/\/www.serra.immo\/ca\/wp-json\/wp\/v2\/property_label?post=1195767"},{"taxonomy":"property_state","embeddable":true,"href":"https:\/\/www.serra.immo\/ca\/wp-json\/wp\/v2\/property_state?post=1195767"},{"taxonomy":"property_city","embeddable":true,"href":"https:\/\/www.serra.immo\/ca\/wp-json\/wp\/v2\/property_city?post=1195767"},{"taxonomy":"property_area","embeddable":true,"href":"https:\/\/www.serra.immo\/ca\/wp-json\/wp\/v2\/property_area?post=1195767"}],"curies":[{"name":"wp","href":"https:\/\/api.w.org\/{rel}","templated":true}]}}

Ref. 6026 – VILANOVA I LA GELTRU – Plaça de pàrquing al passeig de Vilanova

<p>Presentem aquesta plaça de pàrquing per moto o cotxe petit al passeig marítim de Vilanova i la Geltrú.</p>
<p>Aquest pàrquing tancat és de fàcil accés i s&#039;ubica a la privilegiada zona del passeig de Vilanova, a prop del port, el Far i Ribes Roges.</p>
<p>Mesures 2m amplada X 2.85 llarg.</p>
<p>Possibilitat d&#039;una altra plaça de característiques similars al mateix pàrquing.</p>
<p>No us quedeu amb les ganes i veniu a visitar-la.</p>
<p>Oficina Sant Pius X <a href="tel:93 814 87 18">93 814 87 18</a><br />Contxi: <a href="tel:650 28 93 45">650 28 93 45</a></p>

<p>Presentem aquesta plaça de pàrquing per a moto o cotxe petit al passeig marítim de Vilanova i la Geltrú. Aquest pàrquing tancat és de fàcil accés i s&#8217;ubica a la privilegiada zona del passeig de Vilanova, proper al port, el Far i Ribes Roges. Mesures 2m amplada X 2.85 llarg. Possibilitat d&#8217;una altra plaça de [&hellip;]</p>
