{"id":1194789,"date":"2026-04-23T03:01:55","date_gmt":"2026-04-23T01:01:55","guid":{"rendered":"https:\/\/www.serra.immo\/propiedad\/ref-6087-vilafranca-del-penedes-parking-para-coche-en-las-clotes\/"},"modified":"2026-04-23T03:01:55","modified_gmt":"2026-04-23T01:01:55","slug":"ref-6087-vilafranca-del-penedes-parquing-per-a-cotxe-a-les-clotes","status":"publish","type":"property","link":"https:\/\/www.serra.immo\/ca\/propiedad\/ref-6087-vilafranca-del-penedes-parking-para-coche-en-las-clotes\/","title":{"rendered":"Ref. 6087 \u2013 VILAFRANCA DEL PENED\u00c8S -Parking per a cotxe a les Clotes"},"content":{"rendered":"<p>VILAFRANCA DEL PENED\u00c8S -Parking per a cotxe a les Clotes<\/p>\n<p>Pla\u00e7a daparcament en venda a la zona de les clotes, disposa de 12m\u00b2 per cotxe petit-mig, f\u00e0cil acc\u00e9s. Vine a demanar informaci\u00f3!<\/p>\n<p>No dubtis en posar-te en contacte amb nosaltres.<br \/>OFICINA \u2013 <a href=\"tel:93 891 55 91\">93 891 55 91<\/a><br \/>MIREIA \u2013 <a href=\"tel:662 21 29 30\">662 21 29 30<\/a><br \/>MAIL \u2013 <a href=\"mailto:mireia.quintana@serra.immo\">mireia.quintana@serra.immo<\/a><\/p>","protected":false},"excerpt":{"rendered":"<p>VILAFRANCA DEL PENED\u00c8S -P\u00e0rquing per a cotxe a les Clotes Pla\u00e7a d&#039;aparcament en venda a la zona de les clotes, disposa de 12m\u00b2 per a cotxe petit-mitj\u00e0, f\u00e0cil acc\u00e9s. Vine a demanar informaci\u00f3! No dubtis en posar-te en contacte amb nosaltres.<\/p>","protected":false},"author":5,"featured_media":1194790,"parent":0,"menu_order":0,"template":"","property_type":[838],"property_status":[371],"property_feature":[],"property_label":[345],"property_state":[],"property_city":[192],"property_area":[325],"class_list":["post-1194789","property","type-property","status-publish","has-post-thumbnail","hentry","property_type-garajes","property_status-comprar","property_label-ninguno","property_city-vilafranca-del-penedes","property_area-balco-de-les-clotes"],"property_meta":{"fave_currency":["EUR"],"fave_currency_info":[""],"fave_property_price":["9300"],"fave_property_size":["12.00"],"fave_property_size_prefix":["m2"],"fave_property_land":["0"],"fave_property_land_postfix":["m2"],"fave_property_bedrooms":["0"],"fave_property_bathrooms":["0"],"fave_property_map":["1"],"fave_property_id":["6087"],"fave_property_year":["0"],"fave_property_zip":["08720"],"fave_featured":["1"],"houzez_featured_listing_date":["2026-04-23 03:01:55"],"fave_agent_display_option":["agent_info"],"fave_prop_homeslider":["no"],"fave_energy_global_index":["0"],"fave_renewable_energy_global_index":["0"],"floor_plans":[""],"fave_multi_units":[""],"additional_features":[""],"fave_agents":["1077290"],"fave_property_agency":["1214647"],"fave_property_map_address":[null],"fave_property_location":["41.350403281,1.696971471"],"houzez_geolocation_lat":["41.350403281"],"houzez_geolocation_long":["1.696971471"],"propietat_serra":["1"],"_wp_page_template":["default"],"fave_property_images":["1194790","1206881","1206882","1206883","1206884","1206885"],"_thumbnail_id":["1194790"],"rank_math_internal_links_processed":["1"],"houzez_total_property_views":["31"],"houzez_views_by_date":["a:9:{s:10:\"04-23-2026\";i:5;s:10:\"04-24-2026\";i:1;s:10:\"04-25-2026\";i:3;s:10:\"04-26-2026\";i:6;s:10:\"04-27-2026\";i:6;s:10:\"04-28-2026\";i:2;s:10:\"04-30-2026\";i:5;s:10:\"05-01-2026\";i:1;s:10:\"05-02-2026\";i:2;}"],"houzez_recently_viewed":["2026-05-02 07:47:04"],"wp-smush-lcp-data-9faceec1904279a0a946246c8573d96e":["a:6:{s:8:\"selector\";s:24:\".property-featured-image\";s:14:\"selector_xpath\";s:70:\"\/html\/body\/main\/div[1]\/div[1]\/div\/div[1]\/div\/div\/div[2]\/div\/div[1]\/img\";s:11:\"selector_id\";s:0:\"\";s:14:\"selector_class\";s:48:\"property-featured-image w-100 h-100 left-0 top-0\";s:9:\"image_url\";s:65:\"https:\/\/www.serra.immo\/wp-content\/uploads\/2024\/09\/2-1-20.jpg.webp\";s:7:\"version\";i:0;}"],"_elementor_page_assets":["a:0:{}"]},"_links":{"self":[{"href":"https:\/\/www.serra.immo\/ca\/wp-json\/wp\/v2\/properties\/1194789","targetHints":{"allow":["GET"]}}],"collection":[{"href":"https:\/\/www.serra.immo\/ca\/wp-json\/wp\/v2\/properties"}],"about":[{"href":"https:\/\/www.serra.immo\/ca\/wp-json\/wp\/v2\/types\/property"}],"author":[{"embeddable":true,"href":"https:\/\/www.serra.immo\/ca\/wp-json\/wp\/v2\/users\/5"}],"version-history":[{"count":2,"href":"https:\/\/www.serra.immo\/ca\/wp-json\/wp\/v2\/properties\/1194789\/revisions"}],"predecessor-version":[{"id":1276334,"href":"https:\/\/www.serra.immo\/ca\/wp-json\/wp\/v2\/properties\/1194789\/revisions\/1276334"}],"wp:featuredmedia":[{"embeddable":true,"href":"https:\/\/www.serra.immo\/ca\/wp-json\/wp\/v2\/media\/1194790"}],"wp:attachment":[{"href":"https:\/\/www.serra.immo\/ca\/wp-json\/wp\/v2\/media?parent=1194789"}],"wp:term":[{"taxonomy":"property_type","embeddable":true,"href":"https:\/\/www.serra.immo\/ca\/wp-json\/wp\/v2\/property_type?post=1194789"},{"taxonomy":"property_status","embeddable":true,"href":"https:\/\/www.serra.immo\/ca\/wp-json\/wp\/v2\/property_status?post=1194789"},{"taxonomy":"property_feature","embeddable":true,"href":"https:\/\/www.serra.immo\/ca\/wp-json\/wp\/v2\/property_feature?post=1194789"},{"taxonomy":"property_label","embeddable":true,"href":"https:\/\/www.serra.immo\/ca\/wp-json\/wp\/v2\/property_label?post=1194789"},{"taxonomy":"property_state","embeddable":true,"href":"https:\/\/www.serra.immo\/ca\/wp-json\/wp\/v2\/property_state?post=1194789"},{"taxonomy":"property_city","embeddable":true,"href":"https:\/\/www.serra.immo\/ca\/wp-json\/wp\/v2\/property_city?post=1194789"},{"taxonomy":"property_area","embeddable":true,"href":"https:\/\/www.serra.immo\/ca\/wp-json\/wp\/v2\/property_area?post=1194789"}],"curies":[{"name":"wp","href":"https:\/\/api.w.org\/{rel}","templated":true}]}}

Ref. 6087 – VILAFRANCA DEL PENEDÈS -Parking per a cotxe a les Clotes

<p>VILAFRANCA DEL PENEDÈS -Parking per a cotxe a les Clotes</p>
<p>Plaça daparcament en venda a la zona de les clotes, disposa de 12m² per cotxe petit-mig, fàcil accés. Vine a demanar informació!</p>
<p>No dubtis en posar-te en contacte amb nosaltres.<br />OFICINA – <a href="tel:93 891 55 91">93 891 55 91</a><br />MIREIA – <a href="tel:662 21 29 30">662 21 29 30</a><br />MAIL – <a href="mailto:mireia.quintana@serra.immo">mireia.quintana@serra.immo</a></p>

<p>VILAFRANCA DEL PENEDÈS -Pàrquing per a cotxe a les Clotes Plaça d&#039;aparcament en venda a la zona de les clotes, disposa de 12m² per a cotxe petit-mitjà, fàcil accés. Vine a demanar informació! No dubtis en posar-te en contacte amb nosaltres.</p>
